-- Table structure for table `sb_help_desk_logs_book`
--

CREATE TABLE `sb_help_desk_logs_book` (
  `hdlbk_pk_id` int(11) NOT NULL AUTO_INCREMENT,
  `hdlbk_helpdesk_id` int(11) DEFAULT NULL,
  `hdlbk_student_id` int(11) DEFAULT NULL,
  `hdlbk_type_title` varchar(100) DEFAULT NULL,
  `hdlbk_status_from` int(11) DEFAULT NULL,
  `hdlbk_status_to` int(11) DEFAULT NULL,
  `hdlbk_user_description` varchar(2000) DEFAULT NULL,
  `hdlbk_reason` varchar(1000) DEFAULT NULL,
  `hdlbk_user_id` int(11) DEFAULT NULL,
  `hdlbk_datetime` datetime DEFAULT NULL,
  PRIMARY KEY (`hdlbk_pk_id`)
) ENGINE=InnoDB AUTO_INCREMENT=232 DEFAULT CHARSET=latin1;

--
-- Dumping data for table `sb_help_desk_logs_book`
--

INSERT INTO `sb_help_desk_logs_book` VALUES (1,60,228,'re_assign',5,2,'\n					 Has requested to reassign the query from\n					 “Student Information - “ to “ODM Connect - ','',675,'2023-03-17 09:54:43'),(2,43,5761,'change_status',5,6,'Change Status from Time-Extended to Solved',NULL,772,'2023-03-17 10:11:06'),(3,70,564,'change_status',5,6,'Change Status from Time-Extended to Solved',NULL,675,'2023-03-17 11:39:20'),(4,116,2474,'change_status',5,6,'Change Status from Time-Extended to Solved',NULL,675,'2023-03-17 12:21:00'),(5,59,2226,'re_assign',5,2,'\n					 Has requested to reassign the query from\n					 “Student Information - “ to “ODM Connect - ','',675,'2023-03-17 12:21:35'),(6,65,6526,'re_assign',5,2,'\n					 Has requested to reassign the query from\n					 “Academics (VI-X) - “ to “ODM Connect - ','Dear Team \n\nKindly look into  the matter .',526,'2023-03-17 17:32:20'),(7,120,6548,'re_assign',5,2,'\n					 Has requested to reassign the query from\n					 “Academics (VI-X) - “ to “ODM Connect - ','Dear team \n\nKindly help the parent with their raised concern .',526,'2023-03-17 17:34:12'),(8,163,2474,'change_status',5,6,'Change Status from Time-Extended to Solved',NULL,363,'2023-03-17 23:14:04'),(9,159,1362,'change_status',5,6,'Change Status from Time-Extended to Solved',NULL,363,'2023-03-17 23:16:07'),(10,158,714,'change_status',5,6,'Change Status from Time-Extended to Solved',NULL,363,'2023-03-17 23:18:48'),(11,142,2450,'change_status',5,6,'Change Status from Time-Extended to Solved',NULL,363,'2023-03-17 23:23:43'),(12,140,511,'change_status',5,6,'Change Status from Time-Extended to Solved',NULL,363,'2023-03-17 23:25:57'),(13,139,511,'change_status',5,6,'Change Status from Time-Extended to Solved',NULL,363,'2023-03-17 23:26:45'),(14,108,6553,'change_status',5,6,'Change Status from Time-Extended to Solved',NULL,363,'2023-03-17 23:30:09'),(15,106,790,'change_status',5,6,'Change Status from Time-Extended to Solved',NULL,363,'2023-03-17 23:32:55'),(16,103,1554,'change_status',5,3,'Change Status from Time-Extended to In-progress',NULL,363,'2023-03-17 23:35:49'),(17,98,435,'change_status',5,6,'Change Status from Time-Extended to Solved',NULL,363,'2023-03-17 23:40:51'),(18,73,2450,'change_status',5,6,'Change Status from Time-Extended to Solved',NULL,363,'2023-03-17 23:44:40'),(19,71,310,'change_status',5,6,'Change Status from Time-Extended to Solved',NULL,363,'2023-03-17 23:45:29'),(20,60,228,'change_status',5,6,'Change Status from Time-Extended to Solved',NULL,363,'2023-03-17 23:46:49'),(21,57,280,'change_status',5,3,'Change Status from Time-Extended to In-progress',NULL,363,'2023-03-17 23:48:43'),(22,14,1030,'change_status',5,6,'Change Status from Time-Extended to Solved',NULL,363,'2023-03-17 23:50:04'),(23,39,565,'change_status',5,3,'Change Status from Time-Extended to In-progress',NULL,363,'2023-03-17 23:51:05'),(24,0,0,'change_status',0,6,'Change Status from  to Solved',NULL,363,'2023-03-17 23:51:49'),(25,0,0,'change_status',0,6,'Change Status from  to Solved',NULL,363,'2023-03-17 23:52:17'),(26,49,602,'change_status',5,3,'Change Status from Time-Extended to In-progress',NULL,363,'2023-03-17 23:52:27'),(27,53,600,'change_status',5,3,'Change Status from Time-Extended to In-progress',NULL,363,'2023-03-17 23:53:01'),(28,0,0,'change_status',0,6,'Change Status from  to Solved',NULL,363,'2023-03-17 23:53:18'),(29,137,5174,'re_assign',5,2,'\n					 Has requested to reassign the query from\n					 “Help Desk - “ to “Admissions  - ','',675,'2023-03-18 10:13:32'),(30,165,4442,'change_status',5,6,'Change Status from Time-Extended to Solved',NULL,675,'2023-03-18 10:28:53'),(31,40,3358,'change_status',5,6,'Change Status from Time-Extended to Solved',NULL,805,'2023-03-18 11:32:37'),(32,58,1221,'change_status',5,6,'Change Status from Time-Extended to Solved',NULL,805,'2023-03-18 11:34:06'),(33,61,6552,'change_status',5,6,'Change Status from Time-Extended to Solved',NULL,805,'2023-03-18 11:36:12'),(34,0,0,'reject_query',0,2,'Reject Query for Reason Noth',NULL,363,'2023-03-18 11:36:48'),(35,0,0,'reject_query',0,2,'Reject Query for Reason Nothing mentioned in the ticket.',NULL,363,'2023-03-18 11:37:08'),(36,0,0,'reject_query',0,2,'Reject Query for Reason ',NULL,363,'2023-03-18 11:38:57'),(37,62,6551,'change_status',5,6,'Change Status from Time-Extended to Solved',NULL,805,'2023-03-18 11:44:51'),(38,67,1281,'change_status',5,6,'Change Status from Time-Extended to Solved',NULL,805,'2023-03-18 11:48:47'),(39,81,1492,'change_status',5,6,'Change Status from Time-Extended to Solved',NULL,805,'2023-03-18 11:54:04'),(40,82,4447,'change_status',5,6,'Change Status from Time-Extended to Solved',NULL,805,'2023-03-18 12:26:50'),(41,133,1686,'change_status',5,6,'Change Status from Time-Extended to Solved',NULL,805,'2023-03-18 15:06:00'),(42,192,6624,'change_status',5,6,'Change Status from Time-Extended to Solved',NULL,805,'2023-03-18 15:34:26'),(43,188,2425,'change_status',5,6,'Change Status from Time-Extended to Solved',NULL,805,'2023-03-18 15:43:59'),(44,190,1073,'re_assign',5,2,'\n					 Has requested to reassign the query from\n					 “Help Desk - “ to “ID Cards/ Certificates / TC related enquiry - ','',675,'2023-03-18 16:24:42'),(45,176,5373,'re_assign',5,2,'\n					 Has requested to reassign the query from\n					 “Payment Issues - “ to “ODM Connect - ','',675,'2023-03-18 17:41:38'),(46,168,1474,'change_status',5,6,'Change Status from Time-Extended to Solved',NULL,675,'2023-03-18 17:47:04'),(47,167,6612,'change_status',5,6,'Change Status from Time-Extended to Solved',NULL,675,'2023-03-18 17:51:52'),(48,172,1741,'re_assign',5,2,'\n					 Has requested to reassign the query from\n					 “Academics (VI-X) - “ to “School Merchandise - ','Dear Team \n\nKindly do the needful !',526,'2023-03-20 07:09:58'),(49,173,2150,'re_assign',5,2,'\n					 Has requested to reassign the query from\n					 “Academics (VI-X) - “ to “School Merchandise - ','Dear team \n\nKindly aasist the parent ',526,'2023-03-20 07:11:22'),(50,222,2325,'re_assign',5,2,'\n					 Has requested to reassign the query from\n					 “Academics (VI-X) - “ to “School Merchandise - ','Dear Team \n\nKinfly assist the team!',526,'2023-03-20 07:12:03'),(51,75,2152,'re_assign',5,2,'\n					 Has requested to reassign the query from\n					 “Academics (VI-X) - “ to “School Merchandise - ','Dear team \nKindly reply to the concern !',526,'2023-03-20 07:13:39'),(52,132,1275,'change_status',5,6,'Change Status from Time-Extended to Solved',NULL,363,'2023-03-20 18:33:46'),(53,3467,2073,'re_assign',0,2,'Aman Rouniyar\n					 Has requested to reassign the query from\n					 “ - “ to “Help Desk - ','DO THE NEED FULL',587,'2023-03-20 18:34:44'),(54,266,1730,'re_assign',5,2,'\n					 Has requested to reassign the query from\n					 “Help Desk - “ to “School Merchandise - ','Kindly look into it.',675,'2023-03-21 16:38:16'),(55,263,956,'re_assign',5,2,'\n					 Has requested to reassign the query from\n					 “Help Desk - “ to “Examination - ','',675,'2023-03-21 17:00:26'),(56,260,2066,'change_status',5,6,'Change Status from Time-Extended to Solved',NULL,675,'2023-03-21 17:02:47'),(57,240,6012,'change_status',5,3,'Change Status from Time-Extended to In-progress',NULL,675,'2023-03-21 17:04:45'),(58,239,6012,'reject_query',5,2,'Reject Query for Reason Duplicate ticket of 240',NULL,675,'2023-03-21 17:05:38'),(59,238,97,'re_assign',5,2,'\n					 Has requested to reassign the query from\n					 “Student Information - “ to “Academics (I-V) - ','Kindly look into it.',675,'2023-03-21 17:09:55'),(60,214,1135,'change_status',5,3,'Change Status from Time-Extended to In-progress',NULL,675,'2023-03-21 17:16:34'),(61,207,385,'change_status',5,6,'Change Status from Time-Extended to Solved',NULL,675,'2023-03-21 17:20:51'),(62,238,97,'re_assign',5,2,'\n					 Has requested to reassign the query from\n					 “Student Information - “ to “Academics (I-V) - ','Kindly look into it.',675,'2023-03-21 17:45:00'),(63,254,3388,'re_assign',5,2,'\n					 Has requested to reassign the query from\n					 “Academics (VI-X) - “ to “School Merchandise - ','Dear Team \n\nKindly address the concern of the parents ',526,'2023-03-22 07:02:24'),(64,261,2239,'re_assign',5,2,'\n					 Has requested to reassign the query from\n					 “Academics (VI-X) - “ to “School Merchandise - ','Dear Team \n\nKindly address the concern of the team.',526,'2023-03-22 07:03:22'),(65,246,1390,'re_assign',5,2,'\n					 Has requested to reassign the query from\n					 “Academics (VI-X) - “ to “Examination - ','Dear Team \n Kindly look into the matter ',526,'2023-03-22 12:28:00'),(66,282,1390,'re_assign',5,2,'Sanghamitra Mishra\n					 Has requested to reassign the query from\n					 “Academics (VI-X) - “ to “Examination - ','Dear Sir,\nKindly Reply to the queries of the child.',526,'2023-03-22 12:35:54'),(67,288,2407,'change_status',5,6,'Change Status from Time-Extended to Solved',NULL,459,'2023-03-22 17:41:02'),(68,3529,1301,'change_status',0,3,'Change Status from  to In-progress',NULL,459,'2023-03-22 17:41:44'),(69,3529,1301,'change_status',0,7,'Change Status from  to Re-opened',NULL,459,'2023-03-22 17:41:58'),(70,276,2192,'change_status',5,6,'Change Status from Time-Extended to Solved',NULL,459,'2023-03-22 17:44:25'),(71,293,5456,'re_assign',5,2,'\n					 Has requested to reassign the query from\n					 “Help Desk - “ to “School Fees - ','',675,'2023-03-22 17:47:02'),(72,272,799,'change_status',5,6,'Change Status from Time-Extended to Solved',NULL,459,'2023-03-22 17:49:44'),(73,265,1102,'change_status',5,6,'Change Status from Time-Extended to Solved',NULL,459,'2023-03-22 18:38:03'),(74,265,1102,'change_status',6,3,'Change Status from Solved to In-progress',NULL,459,'2023-03-22 18:40:56'),(75,265,1102,'change_status',3,6,'Change Status from In-progress to Solved',NULL,459,'2023-03-22 18:41:13'),(76,263,956,'change_status',5,6,'Change Status from Time-Extended to Solved',NULL,459,'2023-03-22 18:52:02'),(77,249,763,'re_assign',5,2,'Iswar Mahali\n					 Has requested to reassign the query from\n					 “Examination - “ to “Co-Academics - ','Dear Team,\nThe parent is enquiring about SPELL BEE EXAM.\nRegards.',459,'2023-03-22 18:53:42'),(78,235,3385,'change_status',5,6,'Change Status from Time-Extended to Solved',NULL,459,'2023-03-22 18:56:26'),(79,225,951,'change_status',5,3,'Change Status from Time-Extended to In-progress',NULL,459,'2023-03-22 19:06:52'),(80,181,914,'change_status',5,3,'Change Status from Time-Extended to In-progress',NULL,459,'2023-03-22 19:11:21'),(81,170,1741,'change_status',5,6,'Change Status from Time-Extended to Solved',NULL,459,'2023-03-22 19:13:57'),(82,134,1645,'change_status',5,6,'Change Status from Time-Extended to Solved',NULL,459,'2023-03-22 19:19:15'),(83,123,2372,'change_status',5,6,'Change Status from Time-Extended to Solved',NULL,459,'2023-03-22 19:20:49'),(84,76,5293,'re_assign',5,2,'Iswar Mahali\n					 Has requested to reassign the query from\n					 “Examination - “ to “Academics (LKG-UKG) - ','Dear Team,\nKindly re-assign to the BDA team, I don\'t deal with it.\nRegards.',459,'2023-03-22 19:33:04'),(85,68,838,'reject_query',5,2,'Reject Query for Reason Dear Team,\nThe ticket is same as the ticket no. 3567 of the academic session 2022-23.\nRegards.',NULL,459,'2023-03-22 19:35:23'),(86,21,2255,'change_status',5,3,'Change Status from Time-Extended to In-progress',NULL,459,'2023-03-22 19:44:31'),(87,13,1769,'reject_query',5,2,'Reject Query for Reason Dear Team,\nThe ticket is same as the ticket no. 3538 of the academic session 2022-23.\nRegards.',NULL,459,'2023-03-22 19:54:46'),(88,4,838,'reject_query',5,2,'Reject Query for Reason Dear Team,\nThe ticket is same as 3567 of the academic session 2022-23.\nRegards.',NULL,459,'2023-03-22 19:57:44'),(89,249,763,'change_status',5,3,'Change Status from Time-Extended to In-progress',NULL,459,'2023-03-22 20:11:59'),(90,226,822,'change_status',5,3,'Change Status from Time-Extended to In-progress',NULL,459,'2023-03-22 20:12:46'),(91,288,2407,'reject_query',6,2,'Reject Query for Reason Dear Parent,\nThe ticket is same as 3464 of the academic session 2022-23.\nRegards.',NULL,459,'2023-03-22 20:16:00'),(92,265,1102,'change_status',6,3,'Change Status from Solved to In-progress',NULL,459,'2023-03-22 20:21:08'),(93,160,1089,'change_status',5,3,'Change Status from Time-Extended to In-progress',NULL,459,'2023-03-22 20:28:44'),(94,110,1196,'change_status',5,3,'Change Status from Time-Extended to In-progress',NULL,459,'2023-03-22 20:30:43'),(95,96,1206,'change_status',5,3,'Change Status from Time-Extended to In-progress',NULL,459,'2023-03-22 20:31:15'),(96,93,1102,'reject_query',5,2,'Reject Query for Reason Dear Team,\nThe ticket is same as the ticket no.\nRegards.265 ',NULL,459,'2023-03-22 20:33:10'),(97,78,3376,'change_status',5,3,'Change Status from Time-Extended to In-progress',NULL,459,'2023-03-22 20:34:44'),(98,44,1125,'change_status',5,6,'Change Status from Time-Extended to Solved',NULL,459,'2023-03-22 20:38:19'),(99,33,1051,'change_status',5,3,'Change Status from Time-Extended to In-progress',NULL,459,'2023-03-22 20:38:59'),(100,23,2415,'change_status',5,3,'Change Status from Time-Extended to In-progress',NULL,459,'2023-03-22 20:39:38'),(101,19,2272,'change_status',5,6,'Change Status from Time-Extended to Solved',NULL,459,'2023-03-22 20:41:40'),(102,18,2179,'change_status',5,6,'Change Status from Time-Extended to Solved',NULL,459,'2023-03-22 20:42:50'),(103,8,5128,'change_status',5,6,'Change Status from Time-Extended to Solved',NULL,459,'2023-03-22 20:45:51'),(104,4,838,'change_status',2,3,'Change Status from Pending to In-progress',NULL,459,'2023-03-22 20:46:46'),(105,2,1157,'change_status',5,3,'Change Status from Time-Extended to In-progress',NULL,459,'2023-03-22 20:49:37'),(106,299,409,'change_status',5,3,'Change Status from Time-Extended to In-progress',NULL,459,'2023-03-22 20:51:48'),(107,214,1135,'change_status',3,6,'Change Status from In-progress to Solved',NULL,675,'2023-03-23 08:29:14'),(108,240,6012,'change_status',3,6,'Change Status from In-progress to Solved',NULL,675,'2023-03-23 08:33:09'),(109,238,97,'re_assign',5,2,'\n					 Has requested to reassign the query from\n					 “Student Information - “ to “Academics (I-V) - ','',675,'2023-03-23 08:54:18'),(110,277,5378,'re_assign',5,2,'\n					 Has requested to reassign the query from\n					 “Payment Issues - “ to “ODM Connect - ','Please look into it',675,'2023-03-23 09:12:29'),(111,283,170,'re_assign',5,2,'Aman Rouniyar\n					 Has requested to reassign the query from\n					 “Appointment Request - “ to “Academics (I-V) - ','Issue regarding section.please see to this.',363,'2023-03-23 12:21:00'),(112,284,672,'change_status',5,6,'Change Status from Time-Extended to Solved',NULL,363,'2023-03-23 12:31:30'),(113,291,6590,'re_assign',5,2,'\n					 Has requested to reassign the query from\n					 “Student Information - “ to “Academics (LKG-UKG) - ','Please look into it ',675,'2023-03-23 12:32:15'),(114,246,1390,'change_status',5,6,'Change Status from Time-Extended to Solved',NULL,459,'2023-03-23 12:38:37'),(115,295,571,'re_assign',5,2,'\n					 Has requested to reassign the query from\n					 “Help Desk - “ to “School Merchandise - ','Please look into it.',675,'2023-03-23 12:39:19'),(116,282,1390,'reject_query',5,2,'Reject Query for Reason Dear Team,\nThe ticket no. is same as the ticket no. \n246.\nRegards.',NULL,459,'2023-03-23 12:39:41'),(117,282,1390,'change_status',2,6,'Change Status from Pending to Solved',NULL,459,'2023-03-23 12:39:49'),(118,302,1032,'change_status',5,6,'Change Status from Time-Extended to Solved',NULL,459,'2023-03-23 12:45:47'),(119,297,428,'change_status',5,6,'Change Status from Time-Extended to Solved',NULL,675,'2023-03-23 12:48:28'),(120,308,5286,'change_status',5,3,'Change Status from Time-Extended to In-progress',NULL,675,'2023-03-23 13:45:45'),(121,299,409,'change_status',3,6,'Change Status from In-progress to Solved',NULL,459,'2023-03-23 17:29:25'),(122,272,799,'change_status',6,7,'Change Status from Solved to Re-opened',NULL,459,'2023-03-23 17:30:28'),(123,313,377,'re_assign',5,2,'Aman Rouniyar\n					 Has requested to reassign the query from\n					 “Help Desk - “ to “Admissions  - ','',363,'2023-03-23 17:32:21'),(124,312,377,'re_assign',5,2,'Aman Rouniyar\n					 Has requested to reassign the query from\n					 “Help Desk - “ to “Admissions  - ','',363,'2023-03-23 17:32:45'),(125,311,2156,'re_assign',5,2,'Aman Rouniyar\n					 Has requested to reassign the query from\n					 “School Transport - “ to “School Transport - ','',363,'2023-03-23 17:33:06'),(126,272,799,'change_status',7,6,'Change Status from Re-opened to Solved',NULL,459,'2023-03-23 17:34:34'),(127,226,822,'change_status',3,6,'Change Status from In-progress to Solved',NULL,459,'2023-03-23 17:37:48'),(128,299,409,'change_status',6,7,'Change Status from Solved to Re-opened',NULL,459,'2023-03-23 17:38:28'),(129,299,409,'change_status',7,6,'Change Status from Re-opened to Solved',NULL,459,'2023-03-23 17:39:21'),(130,181,914,'change_status',3,6,'Change Status from In-progress to Solved',NULL,459,'2023-03-23 17:40:12'),(131,181,914,'change_status',6,7,'Change Status from Solved to Re-opened',NULL,459,'2023-03-23 17:40:33'),(132,181,914,'change_status',7,6,'Change Status from Re-opened to Solved',NULL,459,'2023-03-23 17:42:27'),(133,263,956,'change_status',6,7,'Change Status from Solved to Re-opened',NULL,459,'2023-03-23 17:42:54'),(134,263,956,'change_status',7,6,'Change Status from Re-opened to Solved',NULL,459,'2023-03-23 17:44:40'),(135,225,951,'change_status',3,6,'Change Status from In-progress to Solved',NULL,459,'2023-03-23 17:45:56'),(136,78,3376,'change_status',3,6,'Change Status from In-progress to Solved',NULL,459,'2023-03-23 17:46:41'),(137,33,1051,'change_status',3,6,'Change Status from In-progress to Solved',NULL,459,'2023-03-23 17:47:22'),(138,265,1102,'change_status',3,6,'Change Status from In-progress to Solved',NULL,459,'2023-03-23 17:47:59'),(139,160,1089,'change_status',3,6,'Change Status from In-progress to Solved',NULL,459,'2023-03-23 17:48:41'),(140,110,1196,'change_status',3,6,'Change Status from In-progress to Solved',NULL,459,'2023-03-23 17:49:24'),(141,96,1206,'change_status',3,6,'Change Status from In-progress to Solved',NULL,459,'2023-03-23 17:49:49'),(142,2,1157,'change_status',3,6,'Change Status from In-progress to Solved',NULL,459,'2023-03-23 17:51:02'),(143,305,1679,'change_status',5,6,'Change Status from Time-Extended to Solved',NULL,459,'2023-03-23 18:01:30'),(144,304,3404,'change_status',5,6,'Change Status from Time-Extended to Solved',NULL,459,'2023-03-23 18:02:06'),(145,301,1601,'change_status',5,6,'Change Status from Time-Extended to Solved',NULL,459,'2023-03-23 18:02:39'),(146,317,6340,'change_status',5,6,'Change Status from Time-Extended to Solved',NULL,677,'2023-03-24 10:02:46'),(147,295,571,'change_status',5,6,'Change Status from Time-Extended to Solved',NULL,677,'2023-03-24 10:09:43'),(148,287,661,'change_status',5,6,'Change Status from Time-Extended to Solved',NULL,677,'2023-03-24 10:12:52'),(149,279,779,'change_status',5,6,'Change Status from Time-Extended to Solved',NULL,677,'2023-03-24 10:14:57'),(150,266,1730,'change_status',5,6,'Change Status from Time-Extended to Solved',NULL,677,'2023-03-24 10:16:59'),(151,261,2239,'change_status',5,6,'Change Status from Time-Extended to Solved',NULL,677,'2023-03-24 10:20:06'),(152,254,3388,'change_status',5,6,'Change Status from Time-Extended to Solved',NULL,677,'2023-03-24 10:24:46'),(153,247,46,'change_status',5,6,'Change Status from Time-Extended to Solved',NULL,677,'2023-03-24 10:28:41'),(154,229,1748,'change_status',5,6,'Change Status from Time-Extended to Solved',NULL,677,'2023-03-24 10:30:14'),(155,222,2325,'change_status',5,6,'Change Status from Time-Extended to Solved',NULL,677,'2023-03-24 10:32:43'),(156,173,2150,'re_assign',5,2,'Tripura Dalai\n					 Has requested to reassign the query from\n					 “School Merchandise - “ to “Academics (VI-X) - ','',677,'2023-03-24 10:34:19'),(157,172,1741,'re_assign',5,2,'Tripura Dalai\n					 Has requested to reassign the query from\n					 “School Merchandise - “ to “Help Desk - ','',677,'2023-03-24 10:36:05'),(158,79,6552,'re_assign',5,2,'Tripura Dalai\n					 Has requested to reassign the query from\n					 “School Merchandise - “ to “Help Desk - ','',677,'2023-03-24 10:36:35'),(159,75,2152,'re_assign',5,2,'Tripura Dalai\n					 Has requested to reassign the query from\n					 “School Merchandise - “ to “Help Desk - ','',677,'2023-03-24 10:37:25'),(160,55,6411,'change_status',5,6,'Change Status from Time-Extended to Solved',NULL,677,'2023-03-24 10:42:20'),(161,249,763,'change_status',3,6,'Change Status from In-progress to Solved',NULL,555,'2023-03-24 11:33:39'),(162,283,170,'re_assign',5,2,'\n					 Has requested to reassign the query from\n					 “Academics (I-V) - “ to “Admissions  - ','Kindly connect the parents and do the needful.',593,'2023-03-24 12:42:47'),(163,310,433,'re_assign',5,2,'\n					 Has requested to reassign the query from\n					 “Academics (I-V) - “ to “School Merchandise - ','Kindly do the needful.',593,'2023-03-24 12:43:34'),(164,294,196,'change_status',5,6,'Change Status from Time-Extended to Solved',NULL,593,'2023-03-24 12:45:09'),(165,244,5344,'re_assign',5,2,'\n					 Has requested to reassign the query from\n					 “Academics (I-V) - “ to “School Merchandise - ','Kindly do the needful.',593,'2023-03-24 12:45:49'),(166,281,2473,'re_assign',5,2,'Sanghamitra Mishra\n					 Has requested to reassign the query from\n					 “Academics (VI-X) - “ to “School Merchandise - ','Dear Team\n\nKindly look into the matter.',526,'2023-03-24 12:47:04'),(167,238,97,'change_status',5,6,'Change Status from Time-Extended to Solved',NULL,593,'2023-03-24 12:47:47'),(168,314,2413,'change_status',5,3,'Change Status from Time-Extended to In-progress',NULL,526,'2023-03-24 12:48:50'),(169,237,1112,'re_assign',5,2,'\n					 Has requested to reassign the query from\n					 “Academics (I-V) - “ to “Examination - ','Kindly do the needful.',593,'2023-03-24 12:48:53'),(170,218,796,'re_assign',5,2,'\n					 Has requested to reassign the query from\n					 “Academics (I-V) - “ to “School Merchandise - ','Kindly do the needful.',593,'2023-03-24 12:50:02'),(171,187,364,'re_assign',5,2,'\n					 Has requested to reassign the query from\n					 “Academics (I-V) - “ to “Examination - ','Kindly do the needful.',593,'2023-03-24 12:50:57'),(172,124,5269,'change_status',5,6,'Change Status from Time-Extended to Solved',NULL,593,'2023-03-24 12:54:24'),(173,36,35,'re_assign',5,2,'\n					 Has requested to reassign the query from\n					 “Academics (I-V) - “ to “School Merchandise - ','Kindly do the needful.',593,'2023-03-24 12:56:56'),(174,89,58,'change_status',5,6,'Change Status from Time-Extended to Solved',NULL,593,'2023-03-24 13:08:21'),(175,88,58,'change_status',5,6,'Change Status from Time-Extended to Solved',NULL,593,'2023-03-24 13:09:13'),(176,15,1331,'change_status',5,6,'Change Status from Time-Extended to Solved',NULL,564,'2023-03-24 13:35:43'),(177,22,5406,'re_assign',5,2,'Premandanda Dash\n					 Has requested to reassign the query from\n					 “ID Cards/ Certificates / TC related enquiry - “ to “Admissions  - ','please check it. ',564,'2023-03-24 13:38:05'),(178,128,1331,'change_status',5,6,'Change Status from Time-Extended to Solved',NULL,564,'2023-03-24 13:38:20'),(179,149,5444,'re_assign',5,2,'Premandanda Dash\n					 Has requested to reassign the query from\n					 “ID Cards/ Certificates / TC related enquiry - “ to “Help Desk - ','please sir check it',564,'2023-03-24 13:38:51'),(180,0,0,'change_status',0,6,'Change Status from  to Solved',NULL,564,'2023-03-24 13:40:49'),(181,190,1073,'change_status',5,6,'Change Status from Time-Extended to Solved',NULL,564,'2023-03-24 13:46:33'),(182,220,536,'change_status',5,6,'Change Status from Time-Extended to Solved',NULL,564,'2023-03-24 13:47:54'),(183,0,0,'change_status',0,6,'Change Status from  to Solved',NULL,564,'2023-03-24 13:48:25'),(184,149,5444,'re_assign',5,2,'Premandanda Dash\n					 Has requested to reassign the query from\n					 “ID Cards/ Certificates / TC related enquiry - “ to “Help Desk - ','please sir check it.',564,'2023-03-24 13:49:04'),(185,143,3368,'re_assign',5,2,'Premandanda Dash\n					 Has requested to reassign the query from\n					 “ID Cards/ Certificates / TC related enquiry - “ to “Help Desk - ','please sir check it.',564,'2023-03-24 13:49:44'),(186,0,0,'change_status',0,6,'Change Status from  to Solved',NULL,564,'2023-03-24 13:49:56'),(187,0,0,'change_status',0,6,'Change Status from  to Solved',NULL,564,'2023-03-24 13:50:40'),(188,308,5286,'change_status',3,6,'Change Status from In-progress to Solved',NULL,675,'2023-03-24 15:12:44'),(189,318,891,'re_assign',5,2,'\n					 Has requested to reassign the query from\n					 “Help Desk - “ to “Examination - ','',675,'2023-03-24 15:13:07'),(190,320,1003,'change_status',5,6,'Change Status from Time-Extended to Solved',NULL,675,'2023-03-24 15:17:08'),(191,143,3368,'change_status',5,3,'Change Status from Time-Extended to In-progress',NULL,363,'2023-03-24 15:49:47'),(192,149,5444,'change_status',5,3,'Change Status from Time-Extended to In-progress',NULL,363,'2023-03-24 15:53:04'),(193,79,6552,'change_status',5,6,'Change Status from Time-Extended to Solved',NULL,363,'2023-03-24 16:00:19'),(194,314,2413,'extend_timeline',3,2,'\n					  Has requested to extend the timeline from 2023-03-27 to 05:30 AM','Discuss with VP ma\'am.',526,'2023-03-24 19:35:27'),(195,337,235,'change_status',5,3,'Change Status from Time-Extended to In-progress',NULL,363,'2023-03-25 09:26:06'),(196,333,5304,'re_assign',5,2,'Tripura Dalai\n					 Has requested to reassign the query from\n					 “School Merchandise - “ to “Help Desk - ','',677,'2023-03-25 10:03:23'),(197,338,213,'change_status',5,6,'Change Status from Time-Extended to Solved',NULL,593,'2023-03-25 11:16:16'),(198,339,1575,'change_status',5,6,'Change Status from Time-Extended to Solved',NULL,363,'2023-03-25 11:18:33'),(199,337,235,'change_status',3,6,'Change Status from In-progress to Solved',NULL,593,'2023-03-25 11:19:04'),(200,340,6578,'change_status',5,6,'Change Status from Time-Extended to Solved',NULL,593,'2023-03-25 11:33:10'),(201,334,1018,'change_status',5,3,'Change Status from Time-Extended to In-progress',NULL,459,'2023-03-25 13:08:12'),(202,326,1051,'change_status',5,3,'Change Status from Time-Extended to In-progress',NULL,459,'2023-03-25 13:17:10'),(203,324,3462,'change_status',5,3,'Change Status from Time-Extended to In-progress',NULL,459,'2023-03-25 13:23:09'),(204,323,750,'change_status',5,3,'Change Status from Time-Extended to In-progress',NULL,459,'2023-03-25 13:25:15'),(205,318,891,'change_status',5,3,'Change Status from Time-Extended to In-progress',NULL,459,'2023-03-25 13:27:45'),(206,316,1018,'change_status',5,3,'Change Status from Time-Extended to In-progress',NULL,459,'2023-03-25 13:29:06'),(207,341,493,'change_status',5,6,'Change Status from Time-Extended to Solved',NULL,593,'2023-03-25 16:03:14'),(208,343,6578,'change_status',5,6,'Change Status from Time-Extended to Solved',NULL,593,'2023-03-25 16:04:18'),(209,333,5304,'change_status',5,3,'Change Status from Time-Extended to In-progress',NULL,675,'2023-03-25 17:35:18'),(210,342,2375,'change_status',5,3,'Change Status from Time-Extended to In-progress',NULL,363,'2023-03-25 17:37:32'),(211,344,1259,'change_status',5,6,'Change Status from Time-Extended to Solved',NULL,363,'2023-03-25 17:39:19'),(212,173,2150,'re_assign',5,2,'\n					 Has requested to reassign the query from\n					 “Academics (VI-X) - “ to “School Merchandise - ','Kindly look into the matter, as requested.',526,'2023-03-26 05:48:17'),(213,346,5527,'re_assign',5,2,'\n					 Has requested to reassign the query from\n					 “Academics (I-V) - “ to “Examination - ','Kindly look into the matter.',593,'2023-03-27 08:11:36'),(214,356,6606,'change_status',5,6,'Change Status from Time-Extended to Solved',NULL,593,'2023-03-27 08:14:11'),(215,358,2475,'change_status',5,3,'Change Status from Time-Extended to In-progress',NULL,363,'2023-03-27 10:04:46'),(216,357,5360,'re_assign',5,2,'Aman Rouniyar\n					 Has requested to reassign the query from\n					 “Student Information - “ to “Academics (VI-X) - ','Student wants to add name in 7th DB whatsApp group. Her name is still in scholar group.',363,'2023-03-27 10:16:22'),(217,352,1426,'reject_query',5,2,'Reject Query for Reason DUPLICATE TICKET',NULL,363,'2023-03-27 10:43:36'),(218,352,1426,'reject_query',2,2,'Reject Query for Reason DUPLICATE TICKET',NULL,363,'2023-03-27 10:43:57'),(219,310,433,'change_status',5,6,'Change Status from Time-Extended to Solved',NULL,677,'2023-03-27 10:52:19'),(220,281,2473,'change_status',5,6,'Change Status from Time-Extended to Solved',NULL,677,'2023-03-27 10:54:32'),(221,244,5344,'change_status',5,6,'Change Status from Time-Extended to Solved',NULL,677,'2023-03-27 11:00:31'),(222,218,796,'change_status',5,6,'Change Status from Time-Extended to Solved',NULL,677,'2023-03-27 11:03:46'),(223,173,2150,'re_assign',5,2,'Tripura Dalai\n					 Has requested to reassign the query from\n					 “School Merchandise - “ to “Help Desk - ','',677,'2023-03-27 11:04:30'),(224,172,1741,'change_status',5,6,'Change Status from Time-Extended to Solved',NULL,677,'2023-03-27 11:12:40'),(225,0,0,'re_assign',0,2,'Tripura Dalai\n					 Has requested to reassign the query from\n					 “ - “ to “Help Desk - ','',677,'2023-03-27 11:23:26'),(226,143,3368,'change_status',3,6,'Change Status from In-progress to Solved',NULL,675,'2023-03-27 11:51:56'),(227,36,35,'change_status',5,6,'Change Status from Time-Extended to Solved',NULL,677,'2023-03-27 12:02:07'),(228,75,2152,'change_status',5,3,'Change Status from Time-Extended to In-progress',NULL,677,'2023-03-27 12:02:45'),(229,149,5444,'change_status',3,6,'Change Status from In-progress to Solved',NULL,363,'2023-03-27 12:20:06'),(230,333,5304,'change_status',3,6,'Change Status from In-progress to Solved',NULL,675,'2023-03-27 15:53:03'),(231,363,1426,'change_status',5,3,'Change Status from Time-Extended to In-progress',NULL,363,'2023-03-27 17:57:26');

--
-- Table structure for table `sb_help_desk_priority`
--

CREATE TABLE `sb_help_desk_priority` (
  `ticket_priority_pk_id` int(11) NOT NULL,
  `ticket_priority_name` varchar(45) DEFAULT NULL,
  `ticket_status` int(11) DEFAULT '1',
  `datetime` datetime DEFAULT CURRENT_TIMESTAMP,
  PRIMARY KEY (`ticket_priority_pk_id`)
) ENGINE=InnoDB DEFAULT CHARSET=latin1;

--
-- Dumping data for table `sb_help_desk_priority`
--


--
-- Table structure for table `sb_help_desk_raise_table_custom_fields`
--

CREATE TABLE `sb_help_desk_raise_table_custom_fields` (
  `raise_custom_fields_pk_id` int(11) NOT NULL AUTO_INCREMENT,
  `raise_custom_fields_user_id` int(11) DEFAULT NULL,
  `raise_custom_fields_columns` longtext,
  PRIMARY KEY (`raise_custom_fields_pk_id`)
) ENGINE=InnoDB AUTO_INCREMENT=23 DEFAULT CHARSET=latin1;

--
-- Dumping data for table `sb_help_desk_raise_table_custom_fields`
--

INSERT INTO `sb_help_desk_raise_table_custom_fields` VALUES (13,667,'{\"ticket_id\":0,\"task_status\":1,\"due_datetime\":2,\"team_chat\":3,\"category\":4,\"description\":5,\"time_required_to_solved\":6}'),(14,363,'{\"ticket_id\":0,\"task_status\":1,\"due_datetime\":2,\"name_category\":3,\"rating\":4,\"time_taken_to_solve\":5,\"time_required_to_solved\":6,\"delayed_by\":7,\"sub-category\":8,\"category\":9,\"last_responded_on\":10,\"name_sub_category\":11,\"description\":12,\"time_status\":13,\"attachments\":14,\"student_chat\":15,\"team_chat\":16,\"rasied_on\":17,\"solved_datetime\":18}'),(15,1,'{\"ticket_id\":0,\"task_status\":1,\"due_datetime\":2,\"time_status\":3,\"attachments\":4,\"sub-category\":5,\"student_chat\":6,\"team_chat\":7,\"rasied_on\":8,\"name_category\":9,\"time_taken_to_solve\":10,\"delayed_by\":11,\"name_sub_category\":12}'),(16,555,'{\"ticket_id\":0,\"task_status\":1,\"due_datetime\":2,\"time_status\":3,\"sub-category\":4,\"name_sub_category\":5,\"description\":6,\"attachments\":7,\"student_chat\":8,\"team_chat\":9}'),(17,688,'{\"ticket_id\":0,\"task_status\":1,\"due_datetime\":2,\"team_chat\":3,\"rating\":4,\"description\":5,\"attachments\":6,\"delayed_by\":7,\"name_sub_category\":8,\"student_chat\":9,\"time_status\":10,\"sub-category\":11,\"rasied_on\":12}'),(18,708,'{\"ticket_id\":0,\"task_status\":1,\"due_datetime\":2,\"time_status\":3,\"last_responded_on\":4,\"rating\":5,\"name_sub_category\":6,\"delayed_by\":7,\"time_taken_to_solve\":8,\"student_chat\":9,\"solved_datetime\":10,\"rasied_on\":11,\"time_required_to_solved\":12,\"description\":13,\"name_category\":14,\"sub-category\":15,\"team_chat\":16,\"category\":17,\"attachments\":18}'),(19,805,'{\"ticket_id\":0,\"task_status\":1,\"due_datetime\":2,\"name_sub_category\":3,\"student_chat\":4,\"time_status\":5,\"team_chat\":6,\"description\":7,\"category\":8,\"name_category\":9,\"rasied_on\":10,\"attachments\":11,\"sub-category\":12}'),(20,541,'{\"ticket_id\":0,\"task_status\":1,\"due_datetime\":2,\"category\":3,\"sub-category\":4,\"time_status\":5,\"attachments\":6,\"description\":7}'),(21,676,'{\"ticket_id\":0,\"task_status\":1,\"due_datetime\":2,\"student_chat\":3,\"team_chat\":4,\"rasied_on\":5,\"time_status\":6,\"solved_datetime\":7,\"delayed_by\":8,\"sub-category\":9,\"name_sub_category\":10,\"description\":11,\"attachments\":12}'),(22,707,'{\"ticket_id\":0,\"task_status\":1,\"due_datetime\":2}');

--
-- Table structure for table `sb_help_desk_request_action_history`
--

CREATE TABLE `sb_help_desk_request_action_history` (
  `request_action_pkid` int(11) NOT NULL AUTO_INCREMENT,
  `hds_student_fk_id` int(11) DEFAULT '0',
  `hds_request_type` int(11) DEFAULT NULL,
  `hds_requested_by` int(11) DEFAULT NULL,
  `hds_requested_reason` varchar(45) DEFAULT NULL,
  `hds_requested_datetime` datetime DEFAULT NULL,
  `hds_request_action_by` int(11) DEFAULT NULL,
  `hds_request_reject_reason` varchar(45) DEFAULT NULL,
  `hds_request_action_datetime` datetime DEFAULT NULL,
  `hds_request_status` int(11) DEFAULT '2',
  `hds_extend_date_tobe_extend` date DEFAULT NULL,
  `hds_extend_time_tobe_extend` time DEFAULT NULL,
  PRIMARY KEY (`request_action_pkid`)
) ENGINE=InnoDB AUTO_INCREMENT=126 DEFAULT CHARSET=latin1;

--
-- Dumping data for table `sb_help_desk_request_action_history`
--

INSERT INTO `sb_help_desk_request_action_history` VALUES (1,60,4,675,'','2023-03-17 09:54:40',NULL,NULL,NULL,2,NULL,NULL),(2,60,4,NULL,NULL,NULL,363,'NA','2023-03-17 10:02:06',9,NULL,NULL),(3,59,4,675,'','2023-03-17 12:21:33',NULL,NULL,NULL,2,NULL,NULL),(4,65,4,526,'Dear Team \n\nKindly look into  the matter .','2023-03-17 17:32:18',NULL,NULL,NULL,2,NULL,NULL),(5,120,4,526,'Dear team \n\nKindly help the parent with their','2023-03-17 17:34:10',NULL,NULL,NULL,2,NULL,NULL),(6,120,4,NULL,NULL,NULL,363,'NA','2023-03-18 09:35:46',9,NULL,NULL),(7,65,4,NULL,NULL,NULL,363,'NA','2023-03-18 09:36:22',9,NULL,NULL),(8,59,4,NULL,NULL,NULL,363,'NA','2023-03-18 09:38:36',9,NULL,NULL),(9,137,4,675,'','2023-03-18 10:13:30',NULL,NULL,NULL,2,NULL,NULL),(10,137,4,NULL,NULL,NULL,363,'NA','2023-03-18 10:14:34',9,NULL,NULL),(11,0,2,363,'Noth','2023-03-18 11:36:46',NULL,NULL,NULL,2,NULL,NULL),(12,0,2,363,'Nothing mentioned in the ticket.','2023-03-18 11:37:06',NULL,NULL,NULL,2,NULL,NULL),(13,0,2,363,'','2023-03-18 11:38:55',NULL,NULL,NULL,2,NULL,NULL),(14,190,4,675,'','2023-03-18 16:24:40',NULL,NULL,NULL,2,NULL,NULL),(15,190,4,NULL,NULL,NULL,363,'NA','2023-03-18 16:25:22',9,NULL,NULL),(16,176,4,675,'','2023-03-18 17:41:36',NULL,NULL,NULL,2,NULL,NULL),(17,176,4,NULL,NULL,NULL,363,'NA','2023-03-18 17:41:56',9,NULL,NULL),(18,172,4,526,'Dear Team \n\nKindly do the needful !','2023-03-20 07:09:55',NULL,NULL,NULL,2,NULL,NULL),(19,173,4,526,'Dear team \n\nKindly aasist the parent ','2023-03-20 07:11:20',NULL,NULL,NULL,2,NULL,NULL),(20,222,4,526,'Dear Team \n\nKinfly assist the team!','2023-03-20 07:12:01',NULL,NULL,NULL,2,NULL,NULL),(21,75,4,526,'Dear team \nKindly reply to the concern !','2023-03-20 07:13:36',NULL,NULL,NULL,2,NULL,NULL),(22,3467,4,587,'DO THE NEED FULL','2023-03-20 18:34:42',NULL,NULL,NULL,2,NULL,NULL),(23,266,4,675,'Kindly look into it.','2023-03-21 16:38:14',NULL,NULL,NULL,2,NULL,NULL),(24,266,4,NULL,NULL,NULL,363,'NA','2023-03-21 16:41:56',9,NULL,NULL),(25,222,4,NULL,NULL,NULL,363,'NA','2023-03-21 16:43:45',9,NULL,NULL),(26,173,4,NULL,NULL,NULL,363,'NA','2023-03-21 16:45:11',9,NULL,NULL),(27,172,4,NULL,NULL,NULL,363,'NA','2023-03-21 16:46:48',9,NULL,NULL),(28,75,4,NULL,NULL,NULL,363,'NA','2023-03-21 16:58:38',9,NULL,NULL),(29,263,4,675,'','2023-03-21 17:00:24',NULL,NULL,NULL,2,NULL,NULL),(30,239,2,675,'Duplicate ticket of 240','2023-03-21 17:05:36',NULL,NULL,NULL,2,NULL,NULL),(31,238,4,675,'Kindly look into it.','2023-03-21 17:09:53',NULL,NULL,NULL,2,NULL,NULL),(32,263,4,NULL,NULL,NULL,363,'NA','2023-03-21 17:22:00',9,NULL,NULL),(33,239,2,NULL,NULL,NULL,363,'Na','2023-03-21 17:22:34',9,NULL,NULL),(34,238,4,675,'Kindly look into it.','2023-03-21 17:44:58',NULL,NULL,NULL,2,NULL,NULL),(35,254,4,526,'Dear Team \n\nKindly address the concern of the','2023-03-22 07:02:22',NULL,NULL,NULL,2,NULL,NULL),(36,261,4,526,'Dear Team \n\nKindly address the concern of the','2023-03-22 07:03:20',NULL,NULL,NULL,2,NULL,NULL),(37,246,4,526,'Dear Team \n Kindly look into the matter ','2023-03-22 12:27:58',NULL,NULL,NULL,2,NULL,NULL),(38,282,4,526,'Dear Sir,\nKindly Reply to the queries of the ','2023-03-22 12:35:52',NULL,NULL,NULL,2,NULL,NULL),(39,293,4,675,'','2023-03-22 17:47:00',NULL,NULL,NULL,2,NULL,NULL),(40,249,4,459,'Dear Team,\nThe parent is enquiring about SPEL','2023-03-22 18:53:39',NULL,NULL,NULL,2,NULL,NULL),(41,76,4,459,'Dear Team,\nKindly re-assign to the BDA team, ','2023-03-22 19:33:02',NULL,NULL,NULL,2,NULL,NULL),(42,68,2,459,'Dear Team,\nThe ticket is same as the ticket n','2023-03-22 19:35:21',NULL,NULL,NULL,2,NULL,NULL),(43,13,2,459,'Dear Team,\nThe ticket is same as the ticket n','2023-03-22 19:54:44',NULL,NULL,NULL,2,NULL,NULL),(44,4,2,459,'Dear Team,\nThe ticket is same as 3567 of the ','2023-03-22 19:57:42',NULL,NULL,NULL,2,NULL,NULL),(45,288,2,459,'Dear Parent,\nThe ticket is same as 3464 of th','2023-03-22 20:15:58',NULL,NULL,NULL,2,NULL,NULL),(46,93,2,459,'Dear Team,\nThe ticket is same as the ticket n','2023-03-22 20:33:08',NULL,NULL,NULL,2,NULL,NULL),(47,238,4,675,'','2023-03-23 08:54:16',NULL,NULL,NULL,2,NULL,NULL),(48,277,4,675,'Please look into it','2023-03-23 09:12:27',NULL,NULL,NULL,2,NULL,NULL),(49,293,4,NULL,NULL,NULL,363,'NA','2023-03-23 09:14:41',9,NULL,NULL),(50,288,2,NULL,NULL,NULL,363,'Na','2023-03-23 09:15:23',9,NULL,NULL),(51,282,4,NULL,NULL,NULL,363,'NA','2023-03-23 09:16:07',9,NULL,NULL),(52,277,4,NULL,NULL,NULL,363,'NA','2023-03-23 09:16:48',9,NULL,NULL),(53,261,4,NULL,NULL,NULL,363,'NA','2023-03-23 09:17:28',9,NULL,NULL),(54,254,4,NULL,NULL,NULL,363,'NA','2023-03-23 09:18:44',9,NULL,NULL),(55,249,4,NULL,NULL,NULL,363,'NA','2023-03-23 09:20:35',9,NULL,NULL),(56,246,4,NULL,NULL,NULL,363,'NA','2023-03-23 09:25:44',9,NULL,NULL),(57,238,4,NULL,NULL,NULL,363,'NA','2023-03-23 09:26:52',9,NULL,NULL),(58,93,2,NULL,NULL,NULL,363,'Na','2023-03-23 09:27:51',9,NULL,NULL),(59,76,4,NULL,NULL,NULL,363,'NA','2023-03-23 10:12:23',9,NULL,NULL),(60,68,2,NULL,NULL,NULL,363,'Na','2023-03-23 10:13:15',9,NULL,NULL),(61,13,2,NULL,NULL,NULL,363,'Na','2023-03-23 10:14:00',9,NULL,NULL),(62,4,2,NULL,NULL,NULL,363,'Na','2023-03-23 10:14:25',9,NULL,NULL),(63,283,4,363,'Issue regarding section.please see to this.','2023-03-23 12:20:58',NULL,NULL,NULL,2,NULL,NULL),(64,283,4,NULL,NULL,NULL,363,'NA','2023-03-23 12:21:38',9,NULL,NULL),(65,291,4,675,'Please look into it ','2023-03-23 12:32:13',NULL,NULL,NULL,2,NULL,NULL),(66,291,4,NULL,NULL,NULL,363,'NA','2023-03-23 12:33:33',9,NULL,NULL),(67,295,4,675,'Please look into it.','2023-03-23 12:39:17',NULL,NULL,NULL,2,NULL,NULL),(68,282,2,459,'Dear Team,\nThe ticket no. is same as the tick','2023-03-23 12:39:39',NULL,NULL,NULL,2,NULL,NULL),(69,295,4,NULL,NULL,NULL,363,'NA','2023-03-23 12:42:47',9,NULL,NULL),(70,282,2,NULL,NULL,NULL,363,'Na','2023-03-23 12:44:14',9,NULL,NULL),(71,313,4,363,'','2023-03-23 17:32:19',NULL,NULL,NULL,2,NULL,NULL),(72,312,4,363,'','2023-03-23 17:32:43',NULL,NULL,NULL,2,NULL,NULL),(73,311,4,363,'','2023-03-23 17:33:04',NULL,NULL,NULL,2,NULL,NULL),(74,313,4,NULL,NULL,NULL,363,'NA','2023-03-24 10:12:42',9,NULL,NULL),(75,312,4,NULL,NULL,NULL,363,'NA','2023-03-24 10:13:27',9,NULL,NULL),(76,311,4,NULL,NULL,NULL,363,'NA','2023-03-24 10:14:25',9,NULL,NULL),(77,173,4,677,'','2023-03-24 10:34:17',NULL,NULL,NULL,2,NULL,NULL),(78,172,4,677,'','2023-03-24 10:36:03',NULL,NULL,NULL,2,NULL,NULL),(79,79,4,677,'','2023-03-24 10:36:33',NULL,NULL,NULL,2,NULL,NULL),(80,75,4,677,'','2023-03-24 10:37:23',NULL,NULL,NULL,2,NULL,NULL),(81,283,4,593,'Kindly connect the parents and do the needful','2023-03-24 12:42:45',NULL,NULL,NULL,2,NULL,NULL),(82,310,4,593,'Kindly do the needful.','2023-03-24 12:43:32',NULL,NULL,NULL,2,NULL,NULL),(83,244,4,593,'Kindly do the needful.','2023-03-24 12:45:46',NULL,NULL,NULL,2,NULL,NULL),(84,281,4,526,'Dear Team\n\nKindly look into the matter.','2023-03-24 12:47:01',NULL,NULL,NULL,2,NULL,NULL),(85,237,4,593,'Kindly do the needful.','2023-03-24 12:48:51',NULL,NULL,NULL,2,NULL,NULL),(86,218,4,593,'Kindly do the needful.','2023-03-24 12:50:00',NULL,NULL,NULL,2,NULL,NULL),(87,187,4,593,'Kindly do the needful.','2023-03-24 12:50:55',NULL,NULL,NULL,2,NULL,NULL),(88,36,4,593,'Kindly do the needful.','2023-03-24 12:56:54',NULL,NULL,NULL,2,NULL,NULL),(89,22,4,564,'please check it. ','2023-03-24 13:38:03',NULL,NULL,NULL,2,NULL,NULL),(90,149,4,564,'please sir check it','2023-03-24 13:38:49',NULL,NULL,NULL,2,NULL,NULL),(91,149,4,564,'please sir check it.','2023-03-24 13:49:02',NULL,NULL,NULL,2,NULL,NULL),(92,143,4,564,'please sir check it.','2023-03-24 13:49:41',NULL,NULL,NULL,2,NULL,NULL),(93,318,4,675,'','2023-03-24 15:13:05',NULL,NULL,NULL,2,NULL,NULL),(94,318,4,NULL,NULL,NULL,363,'NA','2023-03-24 15:20:50',9,NULL,NULL),(95,172,4,NULL,NULL,NULL,363,'','2023-03-24 15:24:18',4,NULL,NULL),(96,173,4,NULL,NULL,NULL,363,'NA','2023-03-24 15:27:05',9,NULL,NULL),(97,79,4,NULL,NULL,NULL,363,'NA','2023-03-24 15:28:17',9,NULL,NULL),(98,75,4,NULL,NULL,NULL,363,'Please reassign to academics VI - X','2023-03-24 15:31:21',4,NULL,NULL),(99,143,4,NULL,NULL,NULL,363,'NA','2023-03-24 15:32:11',9,NULL,NULL),(100,22,4,NULL,NULL,NULL,363,'NA','2023-03-24 15:32:40',9,NULL,NULL),(101,149,4,NULL,NULL,NULL,363,'NA','2023-03-24 15:33:21',9,NULL,NULL),(102,36,4,NULL,NULL,NULL,363,'NA','2023-03-24 15:34:11',9,NULL,NULL),(103,187,4,NULL,NULL,NULL,363,'NA','2023-03-24 15:34:43',9,NULL,NULL),(104,218,4,NULL,NULL,NULL,363,'NA','2023-03-24 15:35:13',9,NULL,NULL),(105,237,4,NULL,NULL,NULL,363,'NA','2023-03-24 15:35:39',9,NULL,NULL),(106,244,4,NULL,NULL,NULL,363,'NA','2023-03-24 15:36:13',9,NULL,NULL),(107,281,4,NULL,NULL,NULL,363,'NA','2023-03-24 15:37:47',9,NULL,NULL),(108,283,4,NULL,NULL,NULL,363,'NA','2023-03-24 15:39:54',9,NULL,NULL),(109,310,4,NULL,NULL,NULL,363,'NA','2023-03-24 15:41:53',9,NULL,NULL),(110,314,3,526,'Discuss with VP ma\'am.','2023-03-24 19:35:25',NULL,NULL,NULL,2,'2023-03-27','05:30:00'),(111,314,3,NULL,NULL,NULL,363,'NA','2023-03-25 09:43:40',9,NULL,NULL),(112,333,4,677,'','2023-03-25 10:03:22',NULL,NULL,NULL,2,NULL,NULL),(113,333,4,NULL,NULL,NULL,363,'NA','2023-03-25 15:24:22',9,NULL,NULL),(114,173,4,526,'Kindly look into the matter, as requested.','2023-03-26 05:48:15',NULL,NULL,NULL,2,NULL,NULL),(115,346,4,593,'Kindly look into the matter.','2023-03-27 08:11:34',NULL,NULL,NULL,2,NULL,NULL),(116,346,4,NULL,NULL,NULL,363,'NA','2023-03-27 10:03:43',9,NULL,NULL),(117,357,4,363,'Student wants to add name in 7th DB whatsApp ','2023-03-27 10:16:20',NULL,NULL,NULL,2,NULL,NULL),(118,357,4,NULL,NULL,NULL,363,'NA','2023-03-27 10:25:02',9,NULL,NULL),(119,173,4,NULL,NULL,NULL,363,'NA','2023-03-27 10:25:21',9,NULL,NULL),(120,352,2,363,'DUPLICATE TICKET','2023-03-27 10:43:34',NULL,NULL,NULL,2,NULL,NULL),(121,352,2,363,'DUPLICATE TICKET','2023-03-27 10:43:55',NULL,NULL,NULL,2,NULL,NULL),(122,352,2,NULL,NULL,NULL,363,'Na','2023-03-27 10:44:35',9,NULL,NULL),(123,173,4,677,'','2023-03-27 11:04:28',NULL,NULL,NULL,2,NULL,NULL),(124,0,4,677,'','2023-03-27 11:23:24',NULL,NULL,NULL,2,NULL,NULL),(125,173,4,NULL,NULL,NULL,363,'NA','2023-03-27 12:14:29',9,NULL,NULL);

--
-- Table structure for table `sb_help_desk_request_status`
--

CREATE TABLE `sb_help_desk_request_status` (
  `request_status_pkid` int(11) NOT NULL AUTO_INCREMENT,
  `request_status_title` varchar(45) DEFAULT NULL,
  `request_status_color` varchar(45) DEFAULT NULL,
  `request_status_datetime` datetime DEFAULT CURRENT_TIMESTAMP,
  PRIMARY KEY (`request_status_pkid`)
) ENGINE=InnoDB AUTO_INCREMENT=4 DEFAULT CHARSET=latin1;

--
-- Dumping data for table `sb_help_desk_request_status`
--

INSERT INTO `sb_help_desk_request_status` VALUES (1,'Reject','#f54242','2022-04-15 17:01:27'),(2,'Accept','#1ae80c','2022-04-15 17:01:28'),(3,'Pending','#164cfa','2022-04-16 16:31:52');

--
-- Table structure for table `sb_help_desk_status`
--

CREATE TABLE `sb_help_desk_status` (
  `hdstatus_pk_id` int(11) NOT NULL AUTO_INCREMENT,
  `hdstatus_title` varchar(255) DEFAULT NULL,
  `hdstatus_ai_status` int(11) DEFAULT '1',
  `hdstatus_type` int(11) DEFAULT '0',
  `hdstatus_color` varchar(45) DEFAULT NULL,
  `hdstatus_datetime` datetime DEFAULT CURRENT_TIMESTAMP,
  PRIMARY KEY (`hdstatus_pk_id`)
) ENGINE=InnoDB AUTO_INCREMENT=10 DEFAULT CHARSET=latin1;

--
-- Dumping data for table `sb_help_desk_status`
--

INSERT INTO `sb_help_desk_status` VALUES (1,'New',1,0,'1cfffb','2022-04-12 10:23:38'),(2,'Pending',1,0,'14b8a5','2022-04-12 10:23:39'),(3,'In-progress',1,0,'1c6bff','2022-04-12 10:23:39'),(4,'Rejected',1,0,'ff1c1c','2022-04-12 10:23:39'),(5,'Time-Extended',1,0,'731cff','2022-04-12 10:23:39'),(6,'Solved',1,0,'1fff26','2022-04-12 10:23:40'),(7,'Re-opened',1,0,'ff8f1f','2022-04-12 10:23:40'),(8,'Verified',1,0,'27a807','2022-04-12 10:23:40'),(9,'Approve',1,0,'1fff26','2022-04-19 06:06:28');

--
-- Table structure for table `sb_help_desk_student`
--

CREATE TABLE `sb_help_desk_student` (
  `hds_pk_id` int(11) NOT NULL AUTO_INCREMENT,
  `hds_student_id` int(11) DEFAULT NULL,
  `hds_type_id` int(11) DEFAULT NULL,
  `hds_sub_type_id` int(11) DEFAULT NULL,
  `hds_code` varchar(255) DEFAULT NULL,
  `hds_code_counter` int(11) DEFAULT '0',
  `hds_title_text` varchar(1000) DEFAULT NULL,
  `hds_description` varchar(5000) DEFAULT NULL,
  `hds_attachment` varchar(1000) DEFAULT NULL,
  `hds_status` int(11) DEFAULT NULL,
  `hds_datetime` datetime DEFAULT NULL,
  `hds_action_status` int(11) DEFAULT '5',
  `hds_action_by` int(11) DEFAULT NULL,
  `hds_action_datetime` datetime DEFAULT CURRENT_TIMESTAMP,
  `hds_request_status` int(11) DEFAULT '2',
  `hds_request_reason` varchar(255) DEFAULT NULL,
  `hds_request_check` int(11) DEFAULT '0',
  `hds_request_by` int(11) DEFAULT NULL,
  `hds_request_by_datetime` datetime DEFAULT NULL,
  `hds_request_accept_by` int(11) DEFAULT NULL,
  `hds_request_reject_reason` varchar(1000) DEFAULT NULL,
  `hds_request_accept_datetime` datetime DEFAULT NULL,
  `hds_extend_status` int(11) DEFAULT '2',
  `hds_extend_check` int(11) DEFAULT '0',
  `hds_extend_date` date DEFAULT NULL,
  `hds_extend_time` time DEFAULT NULL,
  `hds_extend_reason` varchar(1000) DEFAULT NULL,
  `hds_extend_by` int(11) DEFAULT NULL,
  `hds_extend_approve_reason` varchar(1000) DEFAULT NULL,
  `hds_extend_datetime` datetime DEFAULT NULL,
  `hds_extend_approve_by` int(11) DEFAULT NULL,
  `hds_extend_approve_datetime` datetime DEFAULT NULL,
  `hds_reassign_type` int(11) DEFAULT NULL,
  `hds_reassign_subtype` int(11) DEFAULT NULL,
  `hds_reassign_reason` varchar(1000) DEFAULT NULL,
  `hds_reassign_datetime` datetime DEFAULT NULL,
  `hds_reassign_status` int(11) DEFAULT '2',
  `hds_reassign_by` int(11) DEFAULT NULL,
  `hds_reassign_action_by` int(11) DEFAULT NULL,
  `hds_reassign_action_status` int(11) DEFAULT NULL,
  `hds_reassign_check` int(11) DEFAULT '0',
  `hds_reassign_action_reason` varchar(1000) DEFAULT NULL,
  `hds_reassign_action_datetime` datetime DEFAULT NULL,
  `hds_reopen_reason` varchar(1000) DEFAULT NULL,
  `hds_reopen_attachment` varchar(45) DEFAULT NULL,
  `hds_verify_remark` varchar(1000) DEFAULT NULL,
  `hds_verify_attachment` varchar(45) DEFAULT NULL,
  `hds_verify_ratting` varchar(45) DEFAULT NULL,
  `hds_request_priority` varchar(45) DEFAULT NULL,
  `hds_solved_by` varchar(45) DEFAULT NULL,
  `hds_solved_datetime` datetime DEFAULT NULL,
  `hds_rating` int(11) DEFAULT NULL,
  `hds_reject_by` varchar(45) DEFAULT NULL,
  `hds_reject_datetime` datetime DEFAULT NULL,
  `hds_reject_reason` varchar(45) DEFAULT NULL,
  `hds_reject_approved_by` varchar(45) DEFAULT NULL,
  `hds_reject_status` varchar(45) DEFAULT NULL,
  `hds_reject_check` int(11) DEFAULT '2',
  `hds_reject_reject_reason` varchar(45) DEFAULT NULL,
  `hds_reject_reject_datetime` datetime DEFAULT NULL,
  `hd_resolve_start_date_times` varchar(255) DEFAULT NULL,
  `hd_resolve_end_date_times` varchar(255) DEFAULT NULL,
  `hd_student_rating` int(11) DEFAULT NULL,
  `hd_student_feedback` varchar(200) DEFAULT NULL,
  `hd_student_feedback_datetime` datetime DEFAULT NULL,
  `hds_added_by_user_id` int(11) DEFAULT NULL,
  `hds_priority_flag` int(11) DEFAULT NULL COMMENT '1-urgent 2-high 3-normal',
  PRIMARY KEY (`hds_pk_id`),
  KEY `index1` (`hds_type_id`,`hds_sub_type_id`,`hds_student_id`,`hds_status`)
) ENGINE=InnoDB AUTO_INCREMENT=370 DEFAULT CHARSET=latin1;

--
-- Dumping data for table `sb_help_desk_student`
--



--
-- Table structure for table `sb_help_desk_student_info_req_status`
--

CREATE TABLE `sb_help_desk_student_info_req_status` (
  `inforeq_status_pkid` int(11) NOT NULL AUTO_INCREMENT,
  `studentinfo_req_title` varchar(255) DEFAULT NULL,
  `studentinfo_req_color` varchar(45) DEFAULT NULL,
  `studentinfo_req_datetime` datetime DEFAULT CURRENT_TIMESTAMP,
  PRIMARY KEY (`inforeq_status_pkid`)
) ENGINE=InnoDB AUTO_INCREMENT=4 DEFAULT CHARSET=latin1;

--
-- Dumping data for table `sb_help_desk_student_info_req_status`
--

INSERT INTO `sb_help_desk_student_info_req_status` VALUES (1,'Approved','1de020','2022-04-12 17:13:13'),(2,'Rejected','ed1d0e','2022-04-12 17:13:13'),(3,'Pending','0e37ed','2022-04-12 17:20:02');

--
-- Table structure for table `sb_help_desk_subtypes_working_days`
--

CREATE TABLE `sb_help_desk_subtypes_working_days` (
  `subtypes_working_days_pkid` int(11) NOT NULL AUTO_INCREMENT,
  `type_fkid` int(11) DEFAULT NULL,
  `subtype_fkid` int(11) DEFAULT NULL,
  `type_total_working_hours` int(11) DEFAULT NULL,
  `added_by` int(11) DEFAULT NULL,
  `added_date` datetime DEFAULT CURRENT_TIMESTAMP,
  `show_student_detail` int(11) DEFAULT '0',
  PRIMARY KEY (`subtypes_working_days_pkid`)
) ENGINE=InnoDB AUTO_INCREMENT=122 DEFAULT CHARSET=latin1;

--
-- Dumping data for table `sb_help_desk_subtypes_working_days`
--

INSERT INTO `sb_help_desk_subtypes_working_days` VALUES (1,1,1,45,363,'2022-06-28 11:12:26',1),(2,1,2,45,363,'2022-06-28 11:13:19',1),(3,1,3,45,363,'2022-06-28 11:14:16',1),(4,1,4,45,363,'2022-06-28 11:15:08',1),(5,2,5,24,363,'2022-06-28 11:15:52',1),(6,2,6,9,363,'2022-06-28 11:18:48',1),(7,2,7,18,363,'2022-06-28 11:20:32',1),(8,2,8,18,363,'2022-06-28 11:24:24',1),(9,3,9,9,363,'2022-06-28 12:03:01',1),(10,3,10,9,363,'2022-06-28 12:04:54',1),(11,3,11,9,363,'2022-06-28 12:06:34',1),(12,3,12,9,363,'2022-06-28 12:07:09',1),(13,3,13,18,363,'2022-06-28 12:10:47',1),(14,4,14,18,363,'2022-06-28 12:12:10',1),(15,4,15,48,363,'2022-06-28 12:14:28',1),(16,4,16,48,363,'2022-06-28 12:21:30',1),(17,5,17,24,363,'2022-06-28 12:25:18',1),(18,5,18,24,363,'2022-06-28 12:27:24',1),(19,5,19,2,363,'2022-06-28 12:29:32',1),(20,5,20,18,363,'2022-06-28 12:39:16',1),(21,5,21,18,363,'2022-06-28 12:39:59',1),(22,6,22,9,363,'2022-06-28 12:41:11',1),(23,6,23,9,363,'2022-06-28 12:42:16',1),(24,6,24,18,363,'2022-06-28 12:43:00',1),(25,6,25,2,363,'2022-06-28 12:45:06',1),(26,6,26,2,363,'2022-06-28 12:45:42',1),(27,7,27,1,363,'2022-06-28 12:48:51',1),(28,7,28,24,363,'2022-06-28 12:49:37',1),(29,7,29,24,363,'2022-06-28 12:52:44',1),(30,7,30,48,363,'2022-06-28 12:56:57',1),(31,0,0,0,363,'2022-06-28 12:57:16',1),(32,7,31,48,363,'2022-06-28 13:00:08',1),(33,7,32,48,363,'2022-06-28 13:00:46',1),(34,7,33,48,363,'2022-06-28 13:03:16',1),(35,7,34,18,363,'2022-06-28 13:04:20',1),(36,7,35,18,363,'2022-06-28 13:07:28',1),(37,7,36,18,363,'2022-06-28 13:08:57',1),(38,7,37,18,363,'2022-06-28 13:09:28',1),(39,7,38,18,363,'2022-06-28 13:11:36',1),(40,11,39,18,363,'2022-06-28 13:13:10',1),(41,11,40,18,363,'2022-06-28 13:13:58',1),(42,11,41,18,363,'2022-06-28 13:25:34',1),(43,11,42,18,363,'2022-06-29 12:03:57',1),(44,11,43,18,363,'2022-06-29 12:25:03',1),(45,12,44,9,363,'2022-06-29 12:46:04',1),(46,12,45,18,363,'2022-06-29 12:47:36',1),(47,12,46,18,363,'2022-06-29 12:48:23',1),(48,12,47,18,363,'2022-06-29 12:49:08',1),(49,12,48,18,363,'2022-06-29 12:52:05',1),(50,12,49,18,363,'2022-06-29 12:53:32',1),(51,13,50,18,363,'2022-06-29 13:00:13',1),(52,13,51,18,363,'2022-06-29 13:04:38',1),(53,13,52,18,363,'2022-06-29 13:07:11',1),(54,13,53,18,363,'2022-06-29 13:07:58',1),(55,13,54,18,363,'2022-06-29 13:09:00',1),(56,14,55,18,363,'2022-06-29 13:15:08',1),(57,14,56,18,363,'2022-06-29 13:18:12',1),(58,14,57,9,363,'2022-06-29 13:19:00',1),(59,14,58,18,363,'2022-06-29 13:19:56',1),(60,15,59,18,363,'2022-06-29 13:23:58',1),(61,15,60,9,363,'2022-06-29 14:39:09',1),(62,15,61,18,363,'2022-06-29 14:41:03',1),(63,15,62,18,363,'2022-06-29 14:45:11',1),(64,15,63,18,363,'2022-06-29 14:46:08',1),(65,15,64,18,363,'2022-06-29 14:46:52',1),(66,16,65,18,363,'2022-06-29 14:54:34',1),(67,16,66,18,363,'2022-06-29 14:57:57',1),(68,16,67,18,363,'2022-06-29 14:58:35',1),(69,17,68,18,363,'2022-06-29 15:16:46',1),(70,17,69,18,363,'2022-06-29 15:17:22',1),(71,17,70,18,363,'2022-06-29 15:18:01',1),(72,17,71,18,363,'2022-06-29 15:18:57',1),(73,8,72,9,363,'2022-06-29 16:08:58',1),(74,8,73,9,363,'2022-06-29 16:21:02',1),(75,8,74,18,363,'2022-06-29 16:23:29',1),(76,8,75,18,363,'2022-06-29 16:24:41',1),(77,8,76,18,363,'2022-06-29 16:29:44',1),(78,8,77,18,363,'2022-06-29 16:36:39',1),(79,8,78,18,363,'2022-06-29 16:38:35',1),(80,8,79,18,363,'2022-06-29 16:50:13',1),(81,8,80,18,363,'2022-06-29 16:52:53',1),(82,8,81,18,363,'2022-06-29 16:55:06',1),(83,8,82,18,363,'2022-06-29 17:07:27',1),(84,9,83,9,363,'2022-06-29 17:09:41',1),(85,9,84,18,363,'2022-06-29 17:10:35',1),(86,9,85,9,363,'2022-06-29 17:11:31',1),(87,9,86,18,363,'2022-06-29 17:12:55',1),(88,9,87,18,363,'2022-06-29 17:13:48',1),(89,9,88,18,363,'2022-06-29 17:15:18',1),(90,9,89,18,363,'2022-06-29 17:16:18',1),(91,9,90,18,363,'2022-06-29 17:17:36',1),(92,9,91,18,363,'2022-06-29 17:18:25',1),(93,9,92,18,363,'2022-06-29 17:19:12',1),(94,9,93,18,363,'2022-06-29 17:19:49',1),(95,9,94,18,363,'2022-06-29 17:20:37',1),(96,10,95,9,363,'2022-06-29 17:25:20',1),(97,10,96,9,363,'2022-06-29 17:27:03',1),(98,10,97,9,363,'2022-06-29 17:31:44',1),(99,10,98,18,363,'2022-06-29 17:33:52',1),(100,10,99,18,363,'2022-06-29 17:36:43',1),(101,10,100,18,363,'2022-06-29 17:43:30',1),(102,10,101,18,363,'2022-06-29 17:52:01',1),(103,10,102,18,363,'2022-06-29 17:57:49',1),(104,10,103,18,363,'2022-06-29 17:58:59',1),(105,10,104,18,363,'2022-06-29 18:00:45',1),(106,10,105,18,363,'2022-06-29 18:01:52',1),(107,10,106,18,363,'2022-06-29 18:03:06',1),(108,18,107,9,363,'2022-07-14 12:22:20',1),(109,19,108,18,363,'2022-07-27 17:34:45',1),(110,5,109,68,363,'2022-08-08 11:51:52',1),(111,20,110,18,363,'2022-08-09 15:29:10',1),(112,20,111,45,363,'2022-08-09 15:30:58',1),(113,10,112,18,363,'2022-08-09 15:35:25',1),(114,10,113,18,363,'2022-08-09 15:36:22',1),(115,10,114,18,363,'2022-08-09 15:38:53',1),(116,12,115,18,363,'2022-08-09 15:39:03',1),(117,15,116,9,363,'2022-08-13 14:45:45',1),(118,10,117,18,363,'2022-08-19 10:58:49',1),(119,8,118,18,363,'2022-11-01 16:12:38',1),(120,9,119,18,363,'2022-11-01 16:13:11',1),(121,10,120,18,363,'2022-11-01 16:13:38',1);

--
-- Table structure for table `sb_help_desk_ticket_reassign_table`
--

CREATE TABLE `sb_help_desk_ticket_reassign_table` (
  `reassign_pk_id` int(11) NOT NULL AUTO_INCREMENT,
  `previous_type_id` int(11) DEFAULT '0',
  `previous_sub_type_id` int(11) DEFAULT '0',
  `new_type_id` int(11) DEFAULT '0',
  `new_subtype_id` int(11) DEFAULT '0',
  `reassign_request_by` varchar(45) DEFAULT NULL,
  `datetime_added` datetime DEFAULT CURRENT_TIMESTAMP,
  PRIMARY KEY (`reassign_pk_id`)
) ENGINE=InnoDB DEFAULT CHARSET=latin1;

--
-- Dumping data for table `sb_help_desk_ticket_reassign_table`
--


--
-- Table structure for table `sb_help_desk_types`
--

CREATE TABLE `sb_help_desk_types` (
  `type_pk_id` int(11) NOT NULL AUTO_INCREMENT,
  `type_name` varchar(500) DEFAULT NULL,
  `type_employee_id` int(11) DEFAULT NULL,
  `type_status` int(11) DEFAULT NULL,
  `type_raised_by` int(11) DEFAULT NULL,
  `type_datetime` datetime DEFAULT CURRENT_TIMESTAMP,
  `type_updated_by` int(11) DEFAULT NULL,
  `type_updated_datetime` datetime DEFAULT NULL,
  `type_show_student_detail` int(11) DEFAULT '1',
  PRIMARY KEY (`type_pk_id`)
) ENGINE=InnoDB AUTO_INCREMENT=21 DEFAULT CHARSET=latin1;

--
-- Dumping data for table `sb_help_desk_types`
--

INSERT INTO `sb_help_desk_types` VALUES (1,'Apply for Change',589,1,363,'2022-06-28 10:32:40',667,'2022-07-13 15:18:06',1),(2,'Admissions ',589,1,363,'2022-06-28 10:33:09',NULL,NULL,1),(3,'Student Information',606,1,363,'2022-06-28 10:34:14',NULL,NULL,1),(4,'Appointment Request',606,1,363,'2022-06-28 10:34:36',NULL,NULL,1),(5,'ODM Connect',363,1,363,'2022-06-28 10:36:34',NULL,NULL,1),(6,'School Fees',532,1,363,'2022-06-28 10:37:34',NULL,NULL,1),(7,'Academics (LKG-UKG)',522,1,363,'2022-06-28 10:38:24',NULL,NULL,1),(8,'Academics (I-V)',524,1,363,'2022-06-28 10:43:25',NULL,NULL,1),(9,'Academics (VI-X)',524,1,363,'2022-06-28 10:45:04',NULL,NULL,1),(10,'Academics (XI-XII)',527,1,363,'2022-06-28 10:46:25',NULL,NULL,1),(11,'Co-Academics',555,1,363,'2022-06-28 10:46:44',NULL,NULL,1),(12,'Examination',459,1,363,'2022-06-28 10:47:56',NULL,NULL,1),(13,'School Merchandise',676,1,363,'2022-06-28 10:51:45',NULL,NULL,1),(14,'School Transport',676,1,363,'2022-06-28 10:52:23',NULL,NULL,1),(15,'School Hostels',772,1,363,'2022-06-28 10:54:41',363,'2022-08-20 13:05:31',1),(16,'School Canteen',691,1,363,'2022-06-28 10:56:44',NULL,NULL,1),(17,'ID Cards/ Certificates / TC related enquiry',564,1,363,'2022-06-28 11:01:45',NULL,NULL,1),(18,'Payment Issues',606,1,363,'2022-07-13 15:56:10',NULL,NULL,1),(19,'Help Desk',606,1,363,'2022-07-27 17:32:56',NULL,NULL,1),(20,'School Maintenance',676,1,363,'2022-08-01 11:30:19',NULL,NULL,1);

--
-- Table structure for table `sb_help_desk_types_sub`
--

CREATE TABLE `sb_help_desk_types_sub` (
  `sub_type_pkid` int(11) NOT NULL AUTO_INCREMENT,
  `sub_type_name` varchar(255) DEFAULT NULL,
  `sub_type_type_id` int(11) DEFAULT NULL,
  `sub_type_status` int(11) DEFAULT NULL,
  `sub_type_added_by` int(11) DEFAULT NULL,
  `sub_type_datetime` datetime DEFAULT CURRENT_TIMESTAMP,
  `sub_type_updated` int(11) DEFAULT NULL,
  `sub_type_updated_datetime` datetime DEFAULT NULL,
  PRIMARY KEY (`sub_type_pkid`),
  KEY `index1` (`sub_type_type_id`)
) ENGINE=InnoDB AUTO_INCREMENT=121 DEFAULT CHARSET=latin1;

--
-- Dumping data for table `sb_help_desk_types_sub`
--

INSERT INTO `sb_help_desk_types_sub` VALUES (1,'Change of Section, Plan (DS/DB/RS), School',1,1,363,'2022-06-28 11:12:17',NULL,NULL),(2,'Change of Subject Combination ',1,1,363,'2022-06-28 11:13:10',NULL,NULL),(3,'Enquiry about or Apply for Transfer Certificate (TC)',1,1,363,'2022-06-28 11:14:09',NULL,NULL),(4,'Other Reasons',1,1,363,'2022-06-28 11:14:48',NULL,NULL),(5,'Enquiry about Admission Documents ',2,1,363,'2022-06-28 11:15:44',NULL,NULL),(6,'Enquiry about School Facilities & Features',2,1,363,'2022-06-28 11:18:40',NULL,NULL),(7,'Enquiry about Fees & Instalment Plans ',2,1,363,'2022-06-28 11:20:18',NULL,NULL),(8,'Other Reasons',2,1,363,'2022-06-28 11:24:16',NULL,NULL),(9,'Change in Profile Details or Student Information',3,1,363,'2022-06-28 12:02:45',363,'2022-10-07 14:25:14'),(10,'Need to Know Student School/ Admission No? ',3,1,363,'2022-06-28 12:04:43',363,'2022-10-07 14:25:34'),(11,'Enquiry about Student Information from School',3,1,363,'2022-06-28 12:06:24',363,'2022-10-07 14:25:56'),(12,'Number not added in School Official Whatsapp Group',3,1,363,'2022-06-28 12:06:58',363,'2022-10-07 14:26:19'),(13,'Other Reasons',3,1,363,'2022-06-28 12:10:32',363,'2022-10-07 14:26:42'),(14,'Face to Face interaction with Principal/Vice-Principal',4,1,363,'2022-06-28 12:11:57',363,'2022-10-07 14:27:12'),(15,'Face to Face interaction with Academic Coordinator',4,1,363,'2022-06-28 12:14:19',363,'2022-07-19 15:19:27'),(16,'Face to Face interaction with Class Teacher/Teacher',4,1,363,'2022-06-28 12:21:22',363,'2022-07-19 15:18:36'),(17,'Need Login ID or Password information',5,1,363,'2022-06-28 12:25:10',NULL,NULL),(18,'Details not showing in ODM Connect ',5,1,363,'2022-06-28 12:27:17',NULL,NULL),(19,'Unable to make payment in ODM Connect',5,5,363,'2022-06-28 12:29:25',363,'2022-08-04 09:54:33'),(20,'Error/Bugs in ODM Connect ',5,1,363,'2022-06-28 12:39:00',363,'2022-11-11 17:59:51'),(21,'Other Reasons',5,1,363,'2022-06-28 12:39:51',NULL,NULL),(22,'Fees not updated in ODM Connect ',6,1,363,'2022-06-28 12:41:04',363,'2022-08-04 09:51:37'),(23,'Fees Receipt missing in ODM Connect',6,1,363,'2022-06-28 12:42:11',363,'2022-08-04 09:51:12'),(24,'Clarity on Fees Plan or Fees Calculation',6,1,363,'2022-06-28 12:42:52',363,'2022-08-04 09:50:51'),(25,'Enquiry on Refund - Security or Caution Money',6,1,363,'2022-06-28 12:44:56',363,'2022-08-04 09:50:18'),(26,'Other Reasons',6,1,363,'2022-06-28 12:45:37',363,'2022-08-04 09:49:17'),(27,'Enquiry about School Timing',7,1,363,'2022-06-28 12:48:41',NULL,NULL),(28,'Enquiry about School Timetable ',7,1,363,'2022-06-28 12:49:28',NULL,NULL),(29,'Enquiry About Student Attendance',7,1,363,'2022-06-28 12:52:32',363,'2022-09-10 13:17:27'),(30,'Enquiry on Curriculum Plan or Syllabus',7,1,363,'2022-06-28 12:56:50',NULL,NULL),(31,'Enquiry about Study Material',7,1,363,'2022-06-28 12:59:52',NULL,NULL),(32,'Enquiry about Homework or Classwork ',7,1,363,'2022-06-28 13:00:37',NULL,NULL),(33,'Enquiry about Student Performance',7,1,363,'2022-06-28 13:03:04',NULL,NULL),(34,'Challenge faced by the student',7,1,363,'2022-06-28 13:04:13',NULL,NULL),(35,'Any Subject Teacher or Class Teacher related issue',7,1,363,'2022-06-28 13:07:20',NULL,NULL),(36,'Enquiry about any Academic Activity or Circular',7,1,363,'2022-06-28 13:08:00',NULL,NULL),(37,'Enquiry regarding Parent-Teachers Meeting',7,1,363,'2022-06-28 13:09:18',NULL,NULL),(38,'Any other issue related to Academics',7,1,363,'2022-06-28 13:11:31',NULL,NULL),(39,'Enquiry related to Activities, Competitions & Clubs',11,1,363,'2022-06-28 13:12:58',NULL,NULL),(40,'Enquiry related to any School Event',11,1,363,'2022-06-28 13:13:49',NULL,NULL),(41,'Issue faced by student in Co-Academics',11,1,363,'2022-06-28 13:25:24',NULL,NULL),(42,'Issue faced during any School Event ',11,1,363,'2022-06-29 12:03:44',NULL,NULL),(43,'Any other issue with Co-Academics',11,1,363,'2022-06-29 12:24:17',NULL,NULL),(44,'Issue related to Admit Card',12,1,363,'2022-06-29 12:45:40',NULL,NULL),(45,'Enquiry about Exam Schedule',12,1,363,'2022-06-29 12:46:39',NULL,NULL),(46,'Enquiry about Exam Results & Report Cards',12,1,363,'2022-06-29 12:48:09',NULL,NULL),(47,'Issue related to Exam Evaluation',12,1,363,'2022-06-29 12:49:00',NULL,NULL),(48,'Enquiry related to CBSE Pre-Boards & Boards',12,1,363,'2022-06-29 12:51:53',NULL,NULL),(49,'Any other issue in Examination',12,1,363,'2022-06-29 12:53:16',NULL,NULL),(50,'Enquiry about School Student or Parent ID Card',13,1,363,'2022-06-29 13:00:01',NULL,NULL),(51,'Enquiry about School Uniform ',13,1,363,'2022-06-29 13:00:53',NULL,NULL),(52,'Enquiry about School Books & Notebooks ',13,1,363,'2022-06-29 13:05:05',NULL,NULL),(53,'Enquiry about other accessories from School',13,1,363,'2022-06-29 13:07:48',NULL,NULL),(54,'Other Reasons',13,1,363,'2022-06-29 13:08:31',NULL,NULL),(55,'Enquiry about Apply or Withdrawal',14,1,363,'2022-06-29 13:14:47',363,'2022-09-07 16:54:18'),(56,'Enquiry about Stoppage, Bus Route ',14,1,363,'2022-06-29 13:17:29',363,'2022-09-07 16:53:55'),(57,'Enquiry about Bus Status',14,1,363,'2022-06-29 13:18:49',363,'2022-09-07 16:52:13'),(58,'Any other issue related to School Transport ',14,1,363,'2022-06-29 13:19:46',363,'2022-09-07 16:51:48'),(59,'Issue related to Hostel Facilities',15,1,363,'2022-06-29 13:23:47',363,'2022-08-20 13:08:28'),(60,'Enquiry about Warden & Boarding Manager Details',15,1,363,'2022-06-29 14:38:51',363,'2022-08-20 13:08:04'),(61,'Issue related to Hostel Staff ',15,1,363,'2022-06-29 14:40:52',363,'2022-08-20 13:07:39'),(62,'Issue faced by the student in Hostel ',15,1,363,'2022-06-29 14:45:02',363,'2022-08-20 13:07:15'),(63,'Issue related to Pharmacy in Hostel ',15,1,363,'2022-06-29 14:45:47',363,'2022-08-20 13:06:45'),(64,'Other Reasons',15,1,363,'2022-06-29 14:46:45',363,'2022-09-13 16:00:26'),(65,'Feedback related to Canteen Food ',16,1,363,'2022-06-29 14:54:24',NULL,NULL),(66,'Enquiry about School Food Menu ',16,1,363,'2022-06-29 14:57:47',NULL,NULL),(67,'Other Reasons',16,1,363,'2022-06-29 14:58:29',NULL,NULL),(68,'ID cards not provided',17,1,363,'2022-06-29 15:16:38',NULL,NULL),(69,'Enquiry on TC & Certificates',17,1,363,'2022-06-29 15:17:13',NULL,NULL),(70,'Request to Name Change',17,1,363,'2022-06-29 15:17:51',NULL,NULL),(71,'Bonafide certificate Request',17,1,363,'2022-06-29 15:18:19',NULL,NULL),(72,'Enquiry about School Timing',8,1,363,'2022-06-29 16:08:47',NULL,NULL),(73,'Enquiry about School Timetable ',8,1,363,'2022-06-29 16:20:55',NULL,NULL),(74,'Enquiry on Curriculum Plan or Syllabus',8,1,363,'2022-06-29 16:23:20',NULL,NULL),(75,'Enquiry about Study Material',8,1,363,'2022-06-29 16:24:33',NULL,NULL),(76,'Enquiry about Homework or Classwork ',8,1,363,'2022-06-29 16:29:34',NULL,NULL),(77,'Enquiry about Student Performance',8,1,363,'2022-06-29 16:36:30',NULL,NULL),(78,'Challenge faced by the student',8,1,363,'2022-06-29 16:38:25',NULL,NULL),(79,'Any Subject Teacher or Class Teacher related issue',8,1,363,'2022-06-29 16:49:54',NULL,NULL),(80,'Enquiry about any Academic Activity or Circular',8,1,363,'2022-06-29 16:52:33',NULL,NULL),(81,'Enquiry regarding Parent-Teachers Meeting',8,1,363,'2022-06-29 16:54:56',363,'2022-06-29 16:55:36'),(82,'Any other issue related to Academics',8,1,363,'2022-06-29 17:07:19',NULL,NULL),(83,'Enquiry about School Timing',9,1,363,'2022-06-29 17:09:34',NULL,NULL),(84,'Enquiry about School Timetable ',9,1,363,'2022-06-29 17:10:26',NULL,NULL),(85,'Enquiry About Student Attendance',9,1,363,'2022-06-29 17:11:22',363,'2022-09-03 11:12:56'),(86,'Enquiry on Curriculum Plan or Syllabus',9,1,363,'2022-06-29 17:12:41',NULL,NULL),(87,'Enquiry about Study Material',9,1,363,'2022-06-29 17:13:39',NULL,NULL),(88,'Enquiry about Homework or Classwork ',9,1,363,'2022-06-29 17:15:09',NULL,NULL),(89,'Enquiry about Student Performance',9,1,363,'2022-06-29 17:16:12',NULL,NULL),(90,'Challenge faced by the student',9,1,363,'2022-06-29 17:17:31',NULL,NULL),(91,'Any Subject Teacher or Class Teacher related issue',9,1,363,'2022-06-29 17:18:20',NULL,NULL),(92,'Enquiry about any Academic Activity or Circular',9,1,363,'2022-06-29 17:19:07',NULL,NULL),(93,'Enquiry regarding Parent-Teachers Meeting',9,1,363,'2022-06-29 17:19:44',NULL,NULL),(94,'Any other issue related to Academics',9,1,363,'2022-06-29 17:20:28',NULL,NULL),(95,'Enquiry about School Timing & Holidays',10,1,363,'2022-06-29 17:25:12',NULL,NULL),(96,'Enquiry about School Timetable ',10,1,363,'2022-06-29 17:26:55',NULL,NULL),(97,'Enquiry About Student Attendance',10,1,363,'2022-06-29 17:31:33',363,'2022-09-10 13:16:55'),(98,'Enquiry on Curriculum Plan or Syllabus',10,1,363,'2022-06-29 17:33:44',NULL,NULL),(99,'Enquiry about Study Material',10,1,363,'2022-06-29 17:36:34',NULL,NULL),(100,'Enquiry about Homework or Classwork ',10,1,363,'2022-06-29 17:43:23',NULL,NULL),(101,'Enquiry about Student Performance',10,1,363,'2022-06-29 17:51:51',NULL,NULL),(102,'Challenge faced by the student',10,1,363,'2022-06-29 17:57:27',NULL,NULL),(103,'Any Subject Teacher or Class Teacher related issue',10,1,363,'2022-06-29 17:58:51',NULL,NULL),(104,'Enquiry about any Academic Activity or Circular',10,1,363,'2022-06-29 18:00:37',NULL,NULL),(105,'Enquiry regarding Parent-Teachers Meeting',10,1,363,'2022-06-29 18:01:41',NULL,NULL),(106,'Any other issue related to Academics',10,1,363,'2022-06-29 18:02:55',667,'2022-07-13 15:29:19'),(107,'How to pay through ODM CONNECT?',18,1,363,'2022-07-14 12:20:22',809,'2022-10-07 12:38:18'),(108,'Others',19,1,363,'2022-07-27 17:34:34',809,'2022-10-07 12:37:55'),(109,'test',5,5,363,'2022-08-08 11:51:29',363,'2022-08-09 15:28:08'),(110,'School Cleanliness',20,1,363,'2022-08-09 15:28:55',NULL,NULL),(111,'Repairment Issue',20,1,363,'2022-08-09 15:30:26',363,'2022-10-08 10:57:11'),(112,'OAL-Enquiry on Coaching Classes',10,1,363,'2022-08-09 15:35:18',NULL,NULL),(113,'OAL-OAL Materials related concern',10,1,363,'2022-08-09 15:36:14',NULL,NULL),(114,'OAL-Class Timings',10,1,363,'2022-08-09 15:37:58',NULL,NULL),(115,'Olympiads',7,1,363,'2022-08-09 15:38:42',363,'2022-11-01 16:12:12'),(116,'Request for Leave',15,5,363,'2022-08-13 14:45:24',363,'2022-09-03 11:12:29'),(117,'Nucleus Batch related issues',10,1,363,'2022-08-19 10:58:35',NULL,NULL),(118,'Olympiads',8,1,363,'2022-11-01 16:12:28',NULL,NULL),(119,'Olympiads',9,1,363,'2022-11-01 16:13:03',NULL,NULL),(120,'Olympiads',10,1,363,'2022-11-01 16:13:29',NULL,NULL);

--
-- Table structure for table `sb_help_desk_types_sub_user`
--

CREATE TABLE `sb_help_desk_types_sub_user` (
  `stur_pk_id` int(11) NOT NULL AUTO_INCREMENT,
  `stur_sub_type_id` int(11) DEFAULT NULL,
  `stur_user_id` int(11) DEFAULT NULL,
  `stur_datetime` datetime DEFAULT CURRENT_TIMESTAMP,
  PRIMARY KEY (`stur_pk_id`)
) ENGINE=InnoDB AUTO_INCREMENT=340 DEFAULT CHARSET=latin1;

--
-- Dumping data for table `sb_help_desk_types_sub_user`
--

INSERT INTO `sb_help_desk_types_sub_user` VALUES (1,1,590,'2022-06-28 11:12:17'),(2,1,688,'2022-06-28 11:12:17'),(3,2,590,'2022-06-28 11:13:10'),(4,2,688,'2022-06-28 11:13:10'),(5,3,590,'2022-06-28 11:14:09'),(6,3,688,'2022-06-28 11:14:09'),(7,4,590,'2022-06-28 11:14:48'),(8,4,688,'2022-06-28 11:14:48'),(9,5,590,'2022-06-28 11:15:44'),(10,5,688,'2022-06-28 11:15:44'),(11,6,590,'2022-06-28 11:18:40'),(12,6,688,'2022-06-28 11:18:41'),(13,7,590,'2022-06-28 11:20:18'),(14,7,688,'2022-06-28 11:20:18'),(15,8,590,'2022-06-28 11:24:16'),(16,8,688,'2022-06-28 11:24:16'),(31,17,541,'2022-06-28 12:25:10'),(32,18,541,'2022-06-28 12:27:17'),(33,19,541,'2022-06-28 12:29:25'),(35,21,541,'2022-06-28 12:39:51'),(46,27,511,'2022-06-28 12:48:41'),(47,28,511,'2022-06-28 12:49:28'),(49,30,511,'2022-06-28 12:56:50'),(50,31,511,'2022-06-28 12:59:52'),(51,32,511,'2022-06-28 13:00:37'),(52,33,511,'2022-06-28 13:03:04'),(53,34,511,'2022-06-28 13:04:13'),(54,35,511,'2022-06-28 13:07:20'),(55,36,511,'2022-06-28 13:08:00'),(56,37,511,'2022-06-28 13:09:18'),(57,38,511,'2022-06-28 13:11:31'),(58,39,432,'2022-06-28 13:12:58'),(59,39,530,'2022-06-28 13:12:58'),(60,40,432,'2022-06-28 13:13:49'),(61,40,530,'2022-06-28 13:13:49'),(62,41,432,'2022-06-28 13:25:24'),(63,41,530,'2022-06-28 13:25:24'),(64,42,432,'2022-06-29 12:03:44'),(65,42,530,'2022-06-29 12:03:44'),(66,43,432,'2022-06-29 12:24:17'),(67,43,530,'2022-06-29 12:24:17'),(68,44,459,'2022-06-29 12:45:40'),(69,45,459,'2022-06-29 12:46:39'),(70,46,459,'2022-06-29 12:48:09'),(71,47,459,'2022-06-29 12:49:00'),(72,48,459,'2022-06-29 12:51:53'),(73,49,459,'2022-06-29 12:53:16'),(74,50,677,'2022-06-29 13:00:01'),(75,51,677,'2022-06-29 13:00:53'),(76,52,677,'2022-06-29 13:05:05'),(77,53,677,'2022-06-29 13:07:48'),(78,54,677,'2022-06-29 13:08:31'),(95,65,691,'2022-06-29 14:54:24'),(96,66,691,'2022-06-29 14:57:47'),(97,67,691,'2022-06-29 14:58:29'),(98,68,564,'2022-06-29 15:16:38'),(99,69,564,'2022-06-29 15:17:13'),(100,70,564,'2022-06-29 15:17:51'),(101,71,564,'2022-06-29 15:18:19'),(102,72,400,'2022-06-29 16:08:47'),(103,72,414,'2022-06-29 16:08:47'),(104,72,593,'2022-06-29 16:08:47'),(105,72,599,'2022-06-29 16:08:47'),(106,73,400,'2022-06-29 16:20:55'),(107,73,414,'2022-06-29 16:20:55'),(108,73,593,'2022-06-29 16:20:55'),(109,73,599,'2022-06-29 16:20:55'),(110,74,400,'2022-06-29 16:23:20'),(111,74,414,'2022-06-29 16:23:20'),(112,74,593,'2022-06-29 16:23:20'),(113,74,599,'2022-06-29 16:23:20'),(114,75,400,'2022-06-29 16:24:33'),(115,75,414,'2022-06-29 16:24:33'),(116,75,593,'2022-06-29 16:24:33'),(117,75,599,'2022-06-29 16:24:33'),(118,76,400,'2022-06-29 16:29:34'),(119,76,414,'2022-06-29 16:29:34'),(120,76,593,'2022-06-29 16:29:35'),(121,76,599,'2022-06-29 16:29:35'),(122,77,400,'2022-06-29 16:36:30'),(123,77,414,'2022-06-29 16:36:30'),(124,77,593,'2022-06-29 16:36:31'),(125,77,599,'2022-06-29 16:36:31'),(126,78,400,'2022-06-29 16:38:26'),(127,78,414,'2022-06-29 16:38:26'),(128,78,593,'2022-06-29 16:38:26'),(129,78,599,'2022-06-29 16:38:26'),(130,79,400,'2022-06-29 16:49:54'),(131,79,414,'2022-06-29 16:49:54'),(132,79,593,'2022-06-29 16:49:54'),(133,79,599,'2022-06-29 16:49:54'),(134,80,400,'2022-06-29 16:52:33'),(135,80,414,'2022-06-29 16:52:33'),(136,80,593,'2022-06-29 16:52:33'),(137,80,599,'2022-06-29 16:52:33'),(142,81,400,'2022-06-29 16:55:36'),(143,81,414,'2022-06-29 16:55:36'),(144,81,593,'2022-06-29 16:55:36'),(145,81,599,'2022-06-29 16:55:36'),(146,82,400,'2022-06-29 17:07:19'),(147,82,414,'2022-06-29 17:07:19'),(148,82,593,'2022-06-29 17:07:19'),(149,82,599,'2022-06-29 17:07:19'),(150,83,395,'2022-06-29 17:09:34'),(151,83,526,'2022-06-29 17:09:34'),(152,84,395,'2022-06-29 17:10:26'),(153,84,526,'2022-06-29 17:10:26'),(156,86,395,'2022-06-29 17:12:41'),(157,86,526,'2022-06-29 17:12:41'),(158,87,395,'2022-06-29 17:13:39'),(159,87,526,'2022-06-29 17:13:39'),(160,88,395,'2022-06-29 17:15:09'),(161,88,526,'2022-06-29 17:15:09'),(162,89,395,'2022-06-29 17:16:13'),(163,89,526,'2022-06-29 17:16:13'),(164,90,395,'2022-06-29 17:17:31'),(165,90,526,'2022-06-29 17:17:31'),(166,91,395,'2022-06-29 17:18:20'),(167,91,526,'2022-06-29 17:18:20'),(168,92,395,'2022-06-29 17:19:07'),(169,92,526,'2022-06-29 17:19:07'),(170,93,395,'2022-06-29 17:19:44'),(171,93,526,'2022-06-29 17:19:44'),(172,94,395,'2022-06-29 17:20:28'),(173,94,526,'2022-06-29 17:20:28'),(174,95,465,'2022-06-29 17:25:12'),(175,95,485,'2022-06-29 17:25:12'),(176,96,465,'2022-06-29 17:26:55'),(177,96,485,'2022-06-29 17:26:55'),(180,98,465,'2022-06-29 17:33:44'),(181,98,485,'2022-06-29 17:33:44'),(182,99,465,'2022-06-29 17:36:34'),(183,99,485,'2022-06-29 17:36:34'),(184,100,465,'2022-06-29 17:43:23'),(185,100,485,'2022-06-29 17:43:23'),(186,101,465,'2022-06-29 17:51:51'),(187,101,485,'2022-06-29 17:51:51'),(188,102,465,'2022-06-29 17:57:27'),(189,102,485,'2022-06-29 17:57:27'),(190,103,465,'2022-06-29 17:58:52'),(191,103,485,'2022-06-29 17:58:52'),(192,104,465,'2022-06-29 18:00:37'),(193,104,485,'2022-06-29 18:00:37'),(194,105,465,'2022-06-29 18:01:41'),(195,105,485,'2022-06-29 18:01:41'),(213,106,465,'2022-07-13 15:29:19'),(214,106,485,'2022-07-13 15:29:19'),(217,16,709,'2022-07-19 15:18:36'),(218,16,675,'2022-07-19 15:18:36'),(219,16,704,'2022-07-19 15:18:36'),(220,15,709,'2022-07-19 15:19:27'),(221,15,675,'2022-07-19 15:19:27'),(222,15,704,'2022-07-19 15:19:27'),(245,26,587,'2022-08-04 09:49:17'),(246,26,701,'2022-08-04 09:49:18'),(247,25,587,'2022-08-04 09:50:18'),(248,25,701,'2022-08-04 09:50:18'),(249,24,587,'2022-08-04 09:50:51'),(250,24,701,'2022-08-04 09:50:51'),(251,23,587,'2022-08-04 09:51:12'),(252,23,701,'2022-08-04 09:51:12'),(253,22,587,'2022-08-04 09:51:38'),(254,22,701,'2022-08-04 09:51:38'),(255,109,541,'2022-08-08 11:51:30'),(256,110,770,'2022-08-09 15:28:55'),(258,112,561,'2022-08-09 15:35:18'),(259,113,561,'2022-08-09 15:36:14'),(260,114,561,'2022-08-09 15:37:58'),(265,117,561,'2022-08-19 10:58:35'),(266,116,693,'2022-08-20 13:05:53'),(267,116,700,'2022-08-20 13:05:53'),(268,116,543,'2022-08-20 13:05:53'),(272,63,693,'2022-08-20 13:06:45'),(273,63,700,'2022-08-20 13:06:45'),(274,63,543,'2022-08-20 13:06:45'),(275,62,693,'2022-08-20 13:07:15'),(276,62,700,'2022-08-20 13:07:15'),(277,62,543,'2022-08-20 13:07:15'),(278,61,693,'2022-08-20 13:07:39'),(279,61,700,'2022-08-20 13:07:39'),(280,61,543,'2022-08-20 13:07:39'),(281,60,693,'2022-08-20 13:08:04'),(282,60,700,'2022-08-20 13:08:04'),(283,60,543,'2022-08-20 13:08:04'),(284,59,693,'2022-08-20 13:08:28'),(285,59,700,'2022-08-20 13:08:28'),(286,59,543,'2022-08-20 13:08:28'),(291,85,395,'2022-09-03 11:12:56'),(292,85,526,'2022-09-03 11:12:56'),(294,58,695,'2022-09-07 16:51:48'),(295,58,805,'2022-09-07 16:51:48'),(296,57,695,'2022-09-07 16:52:13'),(297,57,805,'2022-09-07 16:52:13'),(298,56,695,'2022-09-07 16:53:55'),(299,56,805,'2022-09-07 16:53:55'),(300,55,695,'2022-09-07 16:54:18'),(301,55,805,'2022-09-07 16:54:18'),(302,97,465,'2022-09-10 13:16:56'),(303,97,485,'2022-09-10 13:16:56'),(304,29,511,'2022-09-10 13:17:27'),(305,64,693,'2022-09-13 16:00:26'),(306,64,700,'2022-09-13 16:00:26'),(307,108,675,'2022-10-07 12:37:55'),(308,108,809,'2022-10-07 12:37:55'),(309,108,709,'2022-10-07 12:37:55'),(310,107,675,'2022-10-07 12:38:18'),(311,107,809,'2022-10-07 12:38:18'),(312,9,675,'2022-10-07 14:25:14'),(313,9,809,'2022-10-07 14:25:14'),(314,9,709,'2022-10-07 14:25:14'),(315,10,675,'2022-10-07 14:25:34'),(316,10,809,'2022-10-07 14:25:34'),(317,10,709,'2022-10-07 14:25:34'),(318,11,675,'2022-10-07 14:25:56'),(319,11,809,'2022-10-07 14:25:57'),(320,11,709,'2022-10-07 14:25:57'),(321,12,675,'2022-10-07 14:26:19'),(322,12,809,'2022-10-07 14:26:19'),(323,12,709,'2022-10-07 14:26:19'),(324,13,675,'2022-10-07 14:26:42'),(325,13,809,'2022-10-07 14:26:42'),(326,13,709,'2022-10-07 14:26:42'),(327,14,675,'2022-10-07 14:27:12'),(328,14,809,'2022-10-07 14:27:12'),(329,14,709,'2022-10-07 14:27:12'),(332,111,677,'2022-10-08 10:57:11'),(333,115,394,'2022-11-01 16:12:12'),(334,118,394,'2022-11-01 16:12:28'),(335,119,394,'2022-11-01 16:13:03'),(336,120,394,'2022-11-01 16:13:29'),(339,20,541,'2022-11-11 17:59:51');

--
-- Table structure for table `sb_help_desk_types_working_days`
--

CREATE TABLE `sb_help_desk_types_working_days` (
  `types_working_days_pkid` int(11) NOT NULL AUTO_INCREMENT,
  `working_day_is_check` int(11) DEFAULT '0',
  `type_fkid` int(11) DEFAULT NULL,
  `type_working_days` varchar(45) DEFAULT NULL,
  `type_start_time` time DEFAULT NULL,
  `type_end_time` time DEFAULT NULL,
  `type_total_working_hours` int(11) DEFAULT NULL,
  `added_by` int(11) DEFAULT NULL,
  `added_date` datetime DEFAULT CURRENT_TIMESTAMP,
  PRIMARY KEY (`types_working_days_pkid`)
) ENGINE=InnoDB AUTO_INCREMENT=127 DEFAULT CHARSET=latin1;

--
-- Dumping data for table `sb_help_desk_types_working_days`
--

INSERT INTO `sb_help_desk_types_working_days` VALUES (1,1,1,'Monday','09:30:00','18:30:00',9,363,'2022-06-29 18:10:39'),(2,1,1,'Tuesday','09:30:00','18:30:00',9,363,'2022-06-29 18:10:39'),(3,1,1,'Wednesday','09:30:00','18:30:00',9,363,'2022-06-29 18:10:39'),(4,1,1,'Thursday','09:30:00','18:30:00',9,363,'2022-06-29 18:10:39'),(5,1,1,'Friday','09:30:00','18:30:00',9,363,'2022-06-29 18:10:39'),(6,1,1,'Saturday','09:30:00','18:30:00',9,363,'2022-06-29 18:10:39'),(7,1,1,'Sunday','00:00:00','00:00:00',0,363,'2022-06-29 18:10:39'),(8,1,2,'Monday','09:30:00','18:30:00',9,363,'2022-06-30 10:30:58'),(9,1,2,'Tuesday','09:30:00','18:30:00',9,363,'2022-06-30 10:30:58'),(10,1,2,'Wednesday','09:30:00','18:30:00',9,363,'2022-06-30 10:30:58'),(11,1,2,'Thursday','09:30:00','18:30:00',9,363,'2022-06-30 10:30:58'),(12,1,2,'Friday','09:30:00','18:30:00',9,363,'2022-06-30 10:30:58'),(13,1,2,'Saturday','09:30:00','18:30:00',9,363,'2022-06-30 10:30:58'),(14,1,2,'Sunday','00:00:00','00:00:00',0,363,'2022-06-30 10:30:58'),(15,1,3,'Monday','09:30:00','18:30:00',9,363,'2022-06-30 10:34:05'),(16,1,3,'Tuesday','09:30:00','18:30:00',9,363,'2022-06-30 10:34:05'),(17,1,3,'Wednesday','09:30:00','18:30:00',9,363,'2022-06-30 10:34:05'),(18,1,3,'Thursday','09:30:00','18:30:00',9,363,'2022-06-30 10:34:05'),(19,1,3,'Friday','09:30:00','18:30:00',9,363,'2022-06-30 10:34:05'),(20,1,3,'Saturday','09:30:00','18:30:00',9,363,'2022-06-30 10:34:06'),(21,1,3,'Sunday','00:00:00','00:00:00',0,363,'2022-06-30 10:34:06'),(22,1,4,'Monday','09:30:00','18:30:00',9,363,'2022-06-30 10:39:02'),(23,1,4,'Tuesday','09:30:00','18:30:00',9,363,'2022-06-30 10:39:02'),(24,1,4,'Wednesday','09:30:00','18:30:00',9,363,'2022-06-30 10:39:02'),(25,1,4,'Thursday','09:30:00','18:30:00',9,363,'2022-06-30 10:39:02'),(26,1,4,'Friday','09:30:00','18:30:00',9,363,'2022-06-30 10:39:02'),(27,1,4,'Saturday','09:30:00','18:30:00',9,363,'2022-06-30 10:39:02'),(28,1,4,'Sunday','00:00:00','00:00:00',0,363,'2022-06-30 10:39:02'),(29,1,5,'Monday','09:30:00','18:30:00',9,363,'2022-06-30 10:42:36'),(30,1,5,'Tuesday','09:30:00','18:30:00',9,363,'2022-06-30 10:42:36'),(31,1,5,'Wednesday','09:30:00','18:30:00',9,363,'2022-06-30 10:42:37'),(32,1,5,'Thursday','09:30:00','18:30:00',9,363,'2022-06-30 10:42:37'),(33,1,5,'Friday','09:30:00','18:30:00',9,363,'2022-06-30 10:42:37'),(34,1,5,'Saturday','09:30:00','18:30:00',9,363,'2022-06-30 10:42:37'),(35,1,5,'Sunday','00:00:00','00:00:00',0,363,'2022-06-30 10:42:37'),(36,1,6,'Monday','09:30:00','18:30:00',9,363,'2022-06-30 10:47:58'),(37,1,6,'Tuesday','09:30:00','18:30:00',9,363,'2022-06-30 10:47:58'),(38,1,6,'Wednesday','09:30:00','18:30:00',9,363,'2022-06-30 10:47:58'),(39,1,6,'Thursday','09:30:00','18:30:00',9,363,'2022-06-30 10:47:58'),(40,1,6,'Friday','09:30:00','18:30:00',9,363,'2022-06-30 10:47:58'),(41,1,6,'Saturday','09:30:00','18:30:00',9,363,'2022-06-30 10:47:58'),(42,1,6,'Sunday','00:00:00','00:00:00',0,363,'2022-06-30 10:47:58'),(43,1,7,'Monday','09:30:00','18:30:00',9,363,'2022-06-30 10:54:09'),(44,1,7,'Tuesday','09:30:00','18:30:00',9,363,'2022-06-30 10:54:09'),(45,1,7,'Wednesday','09:30:00','18:30:00',9,363,'2022-06-30 10:54:09'),(46,1,7,'Thursday','09:30:00','18:30:00',9,363,'2022-06-30 10:54:10'),(47,1,7,'Friday','09:30:00','18:30:00',9,363,'2022-06-30 10:54:10'),(48,1,7,'Saturday','09:30:00','18:30:00',9,363,'2022-06-30 10:54:10'),(49,1,7,'Sunday','00:00:00','00:00:00',0,363,'2022-06-30 10:54:10'),(50,1,8,'Monday','09:30:00','18:30:00',9,363,'2022-06-30 10:55:35'),(51,1,8,'Tuesday','09:30:00','18:30:00',9,363,'2022-06-30 10:55:35'),(52,1,8,'Wednesday','09:30:00','18:30:00',9,363,'2022-06-30 10:55:35'),(53,1,8,'Thursday','09:30:00','18:30:00',9,363,'2022-06-30 10:55:35'),(54,1,8,'Friday','09:30:00','18:30:00',9,363,'2022-06-30 10:55:35'),(55,1,8,'Saturday','09:30:00','18:30:00',9,363,'2022-06-30 10:55:35'),(56,1,8,'Sunday','00:00:00','00:00:00',0,363,'2022-06-30 10:55:36'),(57,1,9,'Monday','09:30:00','18:30:00',9,363,'2022-06-30 11:19:23'),(58,1,9,'Tuesday','09:30:00','18:30:00',9,363,'2022-06-30 11:19:23'),(59,1,9,'Wednesday','09:30:00','18:30:00',9,363,'2022-06-30 11:19:23'),(60,1,9,'Thursday','09:30:00','18:30:00',9,363,'2022-06-30 11:19:23'),(61,1,9,'Friday','09:30:00','18:30:00',9,363,'2022-06-30 11:19:23'),(62,1,9,'Saturday','09:30:00','18:30:00',9,363,'2022-06-30 11:19:23'),(63,1,9,'Sunday','00:00:00','00:00:00',0,363,'2022-06-30 11:19:23'),(64,1,10,'Monday','09:30:00','18:30:00',9,363,'2022-06-30 11:21:28'),(65,1,10,'Tuesday','09:30:00','18:30:00',9,363,'2022-06-30 11:21:28'),(66,1,10,'Wednesday','09:30:00','18:30:00',9,363,'2022-06-30 11:21:28'),(67,1,10,'Thursday','09:30:00','18:30:00',9,363,'2022-06-30 11:21:28'),(68,1,10,'Friday','09:30:00','18:30:00',9,363,'2022-06-30 11:21:28'),(69,1,10,'Saturday','09:30:00','18:30:00',9,363,'2022-06-30 11:21:28'),(70,1,10,'Sunday','00:00:00','00:00:00',0,363,'2022-06-30 11:21:28'),(71,1,11,'Monday','09:30:00','18:30:00',9,363,'2022-06-30 11:23:54'),(72,1,11,'Tuesday','09:30:00','18:30:00',9,363,'2022-06-30 11:23:54'),(73,1,11,'Wednesday','09:30:00','18:30:00',9,363,'2022-06-30 11:23:54'),(74,1,11,'Thursday','09:30:00','18:30:00',9,363,'2022-06-30 11:23:54'),(75,1,11,'Friday','09:30:00','18:30:00',9,363,'2022-06-30 11:23:54'),(76,1,11,'Saturday','09:30:00','18:30:00',9,363,'2022-06-30 11:23:55'),(77,1,11,'Sunday','00:00:00','00:00:00',0,363,'2022-06-30 11:23:55'),(78,1,12,'Monday','09:30:00','18:30:00',9,363,'2022-06-30 11:33:55'),(79,1,12,'Tuesday','09:30:00','18:30:00',9,363,'2022-06-30 11:33:55'),(80,1,12,'Wednesday','09:30:00','18:30:00',9,363,'2022-06-30 11:33:55'),(81,1,12,'Thursday','09:30:00','18:30:00',9,363,'2022-06-30 11:33:55'),(82,1,12,'Friday','09:30:00','18:30:00',9,363,'2022-06-30 11:33:55'),(83,1,12,'Saturday','09:30:00','18:30:00',9,363,'2022-06-30 11:33:55'),(84,1,12,'Sunday','00:00:00','00:00:00',0,363,'2022-06-30 11:33:55'),(85,1,13,'Monday','09:30:00','18:30:00',9,363,'2022-06-30 11:50:18'),(86,1,13,'Tuesday','09:30:00','18:30:00',9,363,'2022-06-30 11:50:18'),(87,1,13,'Wednesday','09:30:00','18:30:00',9,363,'2022-06-30 11:50:18'),(88,1,13,'Thursday','09:30:00','18:30:00',9,363,'2022-06-30 11:50:18'),(89,1,13,'Friday','09:30:00','18:30:00',9,363,'2022-06-30 11:50:18'),(90,1,13,'Saturday','09:30:00','18:30:00',9,363,'2022-06-30 11:50:18'),(91,1,13,'Sunday','00:00:00','00:00:00',0,363,'2022-06-30 11:50:19'),(92,1,14,'Monday','09:30:00','18:30:00',9,363,'2022-06-30 11:53:14'),(93,1,14,'Tuesday','09:30:00','18:30:00',9,363,'2022-06-30 11:53:14'),(94,1,14,'Wednesday','09:30:00','18:30:00',9,363,'2022-06-30 11:53:14'),(95,1,14,'Thursday','09:30:00','18:30:00',9,363,'2022-06-30 11:53:14'),(96,1,14,'Friday','09:30:00','18:30:00',9,363,'2022-06-30 11:53:14'),(97,1,14,'Saturday','09:30:00','18:30:00',9,363,'2022-06-30 11:53:14'),(98,1,14,'Sunday','00:00:00','00:00:00',0,363,'2022-06-30 11:53:14'),(99,1,15,'Monday','09:30:00','18:30:00',9,363,'2022-06-30 11:54:57'),(100,1,15,'Tuesday','09:30:00','18:30:00',9,363,'2022-06-30 11:54:57'),(101,1,15,'Wednesday','09:30:00','18:30:00',9,363,'2022-06-30 11:54:58'),(102,1,15,'Thursday','09:30:00','18:30:00',9,363,'2022-06-30 11:54:58'),(103,1,15,'Friday','09:30:00','18:30:00',9,363,'2022-06-30 11:54:58'),(104,1,15,'Saturday','09:30:00','18:30:00',9,363,'2022-06-30 11:54:58'),(105,1,15,'Sunday','00:00:00','00:00:00',0,363,'2022-06-30 11:54:58'),(106,1,16,'Monday','09:30:00','18:30:00',9,363,'2022-06-30 11:56:44'),(107,1,16,'Tuesday','09:30:00','18:30:00',9,363,'2022-06-30 11:56:44'),(108,1,16,'Wednesday','09:30:00','18:30:00',9,363,'2022-06-30 11:56:44'),(109,1,16,'Thursday','09:30:00','18:30:00',9,363,'2022-06-30 11:56:44'),(110,1,16,'Friday','09:30:00','18:30:00',9,363,'2022-06-30 11:56:44'),(111,1,16,'Saturday','09:30:00','18:30:00',9,363,'2022-06-30 11:56:44'),(112,1,16,'Sunday','00:00:00','00:00:00',0,363,'2022-06-30 11:56:45'),(113,1,17,'Monday','09:30:00','18:30:00',9,363,'2022-06-30 11:57:38'),(114,1,17,'Tuesday','09:30:00','18:30:00',9,363,'2022-06-30 11:57:38'),(115,1,17,'Wednesday','09:30:00','18:30:00',9,363,'2022-06-30 11:57:39'),(116,1,17,'Thursday','09:30:00','18:30:00',9,363,'2022-06-30 11:57:39'),(117,1,17,'Friday','09:30:00','18:30:00',9,363,'2022-06-30 11:57:39'),(118,1,17,'Saturday','09:30:00','18:30:00',9,363,'2022-06-30 11:57:39'),(119,1,17,'Sunday','00:00:00','00:00:00',0,363,'2022-06-30 11:57:39'),(120,1,19,'Monday','09:30:00','06:00:00',20,363,'2022-07-27 17:34:00'),(121,1,19,'Tuesday','09:30:00','06:00:00',20,363,'2022-07-27 17:34:00'),(122,1,19,'Wednesday','09:30:00','06:00:00',20,363,'2022-07-27 17:34:00'),(123,1,19,'Thursday','09:30:00','06:00:00',20,363,'2022-07-27 17:34:00'),(124,1,19,'Friday','09:30:00','06:00:00',20,363,'2022-07-27 17:34:00'),(125,1,19,'Saturday','09:30:00','13:00:00',3,363,'2022-07-27 17:34:00'),(126,1,19,'Sunday','00:00:00','00:00:00',0,363,'2022-07-27 17:34:00');

--
-- Table structure for table `sb_holiday`
--

CREATE TABLE `sb_holiday` (
  `holiday_pk_id` int(11) NOT NULL AUTO_INCREMENT,
  `holiday_name` varchar(255) NOT NULL,
  `holiday_start_date` date NOT NULL,
  `holiday_end_date` date NOT NULL,
  `holiday_image` varchar(255) NOT NULL,
  `holiday_app_classes` varchar(255) DEFAULT NULL,
  PRIMARY KEY (`holiday_pk_id`)
) ENGINE=InnoDB DEFAULT CHARSET=utf8;

--
-- Dumping data for table `sb_holiday`
--


--
-- Table structure for table `sb_holiday_class_section`
--

CREATE TABLE `sb_holiday_class_section` (
  `id` int(11) NOT NULL AUTO_INCREMENT,
  `hcs_fk_class_id` int(11) NOT NULL,
  `hcs_fk_section_id` int(11) NOT NULL,
  `hcs_fk_holiday_id` int(11) NOT NULL,
  PRIMARY KEY (`id`)
) ENGINE=InnoDB DEFAULT CHARSET=latin1;

--
-- Dumping data for table `sb_holiday_class_section`
--


--
-- Table structure for table `sb_homework`
--

CREATE TABLE `sb_homework` (
  `homework_pk_id` int(11) NOT NULL AUTO_INCREMENT,
  `homework_fk_class_id` int(11) NOT NULL,
  `homework_fk_section_id` int(11) NOT NULL,
  `homework_fk_subject_id` int(11) NOT NULL,
  `homework_fk_sub_subject_id` int(11) NOT NULL,
  `homework_fk_syllabus_id` int(11) NOT NULL,
  `homework_comments` mediumtext NOT NULL,
  `homework_topic` mediumtext NOT NULL,
  `homework_submission_date` date NOT NULL,
  `homework_exam_weightage` enum('Yes','No','-') NOT NULL DEFAULT 'No',
  `homework_fk_status_id` int(11) NOT NULL,
  `homework_publish_date` date NOT NULL,
  `homework_added_by` int(11) NOT NULL,
  `homework_added_date` timestamp NOT NULL DEFAULT CURRENT_TIMESTAMP,
  `homework_submission_time` time DEFAULT NULL,
  PRIMARY KEY (`homework_pk_id`)
) ENGINE=InnoDB DEFAULT CHARSET=utf8;

--
-- Dumping data for table `sb_homework`
--


--
-- Table structure for table `sb_homework_files`
--

CREATE TABLE `sb_homework_files` (
  `files_pk_id` int(11) NOT NULL AUTO_INCREMENT,
  `files_homework_id` int(11) NOT NULL,
  `files_filename` varchar(255) NOT NULL,
  `files_added_date` timestamp NOT NULL DEFAULT CURRENT_TIMESTAMP,
  PRIMARY KEY (`files_pk_id`)
) ENGINE=InnoDB DEFAULT CHARSET=utf8;

--
-- Dumping data for table `sb_homework_files`
--


--
-- Table structure for table `sb_homework_student_upload`
--

CREATE TABLE `sb_homework_student_upload` (
  `hu_pk_id` int(11) NOT NULL AUTO_INCREMENT,
  `hu_homework_id` int(11) DEFAULT NULL,
  `hu_student_id` int(11) DEFAULT NULL,
  `hu_uploaded_file` mediumtext,
  `hu_uploaded_filename` text,
  `hu_added_date` datetime DEFAULT CURRENT_TIMESTAMP,
  PRIMARY KEY (`hu_pk_id`)
) ENGINE=MyISAM DEFAULT CHARSET=utf8;

--
-- Dumping data for table `sb_homework_student_upload`
--


--
-- Table structure for table `sb_homework_student_upload_observation`
--

CREATE TABLE `sb_homework_student_upload_observation` (
  `hsuo_pk_id` int(11) NOT NULL AUTO_INCREMENT,
  `huso_student_id` int(11) DEFAULT NULL,
  `huso_homework_id` int(11) DEFAULT NULL,
  `huso_upload_id` int(11) DEFAULT NULL,
  `huso_files` text,
  `huso_remarks` text,
  `huso_is_view` int(11) DEFAULT '0',
  `huso_added_date` datetime DEFAULT CURRENT_TIMESTAMP,
  PRIMARY KEY (`hsuo_pk_id`)
) ENGINE=InnoDB DEFAULT CHARSET=utf8;

--
-- Dumping data for table `sb_homework_student_upload_observation`
--


--
-- Table structure for table `sb_homework_submission`
--

CREATE TABLE `sb_homework_submission` (
  `submission_id` int(11) NOT NULL AUTO_INCREMENT,
  `submission_fk_homework_id` int(11) NOT NULL,
  `submission_fk_student_detail_id` int(11) NOT NULL,
  `submission_submited_date` datetime NOT NULL,
  `submission_status` smallint(6) NOT NULL,
  `submission_remark` varchar(255) NOT NULL,
  `submission_added_date` timestamp NOT NULL DEFAULT CURRENT_TIMESTAMP,
  PRIMARY KEY (`submission_id`)
) ENGINE=InnoDB DEFAULT CHARSET=utf8;

--
-- Dumping data for table `sb_homework_submission`
--


--
-- Table structure for table `sb_hostel_accommodation_type`
--

CREATE TABLE `sb_hostel_accommodation_type` (
  `hat_pk_id` int(11) NOT NULL AUTO_INCREMENT,
  `hat_name` varchar(45) DEFAULT NULL,
  `hat_added_by` int(11) DEFAULT NULL,
  `hat_added_date` timestamp NULL DEFAULT CURRENT_TIMESTAMP,
  `hat_status` int(2) DEFAULT '1',
  PRIMARY KEY (`hat_pk_id`)
) ENGINE=InnoDB AUTO_INCREMENT=5 DEFAULT CHARSET=latin1;

--
-- Dumping data for table `sb_hostel_accommodation_type`
--

INSERT INTO `sb_hostel_accommodation_type` VALUES (1,'AC Room',363,'2022-07-13 17:43:28',1),(2,'Non-AC Room',363,'2022-07-13 17:43:38',1),(3,'Cooler Room',363,'2022-07-07 11:14:27',5),(4,'Central AC',363,'2022-07-07 11:14:31',5);

--
-- Table structure for table `sb_hostel_attendance_type`
--

CREATE TABLE `sb_hostel_attendance_type` (
  `hat_pk_id` int(11) NOT NULL AUTO_INCREMENT,
  `hat_name` varchar(45) DEFAULT NULL,
  `hat_start_date` datetime DEFAULT NULL,
  `hat_end_date` datetime DEFAULT NULL,
  `hat_status` int(1) DEFAULT '1',
  `hat_added_by` int(11) DEFAULT NULL,
  `hat_added_date` timestamp NULL DEFAULT CURRENT_TIMESTAMP,
  PRIMARY KEY (`hat_pk_id`)
) ENGINE=InnoDB AUTO_INCREMENT=9 DEFAULT CHARSET=latin1;

--
-- Dumping data for table `sb_hostel_attendance_type`
--

INSERT INTO `sb_hostel_attendance_type` VALUES (3,'Afternoon Attendance','2022-01-01 05:30:00','2022-01-29 18:30:00',5,363,'2022-08-25 02:50:34'),(4,'Morning Attendance','2022-07-01 15:34:00','2022-08-01 06:34:00',5,363,'2022-08-25 02:50:39'),(5,'Night Attendance','2022-08-01 21:30:00','2022-08-31 22:30:00',5,363,'2022-08-25 02:50:44'),(6,'Night Attendance','2022-08-25 22:00:00','2023-04-30 23:30:00',1,363,'2022-09-07 10:42:13'),(7,'Morning Attendance','2022-09-01 05:00:00','2023-04-29 08:15:00',1,363,'2022-09-02 04:55:13'),(8,'Morning Attendance','2022-08-24 06:00:00','2022-08-31 18:00:00',5,363,'2022-08-25 02:52:34');

--
-- Table structure for table `sb_hostel_bed_assigned_student`
--

CREATE TABLE `sb_hostel_bed_assigned_student` (
  `hbas_pk_id` int(11) NOT NULL AUTO_INCREMENT,
  `hbas_bed_pk_id` int(11) DEFAULT NULL,
  `hbas_stud_pk_id` int(11) DEFAULT NULL,
  `hbas_class_id` int(11) DEFAULT NULL,
  `hbas_section_id` int(11) DEFAULT NULL,
  `hbas_wing_id` int(11) DEFAULT NULL,
  `hbas_status` int(2) DEFAULT '1',
  `hbas_added_by` int(11) DEFAULT NULL,
  `hbas_added_date` datetime DEFAULT NULL,
  PRIMARY KEY (`hbas_pk_id`)
) ENGINE=InnoDB AUTO_INCREMENT=19 DEFAULT CHARSET=latin1;

--
-- Dumping data for table `sb_hostel_bed_assigned_student`
--

INSERT INTO `sb_hostel_bed_assigned_student` VALUES (18,58,4510,8,10,4,1,644,'2023-01-20 12:02:50');

--
-- Table structure for table `sb_hostel_bed_type`
--

CREATE TABLE `sb_hostel_bed_type` (
  `hbt_pk_id` int(11) NOT NULL AUTO_INCREMENT,
  `hbt_name` varchar(45) DEFAULT NULL,
  `hbt_status` int(2) DEFAULT '1',
  `hbt_added_by` int(11) DEFAULT NULL,
  `hbt_added_date` timestamp NULL DEFAULT CURRENT_TIMESTAMP,
  PRIMARY KEY (`hbt_pk_id`)
) ENGINE=InnoDB AUTO_INCREMENT=5 DEFAULT CHARSET=latin1;

--
-- Dumping data for table `sb_hostel_bed_type`
--

INSERT INTO `sb_hostel_bed_type` VALUES (1,'Bunker',5,604,'2022-06-28 11:36:53'),(2,'Normal Bed',1,363,'2022-07-18 08:37:40'),(3,'Bunker Bed',1,363,'2022-07-18 08:37:49'),(4,'Bunker single seater',1,363,'2023-03-25 06:50:55');

--
-- Table structure for table `sb_hostel_employee`
--

CREATE TABLE `sb_hostel_employee` (
  `hre_pk_id` int(11) NOT NULL AUTO_INCREMENT,
  `hre_emp_name` varchar(45) DEFAULT NULL,
  `hre_role_id` int(11) DEFAULT NULL,
  `hre_status` int(2) DEFAULT NULL,
  `hre_added_by` int(11) DEFAULT NULL,
  `hre_added_date` timestamp NULL DEFAULT NULL,
  `hre_emp_contact_no` bigint(11) DEFAULT NULL,
  `hre_emp_email` varchar(45) DEFAULT NULL,
  `hre_emp_alt_contact_no` bigint(11) DEFAULT NULL,
  PRIMARY KEY (`hre_pk_id`)
) ENGINE=InnoDB AUTO_INCREMENT=80 DEFAULT CHARSET=latin1;

--
-- Dumping data for table `sb_hostel_employee`
--

INSERT INTO `sb_hostel_employee` VALUES (1,'362',1,5,604,'2022-07-28 09:01:48',9619101328,'neelamadhab.panda@schoolbellq.com',0),(2,'372',3,5,604,'2022-07-28 09:01:44',9348281256,'alok.mohapatra@odmegroup.org',0),(3,'363',1,5,707,'2022-07-27 07:59:11',NULL,NULL,NULL),(4,'363',1,5,707,'2022-07-27 07:59:15',NULL,NULL,NULL),(5,'363',1,5,707,'2022-07-26 13:21:19',0,'362',0),(6,'362',1,5,604,'2022-07-27 08:27:27',9619101328,'neelamadhab.panda@schoolbellq.com',0),(7,'363',1,5,604,'2022-07-27 09:08:05',9619101328,'neelamadhab.panda@schoolbellq.com',0),(8,'367',1,5,604,'2022-07-28 09:01:20',7077321637,'krishna.moharana@odmegroup.org',0),(9,'367',0,5,707,'2022-07-27 03:33:47',9853101220,'chiranjeeb.mohapatra@odmegroup.org',0),(10,'367',0,1,707,'2022-07-27 03:34:05',9861007575,'smitashri.dash@odmegroup.org',0),(11,'362',0,1,707,'2022-07-27 03:38:09',9619101328,'neelamadhab.panda@schoolbellq.com',0),(12,'367',1,5,707,'2022-07-27 08:27:42',9861007575,'smitashri.dash@odmegroup.org',0),(13,'362',1,5,604,'2022-07-27 09:08:15',9619101328,'neelamadhab.panda@schoolbellq.com',0),(14,'362',1,5,707,'2022-07-27 08:27:37',9619101328,'neelamadhab.panda@schoolbellq.com',0),(15,'367',0,2,604,'2022-07-27 08:06:12',0,'',0),(16,'367',0,2,604,'2022-07-27 08:06:27',0,'',0),(17,'367',0,2,604,'2022-07-27 08:06:55',0,'',0),(18,'374',0,1,604,'2022-07-27 08:21:57',9090743092,'suresh.tripathy@odmegroup.org',0),(19,'374',1,5,604,'2022-07-28 09:00:01',9090743092,'suresh.tripathy@odmegroup.org',0),(20,'362',1,5,604,'2022-07-28 09:01:51',9619101328,'neelamadhab.panda@schoolbellq.com',0),(21,'364',1,5,707,'2022-07-27 08:39:06',9861007575,'smitashri.dash@odmegroup.org',0),(22,'363',1,5,707,'2022-07-27 08:39:15',9337781090,'amanrouniyar88@gmail.com',0),(23,'365',1,5,604,'2022-07-28 09:01:54',9437522458,'shantilata.bhuyan@odmegroup.org',0),(24,'366',1,5,604,'2022-07-28 09:01:58',9437564973,'jancy.tom@odmegroup.org',0),(25,'366',3,5,604,'2022-07-28 09:02:02',9437564973,'jancy.tom@odmegroup.org',0),(26,'365',1,5,604,'2022-07-28 09:02:17',9437522458,'shantilata.bhuyan@odmegroup.org',0),(27,'365',1,5,604,'2022-07-28 09:02:36',9437522458,'shantilata.bhuyan@odmegroup.org',0),(28,'366',1,5,604,'2022-07-28 09:02:40',9437564973,'jancy.tom@odmegroup.org',0),(29,'367',0,1,604,'2022-07-27 09:06:16',7077321637,'krishna.moharana@odmegroup.org',0),(30,'363',1,5,604,'2022-07-28 09:03:58',9337781090,'amanrouniyar88@gmail.com',9337781090),(31,'367',0,1,604,'2022-07-27 09:23:42',0,'',0),(32,'365',1,5,604,'2022-07-28 09:04:05',44223232,'shantilata.bhuyan@odmegroup.org',0),(33,'',0,1,1,'2022-07-27 09:30:46',0,'',0),(34,'',0,1,707,'2022-07-27 09:52:02',0,'',0),(35,'374',3,5,604,'2022-07-28 09:00:49',9090743092,'suresh.tripathy@odmegroup.org',0),(36,'362',3,5,604,'2022-07-28 09:04:10',9619101328,'neelamadhab.panda@schoolbellq.co',0),(37,'363',1,5,363,'2022-08-25 02:49:50',9337781090,'amanrouniyar88@gmail.com',0),(38,'367',1,5,363,'2022-08-25 02:49:46',7077321637,'krishna.moharana@odmegroup.org',0),(39,'362',1,5,363,'2022-08-25 02:49:42',9619101328,'neelamadhab.panda@schoolbellq.com',0),(40,'364',3,5,604,'2022-08-01 06:26:16',9861007575,'smitashri.dash@odmegroup.org',0),(41,'366',1,5,363,'2022-08-25 02:49:38',9437564973,'jancy.tom@odmegroup.org',0),(42,'374',2,5,363,'2022-08-25 02:49:34',9090743092,'suresh.tripathy@odmegroup.org',0),(43,'370',1,5,363,'2022-08-25 02:49:29',9337663776,'lalit.mohapatra@odmegroup.org',0),(44,'373',3,5,363,'2022-08-25 02:49:25',9555616944,'sailabala.nayak@odmegroup.org',0),(45,'371',3,5,363,'2022-08-25 02:49:21',9938340750,'subrat.mohanty@odmegroup.org',0),(46,'374',3,5,363,'2022-08-25 02:49:17',9090743092,'suresh.tripathy@odmegroup.org',0),(47,'772',9,5,363,'2022-08-25 02:49:13',0,'sudip.banerjee@odmegroup.org',0),(48,'362',1,5,363,'2022-09-05 05:42:04',9619101328,'neelamadhab.panda@schoolbellq.com',0),(49,'369',4,5,363,'2022-09-05 05:42:16',7684074784,'avilash.dwivedy@odmegroup.org',0),(50,'370',2,5,363,'2022-09-05 05:42:12',9337663776,'lalit.mohapatra@odmegroup.org',0),(51,'375',3,5,363,'2022-09-05 05:42:08',9853454528,'pradeep.pati@odmegroup.org',0),(52,'785',1,5,772,'2022-09-12 16:10:31',7377129092,'anilsahoo.pmkvy@gmail.com',0),(53,'694',2,1,363,'2022-09-05 07:01:03',7978828296,'pradeep.patnaik@odmegroup.org',0),(54,'700',2,1,363,'2022-09-05 07:02:58',7008234646,'mitali.jena@odmegroup.org',0),(55,'693',2,1,363,'2022-09-05 07:05:07',9867495387,'ashish.sahu@odmegroup.org',0),(56,'781',1,1,363,'2022-09-05 07:10:41',7848013443,'sangramgaigaria86@gmail.com',0),(57,'782',1,1,363,'2022-09-05 07:11:33',9337883385,'rajibroutray00@gmail.com',0),(58,'783',1,1,363,'2022-09-05 07:12:24',7853072291,'jitendrakumarroutray339@gmail.com',0),(59,'784',1,1,363,'2022-09-05 07:12:55',9776996839,'prashantpani754004@gmail.com',0),(60,'786',1,1,363,'2022-09-05 07:13:30',7682037528,'munaranabd00@gmail.com',0),(61,'787',1,1,363,'2022-09-05 07:14:01',9438537332,'bapujee4christ@gmail.com',0),(62,'788',1,1,363,'2022-09-05 07:17:10',9182241261,'anillkumar524@gmail.com',0),(63,'789',1,1,363,'2022-09-05 07:21:18',9668080651,'coolbimalkumar01@gmail.com',0),(64,'790',1,1,363,'2022-09-05 07:21:51',7894209535,'mishrajitendra694@gmail.com',0),(65,'791',1,1,363,'2022-09-05 07:22:30',6310118123,'mohantybanty9@gmail.com',0),(66,'792',1,1,363,'2022-09-05 07:23:03',6371513235,'mesmerizingmanas963@gmail.com',0),(67,'793',1,1,363,'2022-09-05 07:23:33',7077338851,'nishikantabagha58@gmail.com',0),(68,'794',1,5,772,'2022-09-12 16:10:04',9040970211,'prasantabiswal0123@gmail.com',0),(69,'795',1,1,363,'2022-09-05 07:24:27',7077140175,'beheraanisha62@gmail.com',0),(70,'796',1,1,363,'2022-09-05 07:38:14',9078921524,'sbanita875@gmail.com',0),(71,'797',1,1,363,'2022-09-05 07:38:44',8339800890,'sgrkmdl123@gmail.com',0),(72,'798',1,1,363,'2022-09-05 07:39:11',6370548818,'lilikumarid@gmail.com',0),(73,'799',1,1,363,'2022-09-05 07:41:17',9348568810,'anupamaprusty9@gmail.com',0),(74,'800',1,1,363,'2022-09-05 07:42:57',6370257958,'usharanirout94@gmail.com',0),(75,'801',1,1,363,'2022-09-05 07:43:28',6371971773,'sunandasethi82@gmail.com',0),(76,'802',1,1,363,'2022-09-05 07:46:48',1234567890,'amalaachary109@gmail.com',0),(77,'803',1,1,363,'2022-09-05 07:47:41',9776643743,'pdas3812@gmail.com',0),(78,'804',1,1,363,'2022-09-05 07:48:12',8984574577,'beherasantoshkumar784@gmail.com',0),(79,'772',4,1,772,'2022-09-12 16:10:46',8093236748,'sudip.banerjee@odmegroup.org',0);

--
-- Table structure for table `sb_hostel_employee_allotted_detail`
--

CREATE TABLE `sb_hostel_employee_allotted_detail` (
  `head_pk_id` int(11) NOT NULL AUTO_INCREMENT,
  `head_hostel_type` int(11) DEFAULT NULL,
  `head_hostel_pk_id` int(11) DEFAULT NULL,
  `head_floor_id` int(11) DEFAULT NULL,
  `head_room_id` int(11) DEFAULT NULL,
  `head_room_number` varchar(45) DEFAULT NULL,
  `head_floor_coordinator_emp_id` int(11) DEFAULT NULL,
  `head_boarding_manager_emp_id` int(11) DEFAULT NULL,
  `head_hostel_head_emp_id` int(11) DEFAULT NULL,
  `head_hostel_boarding_head_emp_id` int(11) DEFAULT NULL,
  `head_status` int(1) DEFAULT '1',
  `head_start_date` date DEFAULT NULL,
  `head_end_date` date DEFAULT NULL,
  `head_added_by` int(11) DEFAULT NULL,
  `head_added_date` timestamp NULL DEFAULT CURRENT_TIMESTAMP,
  PRIMARY KEY (`head_pk_id`)
) ENGINE=InnoDB AUTO_INCREMENT=863 DEFAULT CHARSET=latin1;

--
-- Dumping data for table `sb_hostel_employee_allotted_detail`
--

INSERT INTO `sb_hostel_employee_allotted_detail` VALUES (767,2,26,4,NULL,'102',782,700,0,772,1,'2022-09-01','2022-09-30',604,'2022-09-05 10:37:30'),(768,2,26,1,NULL,'202',782,700,0,772,1,'2022-09-01','2022-09-30',604,'2022-09-05 10:35:54'),(773,1,28,4,NULL,'OPS-DF-002',794,694,0,772,1,'2022-09-01','2023-03-31',363,'2022-09-05 10:46:58'),(774,1,28,4,NULL,'OPS-DF-003',794,694,0,772,1,'2022-09-01','2023-03-31',363,'2022-09-05 10:46:58'),(775,1,28,4,NULL,'OPS-DF-004',794,694,0,772,1,'2022-09-01','2023-03-31',363,'2022-09-05 10:46:58'),(776,1,28,4,NULL,'OPS-DF-005',794,694,0,772,1,'2022-09-01','2023-03-31',363,'2022-09-05 10:46:58'),(777,1,28,4,NULL,'OPS-DF-006',794,694,0,772,1,'2022-09-01','2023-03-31',363,'2022-09-05 10:46:58'),(778,1,28,4,NULL,'OPS-DF-007',794,694,0,772,1,'2022-09-01','2023-03-31',363,'2022-09-05 10:46:58'),(779,1,28,4,NULL,'OPS-DF-008',794,694,0,772,1,'2022-09-01','2023-03-31',363,'2022-09-05 10:46:58'),(780,1,28,4,NULL,'OPS-DF-009',794,694,0,772,1,'2022-09-01','2023-03-31',363,'2022-09-05 10:46:58'),(781,1,28,4,NULL,'OPS-DF-010',794,694,0,772,1,'2022-09-01','2023-03-31',363,'2022-09-05 10:46:58'),(782,1,28,4,NULL,'OPS-DF-011',794,694,0,772,1,'2022-09-01','2023-03-31',363,'2022-09-05 10:46:58'),(783,1,28,4,NULL,'OPS-DF-012',794,694,0,772,1,'2022-09-01','2023-03-31',363,'2022-09-05 10:46:59'),(784,1,28,5,NULL,'OPS-DS-001',781,694,0,772,1,'2022-09-01','2023-03-31',363,'2022-09-05 10:49:35'),(785,1,28,5,NULL,'OPS-DS-004',781,694,0,772,1,'2022-09-01','2023-03-31',363,'2022-09-05 10:49:35'),(786,1,28,5,NULL,'OPS-DS-005',781,694,0,772,1,'2022-09-01','2023-03-31',363,'2022-09-05 10:49:35'),(787,1,28,5,NULL,'OPS-DS-006',781,694,0,772,1,'2022-09-01','2023-03-31',363,'2022-09-05 10:49:35'),(788,1,28,5,NULL,'OPS-DS-007',781,694,0,772,1,'2022-09-01','2023-03-31',363,'2022-09-05 10:49:35'),(789,1,28,5,NULL,'OPS-DS-008',781,694,0,772,1,'2022-09-01','2023-03-31',363,'2022-09-05 10:49:35'),(790,1,28,5,NULL,'OPS-DS-009',781,694,0,772,1,'2022-09-01','2023-03-31',363,'2022-09-05 10:49:35'),(791,1,28,5,NULL,'OPS-DS-010',781,694,0,772,1,'2022-09-01','2023-03-31',363,'2022-09-05 10:49:35'),(792,1,28,5,NULL,'OPS-DS-011',781,694,0,772,1,'2022-09-01','2023-03-31',363,'2022-09-05 10:49:35'),(793,1,28,5,NULL,'OPS-DS-012',781,694,0,772,1,'2022-09-01','2023-03-31',363,'2022-09-05 10:49:35'),(794,1,28,5,NULL,'OPS-DS-013',781,694,0,772,1,'2022-09-01','2023-03-31',363,'2022-09-05 10:49:35'),(806,1,28,6,NULL,'OPS-DT-004',782,694,0,772,1,'2022-09-01','2023-03-31',363,'2022-09-05 10:57:32'),(807,1,28,6,NULL,'OPS-DT-005',782,694,0,772,1,'2022-09-01','2023-03-31',363,'2022-09-05 10:57:32'),(808,1,28,6,NULL,'OPS-DT-006',782,694,0,772,1,'2022-09-01','2023-03-31',363,'2022-09-05 10:57:32'),(809,1,28,6,NULL,'OPS-DT-007',782,694,0,772,1,'2022-09-01','2023-03-31',363,'2022-09-05 10:57:32'),(810,1,28,6,NULL,'OPS-DT-008',782,694,0,772,1,'2022-09-01','2023-03-31',363,'2022-09-05 10:57:32'),(811,1,28,6,NULL,'OPS-DT-009',782,694,0,772,1,'2022-09-01','2023-03-31',363,'2022-09-05 10:57:32'),(812,1,28,6,NULL,'OPS-DT-010',782,694,0,772,1,'2022-09-01','2023-03-31',363,'2022-09-05 10:57:32'),(813,1,28,6,NULL,'OPS-DT-011',782,694,0,772,1,'2022-09-01','2023-03-31',363,'2022-09-05 10:57:32'),(814,1,28,6,NULL,'OPS-DT-012',782,694,0,772,1,'2022-09-01','2023-03-31',363,'2022-09-05 10:57:32'),(815,1,28,6,NULL,'OPS-DT-013',782,694,0,772,1,'2022-09-01','2023-03-31',363,'2022-09-05 10:57:32'),(816,1,28,7,NULL,'OPS-DF-4-002',783,694,0,772,1,'2022-09-01','2023-03-31',363,'2022-09-05 11:01:53'),(817,1,28,7,NULL,'OPS-DF-4-003',783,694,0,772,1,'2022-09-01','2023-03-31',363,'2022-09-05 11:01:53'),(818,1,28,7,NULL,'OPS-DT-004',783,694,0,772,1,'2022-09-01','2023-03-31',363,'2022-09-05 11:01:53'),(819,1,28,7,NULL,'OPS-DF-4-005',783,694,0,772,1,'2022-09-01','2023-03-31',363,'2022-09-05 11:01:53'),(820,1,28,7,NULL,'OPS-DF-4-007',783,694,0,772,1,'2022-09-01','2023-03-31',363,'2022-09-05 11:01:53'),(821,1,28,7,NULL,'OPS-DF-4-008',783,694,0,772,1,'2022-09-01','2023-03-31',363,'2022-09-05 11:01:53'),(822,1,28,7,NULL,'OPS-DF-4-009',783,694,0,772,1,'2022-09-01','2023-03-31',363,'2022-09-05 11:01:54'),(823,1,28,7,NULL,'OPS-DF-4-010',783,694,0,772,1,'2022-09-01','2023-03-31',363,'2022-09-05 11:01:54'),(824,1,28,7,NULL,'OPS-DF-4-011',783,694,0,772,1,'2022-09-01','2023-03-31',363,'2022-09-05 11:01:54'),(852,1,31,3,NULL,'OH-STG-002',789,693,0,772,1,'2022-09-01','2023-03-31',363,'2022-09-05 11:21:22'),(853,1,31,3,NULL,'OH-STG-003',789,693,0,772,1,'2022-09-01','2023-03-31',363,'2022-09-05 11:21:22'),(854,1,31,4,NULL,'OH-STF-002',789,693,0,772,1,'2022-09-01','2023-03-31',363,'2022-09-05 11:22:58'),(855,1,31,4,NULL,'OH-STF-003',789,693,0,772,1,'2022-09-01','2023-03-31',363,'2022-09-05 11:22:58'),(856,1,31,4,NULL,'OH-STF-004',789,693,0,772,1,'2022-09-01','2023-03-31',363,'2022-09-05 11:22:58'),(860,1,31,5,NULL,'OH-STS-002',789,693,0,772,1,'2022-09-01','2023-03-31',363,'2022-09-05 11:27:00'),(861,1,31,5,NULL,'OH-STS-003',789,693,0,772,1,'2022-09-01','2023-03-31',363,'2022-09-05 11:27:00'),(862,1,31,5,NULL,'OH-STS-004',789,693,0,772,1,'2022-09-01','2023-03-31',363,'2022-09-05 11:27:00');

--
-- Table structure for table `sb_hostel_event_dashbord`
--

CREATE TABLE `sb_hostel_event_dashbord` (
  `ht_event_dashboard_pk_id` int(11) NOT NULL AUTO_INCREMENT,
  `event_date` date DEFAULT NULL,
  `event_time` varchar(200) DEFAULT NULL,
  `student_count` int(11) DEFAULT NULL,
  `event_type_id` varchar(255) DEFAULT NULL,
  `event_name_id` varchar(255) DEFAULT NULL,
  `event_venue_id` varchar(255) DEFAULT NULL,
  `incharge_id` varchar(255) DEFAULT NULL,
  `status` int(11) DEFAULT NULL,
  `eligible_student` varchar(255) DEFAULT NULL,
  PRIMARY KEY (`ht_event_dashboard_pk_id`)
) ENGINE=InnoDB DEFAULT CHARSET=latin1;

--
-- Dumping data for table `sb_hostel_event_dashbord`
--


--
-- Table structure for table `sb_hostel_event_name`
--

CREATE TABLE `sb_hostel_event_name` (
  `ht_event_name_pk_id` int(11) NOT NULL AUTO_INCREMENT,
  `event_name` varchar(255) DEFAULT NULL,
  `status` int(11) DEFAULT NULL,
  `added_by` int(11) DEFAULT NULL,
  `update_by` int(11) DEFAULT NULL,
  `event_name_added_date` varchar(45) DEFAULT 'CURRENT_TIMESTAMP',
  `event_name_update_date` varchar(45) DEFAULT 'CURRENT_TIMESTAMP',
  PRIMARY KEY (`ht_event_name_pk_id`)
) ENGINE=InnoDB AUTO_INCREMENT=2 DEFAULT CHARSET=latin1;

--
-- Dumping data for table `sb_hostel_event_name`
--

INSERT INTO `sb_hostel_event_name` VALUES (1,'event1',3,707,707,'2022-09-01 16:14:04','2022-09-01 16:18:53');

--
-- Table structure for table `sb_hostel_event_type`
--

CREATE TABLE `sb_hostel_event_type` (
  `ht_event_pk_id` int(11) NOT NULL AUTO_INCREMENT,
  `event_type` varchar(255) DEFAULT NULL,
  `status` enum('1','2','3') DEFAULT NULL,
  `added_by` int(11) DEFAULT NULL,
  `event_type_added_date` varchar(45) DEFAULT 'CURRENT_TIMESTAMP',
  `event_type_update_date` varchar(45) DEFAULT 'CURRENT_TIMESTAMP',
  `update_by` int(11) DEFAULT NULL,
  PRIMARY KEY (`ht_event_pk_id`)
) ENGINE=InnoDB AUTO_INCREMENT=2 DEFAULT CHARSET=latin1;

--
-- Dumping data for table `sb_hostel_event_type`
--

INSERT INTO `sb_hostel_event_type` VALUES (1,'teyyre','3',707,'2022-09-02 17:49:55','2022-09-06 09:54:53',707);

--
-- Table structure for table `sb_hostel_event_venue`
--

CREATE TABLE `sb_hostel_event_venue` (
  `ht_event_venue_pk_id` int(11) NOT NULL AUTO_INCREMENT,
  `venue_name` varchar(255) DEFAULT NULL,
  `status` int(11) DEFAULT NULL,
  `added_by` int(11) DEFAULT NULL,
  `update_by` int(11) DEFAULT NULL,
  `event_venue_added_date` datetime DEFAULT NULL,
  `event_venue_update_date` datetime DEFAULT NULL,
  PRIMARY KEY (`ht_event_venue_pk_id`)
) ENGINE=InnoDB DEFAULT CHARSET=latin1;

--
-- Dumping data for table `sb_hostel_event_venue`
--


--
-- Table structure for table `sb_hostel_floor_room`
--

CREATE TABLE `sb_hostel_floor_room` (
  `hfr_pk_id` int(11) NOT NULL AUTO_INCREMENT,
  `hfr_hostel_pk_id` int(11) DEFAULT NULL,
  `hfr_floor_id` int(11) DEFAULT NULL,
  `hfr_room_no` int(11) DEFAULT NULL,
  PRIMARY KEY (`hfr_pk_id`)
) ENGINE=InnoDB AUTO_INCREMENT=434 DEFAULT CHARSET=latin1;

--
-- Dumping data for table `sb_hostel_floor_room`
--

INSERT INTO `sb_hostel_floor_room` VALUES (1,0,3,4),(2,0,4,7),(9,11,4,13),(16,14,1,8),(17,14,3,14),(18,14,4,18),(25,13,1,1),(26,13,3,2),(27,13,4,3),(30,2,1,5),(31,2,3,9),(32,2,4,6),(72,3,1,2),(73,3,3,5),(74,15,4,6),(354,18,1,2),(355,18,4,3),(356,18,5,5),(365,24,0,0),(370,25,1,2),(373,21,1,2),(374,21,3,3),(385,27,1,4),(386,27,3,5),(387,27,4,6),(388,26,1,2),(389,26,4,3),(398,30,3,4),(399,30,4,7),(400,30,5,8),(401,30,6,7),(402,31,3,2),(403,31,4,3),(404,31,5,3),(405,32,3,4),(406,32,4,4),(407,32,5,4),(408,33,3,4),(409,33,4,4),(410,33,5,4),(411,28,4,11),(412,28,5,11),(413,28,6,10),(414,28,7,9),(415,29,4,6),(416,29,5,7),(417,29,6,12),(418,29,7,32),(419,34,3,3),(420,34,4,6),(421,34,5,6),(422,34,6,11),(423,35,4,8),(424,36,5,8),(425,36,6,8),(426,37,1,2),(427,37,4,3),(428,37,5,4),(429,37,7,3),(430,37,8,2),(431,38,3,8),(432,38,4,10),(433,38,5,10);

--
-- Table structure for table `sb_hostel_floor_room_details`
--

CREATE TABLE `sb_hostel_floor_room_details` (
  `hfrd_pk_id` int(11) NOT NULL AUTO_INCREMENT,
  `hfrd_hostel_pk_id` int(11) DEFAULT NULL,
  `hfrd_floor_id` int(11) DEFAULT NULL,
  `hfrd_room_id` int(11) DEFAULT NULL,
  `hfrd_room_number` varchar(45) DEFAULT NULL,
  `hfrd_accommodation_type_id` int(11) DEFAULT NULL,
  `hfrd_occupancy_type_id` int(11) DEFAULT NULL,
  `hfrd_status` int(2) DEFAULT '1',
  `hfrd_added_by` int(11) DEFAULT NULL,
  `hfrd_added_date` timestamp NULL DEFAULT CURRENT_TIMESTAMP,
  PRIMARY KEY (`hfrd_pk_id`)
) ENGINE=InnoDB AUTO_INCREMENT=355 DEFAULT CHARSET=latin1;

--
-- Dumping data for table `sb_hostel_floor_room_details`
--

INSERT INTO `sb_hostel_floor_room_details` VALUES (45,26,1,2,'105',1,1,1,604,'2022-08-01 19:35:45'),(46,26,1,2,'202',1,1,1,604,'2022-07-21 19:36:54'),(47,26,4,3,'104',1,1,1,604,'2022-08-01 19:35:32'),(48,26,4,3,'102',2,1,1,604,'2022-08-01 19:35:17'),(49,26,4,3,'101',1,3,1,604,'2022-07-15 10:32:25'),(107,30,3,4,'OH-SCG-003',1,7,1,363,'2022-08-04 11:56:08'),(108,30,3,4,'OH-SCG-004',1,7,1,363,'2022-08-04 11:56:34'),(109,30,3,4,'OH-SCG-005',1,7,1,363,'2022-08-04 11:57:18'),(110,30,3,4,'OH-SCG-007',1,7,1,363,'2022-08-04 11:57:39'),(111,30,4,7,'OH-SCF-002',1,7,1,363,'2022-08-04 11:59:14'),(112,30,4,7,'OH-SCF-004',1,7,1,363,'2022-08-04 12:00:07'),(113,30,4,7,'OH-SCF-007',1,7,1,363,'2022-08-04 12:00:34'),(114,30,4,7,'OH-SCF-008',1,7,1,363,'2022-08-04 12:01:00'),(115,30,4,7,'OH-SCF-009',1,7,1,363,'2022-08-04 12:06:49'),(116,30,4,7,'OH-SCF-010',1,7,1,363,'2022-08-04 12:07:16'),(117,30,4,7,'OH-SCF-012',1,7,1,363,'2022-08-04 12:07:33'),(118,30,5,8,'OH-SCS-002',1,7,1,363,'2022-08-04 12:08:11'),(119,30,5,8,'OH-SCS-004',1,7,1,363,'2022-08-04 12:21:39'),(120,30,5,8,'OH-SCS-005',1,7,1,363,'2022-08-04 12:21:57'),(121,30,5,8,'OH-SCS-007',1,7,1,363,'2022-08-04 12:22:16'),(122,30,5,8,'OH-SCS-008',1,7,1,363,'2022-08-04 12:22:52'),(123,30,5,8,'OH-SCS-009',1,7,1,363,'2022-08-04 12:23:06'),(124,30,5,8,'OH-SCS-010',1,7,1,363,'2022-08-04 12:23:29'),(125,30,5,8,'OH-SCS-012',1,7,1,363,'2022-08-04 12:23:43'),(126,30,6,7,'OH-SCT-002',1,7,1,363,'2022-08-04 12:24:27'),(127,30,6,7,'OH-SCT-004',1,7,1,363,'2022-08-04 12:24:52'),(128,30,6,7,'OH-SCT-007',1,7,1,363,'2022-08-04 12:25:11'),(129,30,6,7,'OH-SCT-008',1,7,1,363,'2022-08-04 12:25:28'),(130,30,6,7,'OH-SCT-009',1,7,1,363,'2022-08-04 12:25:41'),(131,30,6,7,'OH-SCT-010',1,7,1,363,'2022-08-04 12:25:56'),(132,30,6,7,'OH-SCT-012',1,7,1,363,'2022-08-04 12:26:11'),(133,31,3,2,'OH-STG-002',1,7,1,693,'2022-08-08 12:45:22'),(134,31,3,2,'OH-STG-003',1,7,1,363,'2022-08-04 09:28:08'),(135,31,4,3,'OH-STF-002',1,7,1,363,'2022-08-04 09:28:54'),(136,31,4,3,'OH-STF-003',1,7,1,363,'2022-08-04 09:29:17'),(137,31,4,3,'OH-STF-004',1,7,1,363,'2022-08-04 09:29:38'),(138,31,5,3,'OH-STS-002',1,7,1,363,'2022-08-04 09:30:31'),(139,31,5,3,'OH-STS-003',1,7,1,363,'2022-08-04 09:30:54'),(140,31,5,3,'OH-STS-004',1,7,1,363,'2022-08-04 09:31:17'),(141,32,3,4,'OH-SAG-002',1,7,1,363,'2022-08-04 11:47:54'),(142,32,3,4,'OH-SAG-005',1,7,1,363,'2022-08-04 11:48:23'),(143,32,3,4,'OH-SAG-007',1,7,1,363,'2022-08-04 11:48:43'),(144,32,3,4,'OH-SAG-010',1,7,1,363,'2022-08-04 11:49:02'),(145,32,4,4,'OH-SAF-002',1,7,1,363,'2022-08-04 11:50:02'),(146,32,4,4,'OH-SAF-005',1,7,1,363,'2022-08-04 11:50:28'),(147,32,4,4,'OH-SAF-007',1,7,1,363,'2022-08-04 11:50:44'),(148,32,4,4,'OH-SAF-010',1,7,1,363,'2022-08-04 11:51:02'),(149,32,5,4,'OH-SAS-002',1,7,1,363,'2022-08-04 11:53:02'),(150,32,5,4,'OH-SAS-005',1,7,1,363,'2022-08-04 11:53:18'),(151,32,5,4,'OH-SAS-007',1,7,1,363,'2022-08-04 11:53:35'),(152,32,5,4,'OH-SAS-010',1,7,1,363,'2022-08-04 11:53:54'),(153,33,3,4,'OH-SBG-002',1,7,1,363,'2022-08-04 09:49:59'),(154,33,3,4,'OH-SBG-005',1,7,1,363,'2022-08-04 09:50:16'),(155,33,3,4,'OH-SBG-007',1,7,1,363,'2022-08-04 09:50:30'),(156,33,3,4,'OH-SBG-010',1,7,1,363,'2022-08-04 09:50:42'),(157,33,4,4,'OH-SBF-002',1,7,1,363,'2022-08-04 09:51:03'),(158,33,4,4,'OH-SBF-005',1,7,1,363,'2022-08-04 09:51:16'),(159,33,4,4,'OH-SBF-007',1,7,1,363,'2022-08-04 09:51:29'),(160,33,4,4,'OH-SBF-010',1,7,1,363,'2022-08-04 09:51:42'),(161,33,5,4,'OH-SBS-002',1,7,1,363,'2022-08-04 09:52:11'),(162,33,5,4,'OH-SBS-005',1,7,1,363,'2022-08-04 09:52:23'),(163,33,5,4,'OH-SBS-007',1,7,1,363,'2022-08-04 09:52:48'),(164,33,5,4,'OH-SBS-010',1,7,1,693,'2022-08-08 11:32:45'),(165,28,4,11,'OPS-DF-002',1,3,1,363,'2022-08-04 10:07:35'),(166,28,4,11,'OPS-DF-003',1,7,1,363,'2022-08-04 10:07:55'),(167,28,4,11,'OPS-DF-004',1,7,1,363,'2022-08-04 10:08:09'),(168,28,4,11,'OPS-DF-005',1,7,1,363,'2022-08-04 10:08:27'),(169,28,4,11,'OPS-DF-006',1,7,1,363,'2022-08-04 10:08:49'),(170,28,4,11,'OPS-DF-007',1,7,1,363,'2022-08-04 10:09:04'),(171,28,4,11,'OPS-DF-008',1,7,1,363,'2022-08-04 10:09:17'),(172,28,4,11,'OPS-DF-009',1,7,1,363,'2022-08-04 10:09:32'),(173,28,4,11,'OPS-DF-010',1,7,1,363,'2022-08-04 10:09:46'),(174,28,4,11,'OPS-DF-011',1,7,1,363,'2022-08-04 10:10:01'),(175,28,4,11,'OPS-DF-012',1,7,1,363,'2022-08-04 10:10:15'),(176,28,5,11,'OPS-DS-001',1,3,1,363,'2022-08-04 10:10:43'),(177,28,5,11,'OPS-DS-004',1,7,1,363,'2022-08-04 10:10:57'),(178,28,5,11,'OPS-DS-005',1,7,1,363,'2022-08-04 10:11:10'),(179,28,5,11,'OPS-DS-006',1,7,1,363,'2022-08-04 10:11:27'),(180,28,5,11,'OPS-DS-007',1,7,1,363,'2022-08-04 10:11:46'),(181,28,5,11,'OPS-DS-008',1,7,1,363,'2022-08-04 10:12:02'),(182,28,5,11,'OPS-DS-009',1,7,1,363,'2022-08-04 10:12:19'),(183,28,5,11,'OPS-DS-010',1,7,1,363,'2022-08-04 10:12:32'),(184,28,5,11,'OPS-DS-011',1,7,1,363,'2022-08-04 10:12:47'),(185,28,5,11,'OPS-DS-012',1,7,1,363,'2022-08-04 10:13:01'),(186,28,5,11,'OPS-DS-013',1,7,1,363,'2022-08-04 10:13:17'),(187,28,6,10,'OPS-DT-004',1,7,1,363,'2022-08-04 10:13:38'),(188,28,6,10,'OPS-DT-005',1,7,1,363,'2022-08-04 10:13:50'),(189,28,6,10,'OPS-DT-006',1,7,1,363,'2022-08-04 10:14:07'),(190,28,6,10,'OPS-DT-007',1,7,1,363,'2022-08-04 10:14:31'),(191,28,6,10,'OPS-DT-008',1,7,1,363,'2022-08-04 10:14:48'),(192,28,6,10,'OPS-DT-009',1,7,1,363,'2022-08-04 10:15:03'),(193,28,6,10,'OPS-DT-010',1,7,1,363,'2022-08-04 10:15:19'),(194,28,6,10,'OPS-DT-011',1,7,1,363,'2022-08-04 10:15:49'),(195,28,6,10,'OPS-DT-012',1,7,1,363,'2022-08-04 10:16:04'),(196,28,6,10,'OPS-DT-013',1,7,1,363,'2022-08-04 10:16:17'),(197,28,7,9,'OPS-DF-4-002',1,7,1,363,'2022-08-04 10:16:53'),(198,28,7,9,'OPS-DF-4-003',1,7,1,363,'2022-08-04 10:17:08'),(199,28,7,9,'OPS-DT-004',1,7,1,363,'2022-08-04 10:17:34'),(200,28,7,9,'OPS-DF-4-005',1,7,1,363,'2022-08-04 10:18:01'),(201,28,7,9,'OPS-DF-4-007',1,7,1,363,'2022-08-04 10:18:10'),(202,28,7,9,'OPS-DF-4-008',1,7,1,363,'2022-08-04 10:18:21'),(203,28,7,9,'OPS-DF-4-009',1,7,1,363,'2022-08-04 10:18:36'),(204,28,7,9,'OPS-DF-4-010',1,7,1,363,'2022-08-04 10:18:56'),(205,28,7,9,'OPS-DF-4-011',1,7,1,363,'2022-08-04 10:19:09'),(206,29,4,6,'OPS-D1F-001-A',1,1,1,363,'2022-08-04 12:28:49'),(207,29,4,6,'OPS-D1F-001-B',1,1,1,363,'2022-08-04 12:29:19'),(208,29,4,6,'OPS-D1F-001-C',1,1,1,363,'2022-08-04 12:29:46'),(209,29,4,6,'OPS-D1F-001-D',1,1,1,363,'2022-08-04 12:30:06'),(210,29,4,6,'OPS-D1F-001-E',1,1,1,363,'2022-08-04 12:30:30'),(211,29,4,6,'OPS-D1F-001-F',1,1,1,363,'2022-08-04 12:30:45'),(212,29,5,7,'OPS-D1S-001-A',1,1,1,363,'2022-08-04 12:32:12'),(213,29,5,7,'OPS-D1S-001-B',1,1,1,363,'2022-08-04 12:32:42'),(214,29,5,7,'OPS-D1S-001-C',1,1,1,363,'2022-08-04 12:32:58'),(215,29,5,7,'OPS-D1S-001-D',1,1,1,363,'2022-08-04 12:33:25'),(216,29,5,7,'OPS-D1S-001-E',1,1,1,363,'2022-08-04 12:33:45'),(217,29,5,7,'OPS-D1S-001-F',1,1,1,363,'2022-08-04 12:34:04'),(218,29,5,7,'OPS-D1S-001-G',1,1,1,363,'2022-08-04 12:34:18'),(219,29,6,12,'OPS-D1T-001-A',1,1,1,363,'2022-08-04 12:36:03'),(220,29,6,12,'OPS-D1T-001-B',1,1,1,363,'2022-08-04 12:36:28'),(221,29,6,12,'OPS-D1T-001-C',1,1,1,363,'2022-08-04 12:36:44'),(222,29,6,12,'OPS-D1T-001-D',1,1,1,363,'2022-08-04 12:37:08'),(223,29,6,12,'OPS-D1T-001-E',1,1,1,363,'2022-08-04 12:37:49'),(224,29,6,12,'OPS-D1T-001-F',1,1,1,363,'2022-08-04 12:38:13'),(225,29,6,12,'OPS-D1T-001-G',1,1,1,363,'2022-08-04 12:38:31'),(226,29,6,12,'OPS-D1T-004',1,9,1,363,'2022-08-04 12:39:22'),(227,29,6,12,'OPS-D1T-005',1,7,1,363,'2022-08-04 12:40:07'),(228,29,6,12,'OPS-D1T-006',1,7,1,363,'2022-08-04 12:40:41'),(229,29,6,12,'OPS-D1T-007',1,7,1,363,'2022-08-04 12:40:59'),(230,29,6,12,'OPS-D1T-008',1,7,1,363,'2022-08-04 12:41:22'),(231,29,7,32,'OPS-D1F4-002-A',1,1,1,363,'2022-08-04 12:42:55'),(232,29,7,32,'OPS-D1F4-002-B',1,1,1,363,'2022-08-04 12:43:23'),(233,29,7,32,'OPS-D1F4-002-C',1,1,1,363,'2022-08-04 12:43:42'),(234,29,7,32,'OPS-D1F4-002-D',1,1,1,363,'2022-08-04 12:43:57'),(235,29,7,32,'OPS-D1F4-002-E',1,1,1,363,'2022-08-04 12:44:13'),(236,29,7,32,'OPS-D1F4-002-F',1,1,1,363,'2022-08-04 12:44:32'),(237,29,7,32,'OPS-D1F4-002-G',1,1,1,363,'2022-08-04 12:44:52'),(238,29,7,32,'OPS-D1F4-002-H',1,1,1,363,'2022-08-04 12:45:05'),(239,29,7,32,'OPS-D1F4-003-A',1,1,1,363,'2022-08-04 12:45:37'),(240,29,7,32,'OPS-D1F4-003-B',1,1,1,363,'2022-08-04 12:45:56'),(241,29,7,32,'OPS-D1F4-003-C',1,1,1,363,'2022-08-04 12:46:10'),(242,29,7,32,'OPS-D1F4-003-D',1,1,1,363,'2022-08-04 12:46:28'),(243,29,7,32,'OPS-D1F4-003-E',1,1,1,363,'2022-08-04 12:46:48'),(244,29,7,32,'OPS-D1F4-003-F',1,1,1,363,'2022-08-04 12:47:03'),(245,29,7,32,'OPS-D1F4-004-A',1,1,1,363,'2022-08-04 12:48:44'),(246,29,7,32,'OPS-D1F4-004-B',1,1,1,363,'2022-08-04 12:48:58'),(247,29,7,32,'OPS-D1F4-004-C',1,1,1,363,'2022-08-04 12:49:16'),(248,29,7,32,'OPS-D1F4-004-D',1,1,1,363,'2022-08-04 12:49:50'),(249,29,7,32,'OPS-D1F4-004-E',1,1,1,363,'2022-08-04 12:50:05'),(250,29,7,32,'OPS-D1F4-004-F',1,1,1,363,'2022-08-04 12:50:21'),(251,29,7,32,'OPS-D1F4-005-A',1,1,1,363,'2022-08-04 12:50:51'),(252,29,7,32,'OPS-D1F4-005-B',1,1,1,363,'2022-08-04 12:51:11'),(253,29,7,32,'OPS-D1F4-005-C',1,1,1,363,'2022-08-04 12:51:25'),(254,29,7,32,'OPS-D1F4-005-D',1,1,1,363,'2022-08-04 12:51:37'),(255,29,7,32,'OPS-D1F4-005-E',1,1,1,363,'2022-08-04 12:51:59'),(256,29,7,32,'OPS-D1F4-005-F',1,1,1,363,'2022-08-04 12:52:08'),(257,29,7,32,'OPS-D1F4-005-G',1,1,1,363,'2022-08-04 12:52:20'),(258,29,7,32,'OPS-D1F4-005-H',1,1,1,363,'2022-08-04 12:52:32'),(259,29,7,32,'OPS-D1F4-006-A',1,1,1,363,'2022-08-04 12:52:50'),(260,29,7,32,'OPS-D1F4-006-B',1,1,1,363,'2022-08-04 12:52:58'),(261,29,7,32,'OPS-D1F4-006-C',1,1,1,363,'2022-08-04 12:53:08'),(262,29,7,32,'OPS-D1F4-006-D',1,1,1,363,'2022-08-04 12:53:20'),(263,34,3,3,'OPS-AG-003',1,11,1,700,'2022-08-25 05:15:33'),(264,34,3,3,'OPS-AG-004',1,11,1,700,'2022-08-25 07:09:05'),(265,34,3,3,'OPS-AG-005',1,11,1,700,'2022-08-25 07:09:23'),(266,34,4,6,'OPS-AF-004',1,9,1,363,'2022-08-25 10:34:28'),(267,34,4,6,'OPS-AF-005',1,9,1,363,'2022-08-25 10:35:38'),(268,34,4,6,'OPS-AF-006',1,11,1,363,'2022-08-25 10:35:59'),(269,34,4,6,'OPS-AF-007',1,11,1,363,'2022-08-25 10:36:20'),(270,34,4,6,'OPS-AF-008',1,11,1,363,'2022-08-25 10:36:41'),(271,34,4,6,'OPS-AF-009',1,9,1,363,'2022-08-25 10:37:06'),(272,34,5,6,'OPS-AS-003',1,9,1,363,'2022-08-25 10:37:47'),(273,34,5,6,'OPS-AS-004',1,11,1,363,'2022-08-25 10:38:01'),(274,34,5,6,'OPS-AS-005',1,11,1,363,'2022-08-25 10:38:19'),(275,34,5,6,'OPS-AS-006',1,11,1,363,'2022-08-25 10:38:57'),(276,34,5,6,'OPS-AS-007',1,11,1,363,'2022-08-25 10:39:16'),(277,34,5,6,'OPS-AS-008',1,11,1,363,'2022-08-25 10:39:31'),(278,34,6,11,'OPS-AT-012',1,7,1,363,'2022-08-25 10:35:09'),(279,34,6,11,'OPS-AT-011',1,7,1,700,'2022-08-25 08:29:31'),(280,34,6,11,'OPS-AT-010',1,7,1,700,'2022-08-25 08:29:05'),(281,34,6,11,'OPS-AT-009',1,7,1,700,'2022-08-25 08:28:29'),(282,34,6,11,'OPS-AT-008',1,6,1,700,'2022-08-25 08:27:59'),(283,34,6,11,'OPS-AT-006',1,7,1,700,'2022-08-25 08:27:14'),(284,34,6,11,'OPS-AT-005',1,7,1,700,'2022-08-25 08:26:53'),(285,34,6,11,'OPS-AT-004',1,7,1,700,'2022-08-25 08:20:52'),(286,34,6,11,'OPS-AT-003',1,7,1,700,'2022-08-25 08:17:49'),(287,34,6,11,'OPS-AT-002',1,7,1,700,'2022-08-25 08:35:28'),(288,34,6,11,'OPS-AT-001',1,3,1,700,'2022-08-25 08:15:19'),(289,35,4,8,'OPS-EGHF-001',1,6,1,363,'2022-08-26 04:52:19'),(290,35,4,8,'OPS-EGHF-003',1,7,1,363,'2022-08-26 04:53:41'),(291,35,4,8,'OPS-EGHF-004',1,7,1,363,'2022-08-25 10:44:08'),(292,35,4,8,'OPS-EGHF-005',1,3,1,363,'2022-08-25 10:44:20'),(293,35,4,8,'OPS-EGHF-006',1,7,1,363,'2022-08-26 05:00:30'),(294,35,4,8,'OPS-EGHF-008',1,3,1,363,'2022-08-26 05:19:21'),(295,35,4,8,'OPS-EGHF-009',1,7,1,363,'2022-08-26 05:19:32'),(296,35,4,8,'OPS-EGHF-010',1,8,1,363,'2022-08-26 05:19:43'),(297,36,5,8,'OPS-NS-001',1,7,1,363,'2022-08-25 10:46:25'),(298,36,5,8,'OPS-NS-002',1,7,1,363,'2022-08-25 10:46:42'),(299,36,5,8,'OPS-NS-003',1,7,1,363,'2022-08-25 10:47:00'),(300,36,5,8,'OPS-NS-004',1,7,1,363,'2022-08-25 10:47:15'),(301,36,5,8,'OPS-NS-005',1,7,1,363,'2022-08-25 10:47:31'),(302,36,5,8,'OPS-NS-006',1,7,1,363,'2022-08-25 10:47:47'),(303,36,5,8,'OPS-NS-007',1,7,1,363,'2022-08-25 10:48:01'),(304,36,5,8,'OPS-NS-008',1,7,1,363,'2022-08-25 10:48:14'),(305,36,6,8,'OPS-NT-001',1,7,1,363,'2022-08-25 10:48:33'),(306,36,6,8,'OPS-NT-002',1,7,1,363,'2022-08-25 10:48:45'),(307,36,6,8,'OPS-NT-003',1,7,1,363,'2022-08-25 10:48:59'),(308,36,6,8,'OPS-NT-004',1,7,1,363,'2022-08-25 10:49:13'),(309,36,6,8,'OPS-NT-005',1,7,1,363,'2022-08-25 10:49:25'),(310,36,6,8,'OPS-NT-006',1,7,1,363,'2022-08-25 10:49:36'),(311,36,6,8,'OPS-NT-007',1,7,1,363,'2022-08-25 10:49:47'),(312,36,6,8,'OPS-NT-008',1,7,1,363,'2022-08-25 10:49:58'),(313,37,1,2,'B101',1,1,1,363,'2022-11-14 05:44:53'),(314,37,1,2,'B102',2,3,1,363,'2022-11-14 05:45:17'),(315,37,4,3,NULL,NULL,NULL,1,363,'2022-11-14 05:43:27'),(316,37,4,3,NULL,NULL,NULL,1,363,'2022-11-14 05:43:27'),(317,37,4,3,NULL,NULL,NULL,1,363,'2022-11-14 05:43:27'),(318,37,5,4,NULL,NULL,NULL,1,363,'2022-11-14 05:43:27'),(319,37,5,4,NULL,NULL,NULL,1,363,'2022-11-14 05:43:27'),(320,37,5,4,NULL,NULL,NULL,1,363,'2022-11-14 05:43:27'),(321,37,5,4,NULL,NULL,NULL,1,363,'2022-11-14 05:43:27'),(322,37,7,3,NULL,NULL,NULL,1,363,'2022-11-14 05:43:27'),(323,37,7,3,NULL,NULL,NULL,1,363,'2022-11-14 05:43:27'),(324,37,7,3,NULL,NULL,NULL,1,363,'2022-11-14 05:43:27'),(325,37,8,2,NULL,NULL,NULL,1,363,'2022-11-14 05:43:27'),(326,37,8,2,NULL,NULL,NULL,1,363,'2022-11-14 05:43:27'),(327,38,3,8,'OGS 2AT - 001',1,7,1,363,'2023-03-25 06:47:00'),(328,38,3,8,NULL,NULL,NULL,1,363,'2023-03-25 06:44:07'),(329,38,3,8,NULL,NULL,NULL,1,363,'2023-03-25 06:44:07'),(330,38,3,8,NULL,NULL,NULL,1,363,'2023-03-25 06:44:07'),(331,38,3,8,NULL,NULL,NULL,1,363,'2023-03-25 06:44:07'),(332,38,3,8,NULL,NULL,NULL,1,363,'2023-03-25 06:44:07'),(333,38,3,8,NULL,NULL,NULL,1,363,'2023-03-25 06:44:07'),(334,38,3,8,NULL,NULL,NULL,1,363,'2023-03-25 06:44:07'),(335,38,4,10,NULL,NULL,NULL,1,363,'2023-03-25 06:44:07'),(336,38,4,10,NULL,NULL,NULL,1,363,'2023-03-25 06:44:07'),(337,38,4,10,NULL,NULL,NULL,1,363,'2023-03-25 06:44:07'),(338,38,4,10,NULL,NULL,NULL,1,363,'2023-03-25 06:44:07'),(339,38,4,10,NULL,NULL,NULL,1,363,'2023-03-25 06:44:07'),(340,38,4,10,NULL,NULL,NULL,1,363,'2023-03-25 06:44:07'),(341,38,4,10,NULL,NULL,NULL,1,363,'2023-03-25 06:44:07'),(342,38,4,10,NULL,NULL,NULL,1,363,'2023-03-25 06:44:07'),(343,38,4,10,NULL,NULL,NULL,1,363,'2023-03-25 06:44:07'),(344,38,4,10,NULL,NULL,NULL,1,363,'2023-03-25 06:44:07'),(345,38,5,10,NULL,NULL,NULL,1,363,'2023-03-25 06:44:08'),(346,38,5,10,NULL,NULL,NULL,1,363,'2023-03-25 06:44:08'),(347,38,5,10,NULL,NULL,NULL,1,363,'2023-03-25 06:44:08'),(348,38,5,10,NULL,NULL,NULL,1,363,'2023-03-25 06:44:08'),(349,38,5,10,NULL,NULL,NULL,1,363,'2023-03-25 06:44:08'),(350,38,5,10,NULL,NULL,NULL,1,363,'2023-03-25 06:44:08'),(351,38,5,10,NULL,NULL,NULL,1,363,'2023-03-25 06:44:08'),(352,38,5,10,NULL,NULL,NULL,1,363,'2023-03-25 06:44:08'),(353,38,5,10,NULL,NULL,NULL,1,363,'2023-03-25 06:44:08'),(354,38,5,10,NULL,NULL,NULL,1,363,'2023-03-25 06:44:08');

--
-- Table structure for table `sb_hostel_floor_type`
--

CREATE TABLE `sb_hostel_floor_type` (
  `hft_pk_id` int(11) NOT NULL AUTO_INCREMENT,
  `hft_name` varchar(45) DEFAULT NULL,
  `hft_status` int(2) DEFAULT '1',
  `hft_added_by` int(11) DEFAULT NULL,
  `hft_added_date` timestamp NULL DEFAULT CURRENT_TIMESTAMP,
  PRIMARY KEY (`hft_pk_id`)
) ENGINE=InnoDB AUTO_INCREMENT=10 DEFAULT CHARSET=latin1;

--
-- Dumping data for table `sb_hostel_floor_type`
--

INSERT INTO `sb_hostel_floor_type` VALUES (1,'Basement',1,363,'2022-07-07 11:11:23'),(2,'2 st floor',5,604,'2022-06-28 12:13:38'),(3,'Ground Floor',1,363,'2022-07-07 11:11:32'),(4,'1st Floor',1,363,'2022-07-07 11:11:40'),(5,'2nd Floor',1,363,'2022-07-07 11:11:47'),(6,'3rd Floor',1,363,'2022-07-07 11:11:55'),(7,'4th Floor',1,363,'2022-07-18 08:38:51'),(8,'5th Floor',1,363,'2022-07-18 08:39:15'),(9,'6th Floor',1,363,'2022-07-18 08:39:51');

--
-- Table structure for table `sb_hostel_occupancy_type`
--

CREATE TABLE `sb_hostel_occupancy_type` (
  `hot_pk_id` int(11) NOT NULL AUTO_INCREMENT,
  `hot_name` varchar(45) DEFAULT NULL,
  `hot_room_capacity` int(11) DEFAULT NULL,
  `hot_status` int(2) DEFAULT '1',
  `hot_added_by` int(11) DEFAULT NULL,
  `hot_added_date` timestamp NULL DEFAULT CURRENT_TIMESTAMP,
  PRIMARY KEY (`hot_pk_id`)
) ENGINE=InnoDB AUTO_INCREMENT=14 DEFAULT CHARSET=latin1;

--
-- Dumping data for table `sb_hostel_occupancy_type`
--

INSERT INTO `sb_hostel_occupancy_type` VALUES (1,'Cabin',1,1,604,'2022-06-29 13:37:59'),(2,'8 Seater',NULL,5,604,'2022-06-28 09:28:02'),(3,'2 Seater',2,1,363,'2022-07-07 11:12:25'),(4,'8 Seater',7,5,363,'2022-07-07 11:12:48'),(5,'2 Seater',5,5,604,'2022-06-29 13:41:23'),(6,'3 Seater',3,1,363,'2022-07-07 11:12:44'),(7,'4 Seater',4,1,363,'2022-07-07 11:13:06'),(8,'5 Seater',5,1,363,'2022-07-07 11:13:15'),(9,'6 Seater',6,1,363,'2022-07-07 11:13:23'),(10,'7 Seater',7,1,363,'2022-07-07 11:13:31'),(11,'8 Seater',8,1,363,'2022-07-07 11:13:39'),(12,'9 Seater',9,1,363,'2022-07-07 11:13:48'),(13,'10 Seater',10,1,363,'2022-07-07 11:13:56');

--
-- Table structure for table `sb_hostel_role`
--

CREATE TABLE `sb_hostel_role` (
  `hr_pk_id` int(11) NOT NULL AUTO_INCREMENT,
  `hr_role_name` varchar(45) DEFAULT NULL,
  `hr_status` int(2) DEFAULT '1',
  `hr_added_by` int(11) DEFAULT NULL,
  `hr_added_date` timestamp NULL DEFAULT CURRENT_TIMESTAMP,
  PRIMARY KEY (`hr_pk_id`)
) ENGINE=InnoDB AUTO_INCREMENT=5 DEFAULT CHARSET=latin1;

--
-- Dumping data for table `sb_hostel_role`
--

INSERT INTO `sb_hostel_role` VALUES (1,'Floor Coordinator',1,604,'2022-07-25 14:15:30'),(2,'Boarding Manager',1,707,'2022-07-26 10:36:58'),(3,'Hostel Head',1,604,'2022-07-27 09:24:38'),(4,'Boarding Head',1,363,'2022-07-27 03:28:26');

--
-- Table structure for table `sb_hostel_room_bed_details`
--

CREATE TABLE `sb_hostel_room_bed_details` (
  `hrbd_pk_id` int(11) NOT NULL AUTO_INCREMENT,
  `hrbd_floor_pk_id` int(11) DEFAULT NULL,
  `hrbd_room_capacity` int(11) DEFAULT NULL,
  `hrbd_bed_type_id` int(11) DEFAULT NULL,
  `hrbd_bed_number` varchar(45) DEFAULT NULL,
  `hrbd_status` int(2) DEFAULT '1',
  `hrbd_added_by` int(11) DEFAULT NULL,
  `hrbd_added_date` timestamp NULL DEFAULT CURRENT_TIMESTAMP,
  PRIMARY KEY (`hrbd_pk_id`)
) ENGINE=InnoDB AUTO_INCREMENT=810 DEFAULT CHARSET=latin1;

--
-- Dumping data for table `sb_hostel_room_bed_details`
--

INSERT INTO `sb_hostel_room_bed_details` VALUES (1,43,5,2,'01',1,604,'2022-07-12 11:34:28'),(2,43,5,3,'02',1,604,'2022-07-12 11:34:39'),(3,43,5,NULL,NULL,1,604,'2022-07-12 08:59:40'),(4,43,5,NULL,NULL,1,604,'2022-07-12 08:59:40'),(5,43,5,2,'05',1,604,'2022-07-12 11:34:53'),(6,44,2,NULL,NULL,1,604,'2022-07-12 11:42:11'),(7,44,2,NULL,NULL,1,604,'2022-07-12 11:42:12'),(8,42,2,2,'2',1,363,'2022-07-12 17:47:31'),(9,42,2,2,'1',1,363,'2022-07-12 17:47:22'),(10,41,3,3,'2B',1,363,'2022-07-12 17:48:13'),(11,41,3,3,'2A',1,363,'2022-07-12 17:48:03'),(12,41,3,2,'1',1,363,'2022-07-12 17:47:52'),(13,40,1,NULL,NULL,1,363,'2022-07-12 17:48:40'),(14,39,4,3,'2C',1,363,'2022-07-12 17:49:40'),(15,39,4,3,'2B',1,363,'2022-07-12 17:49:32'),(16,39,4,3,'2A',1,363,'2022-07-12 17:49:24'),(17,39,4,2,'1',1,363,'2022-07-12 17:49:12'),(18,49,2,3,'2',1,604,'2022-07-15 10:32:49'),(19,49,2,2,'11',1,604,'2022-08-04 09:02:11'),(20,50,2,NULL,NULL,1,363,'2022-07-18 10:16:56'),(21,50,2,NULL,NULL,1,363,'2022-07-18 10:16:56'),(22,46,1,2,'33',1,604,'2022-07-22 07:48:18'),(23,48,1,NULL,NULL,1,604,'2022-08-01 19:35:17'),(24,47,1,NULL,NULL,1,604,'2022-08-01 19:35:32'),(25,45,1,NULL,NULL,1,604,'2022-08-01 19:35:45'),(34,134,4,3,'2U',1,693,'2022-08-24 12:45:15'),(35,134,4,3,'2L',1,693,'2022-08-24 12:45:08'),(36,134,4,3,'1U',1,693,'2022-08-24 12:45:01'),(37,134,4,3,'1L',1,363,'2022-08-04 10:01:10'),(38,135,4,3,'2U',1,693,'2022-08-24 12:45:55'),(39,135,4,3,'2L',1,693,'2022-08-24 12:45:46'),(40,135,4,3,'1U',1,693,'2022-08-24 12:45:39'),(41,135,4,3,'1L',1,363,'2022-08-04 10:02:17'),(42,136,4,3,'2U',1,693,'2022-08-24 12:46:47'),(43,136,4,3,'2L',1,693,'2022-08-24 12:46:40'),(44,136,4,3,'1U',1,693,'2022-08-24 12:46:33'),(45,136,4,3,'1L',1,693,'2022-08-08 12:41:07'),(46,137,4,3,'2U',1,693,'2022-08-24 12:47:52'),(47,137,4,3,'2L',1,693,'2022-08-24 12:47:45'),(48,137,4,3,'1U',1,693,'2022-08-24 12:47:39'),(49,137,4,3,'1L',1,693,'2022-08-08 12:39:59'),(50,138,4,3,'2U',1,693,'2022-08-24 12:48:43'),(51,138,4,3,'2L',1,693,'2022-08-24 12:48:36'),(52,138,4,3,'1U',1,693,'2022-08-24 12:48:28'),(53,138,4,3,'1L',1,693,'2022-08-08 12:39:05'),(54,139,4,3,'2U',1,693,'2022-08-24 12:49:49'),(55,139,4,3,'2L',1,693,'2022-08-24 12:49:42'),(56,139,4,3,'1U',1,693,'2022-08-24 12:49:35'),(57,139,4,3,'1L',1,693,'2022-08-08 12:38:08'),(58,140,4,3,'2U',1,693,'2022-08-24 12:49:15'),(59,140,4,3,'2L',1,693,'2022-08-24 12:49:06'),(60,140,4,3,'1U',1,693,'2022-08-24 12:49:00'),(61,140,4,3,'1L',1,693,'2022-08-08 12:37:29'),(62,153,4,3,'2U',1,693,'2022-08-24 12:30:55'),(63,153,4,3,'2L',1,693,'2022-08-24 12:30:48'),(64,153,4,3,'1U',1,693,'2022-08-24 12:30:35'),(65,153,4,3,'1L',1,693,'2022-08-08 11:49:16'),(66,154,4,3,'2U',1,693,'2022-08-24 12:33:34'),(67,154,4,3,'2L',1,693,'2022-08-24 12:33:27'),(68,154,4,3,'1U',1,693,'2022-08-24 12:33:20'),(69,154,4,3,'1L',1,363,'2022-08-04 10:38:23'),(70,155,4,3,'2U',1,693,'2022-08-24 12:31:32'),(71,155,4,3,'2L',1,693,'2022-08-24 12:31:26'),(72,155,4,3,'1U',1,693,'2022-08-24 12:31:19'),(73,155,4,3,'1L',1,363,'2022-08-04 10:37:10'),(74,156,4,3,'2U',1,693,'2022-08-24 12:34:32'),(75,156,4,3,'2L',1,693,'2022-08-24 12:34:23'),(76,156,4,3,'1U',1,693,'2022-08-24 12:34:16'),(77,156,4,3,'1L',1,693,'2022-08-08 11:46:17'),(78,157,4,3,'2U',1,693,'2022-08-24 12:35:15'),(79,157,4,3,'2L',1,693,'2022-08-24 12:35:08'),(80,157,4,3,'1U',1,693,'2022-08-24 12:35:00'),(81,157,4,3,'1L',1,693,'2022-08-08 11:45:05'),(82,158,4,3,'2U',1,693,'2022-08-24 12:36:53'),(83,158,4,3,'2L',1,693,'2022-08-24 12:36:00'),(84,158,4,3,'1U',1,693,'2022-08-24 12:35:53'),(85,158,4,3,'1L',1,693,'2022-08-08 11:43:45'),(86,159,4,3,'2U',1,693,'2022-08-24 12:37:47'),(87,159,4,3,'2L',1,693,'2022-08-24 12:37:40'),(88,159,4,3,'1U',1,693,'2022-08-24 12:37:31'),(89,159,4,3,'1L',1,693,'2022-08-08 11:42:34'),(90,160,4,3,'2U',1,693,'2022-08-24 12:38:58'),(91,160,4,3,'2L',1,693,'2022-08-24 12:38:50'),(92,160,4,3,'1U',1,693,'2022-08-24 12:38:43'),(93,160,4,3,'1L',1,693,'2022-08-08 11:41:25'),(94,161,4,3,'2U',1,693,'2022-08-24 12:40:05'),(95,161,4,3,'2L',1,693,'2022-08-24 12:39:58'),(96,161,4,3,'1U',1,693,'2022-08-24 12:39:52'),(97,161,4,3,'1L',1,693,'2022-08-08 11:39:55'),(98,162,4,3,'2U',1,693,'2022-08-24 12:43:13'),(99,162,4,3,'2L',1,693,'2022-08-24 12:40:44'),(100,162,4,3,'1U',1,693,'2022-08-24 12:40:32'),(101,162,4,3,'1L',1,693,'2022-08-08 11:38:53'),(102,163,4,3,'2U',1,693,'2022-08-24 12:42:45'),(103,163,4,3,'2L',1,693,'2022-08-24 12:42:38'),(104,163,4,3,'1U',1,693,'2022-08-24 12:42:31'),(105,163,4,3,'1L',1,693,'2022-08-08 11:37:34'),(110,165,2,2,'2L',1,694,'2022-08-07 04:46:05'),(111,165,2,2,'1L',1,694,'2022-08-07 04:45:42'),(112,166,4,3,'2U',1,363,'2022-08-23 09:35:57'),(113,166,4,3,'2L',1,363,'2022-08-23 09:35:48'),(114,166,4,3,'1U',1,363,'2022-08-23 09:35:37'),(115,166,4,3,'1L',1,694,'2022-08-10 06:30:28'),(116,167,4,3,'2U',1,363,'2022-08-23 09:42:47'),(117,167,4,3,'2L',1,363,'2022-08-23 09:42:40'),(118,167,4,3,'1U',1,363,'2022-08-23 09:42:31'),(119,167,4,3,'1L',1,694,'2022-08-10 06:29:23'),(120,168,4,3,'2U',1,694,'2022-08-23 10:04:42'),(121,168,4,3,'2L',1,694,'2022-08-23 10:04:31'),(122,168,4,3,'1U',1,694,'2022-08-23 10:04:18'),(123,168,4,3,'1L',1,694,'2022-08-10 06:28:17'),(124,169,4,3,'2U',1,694,'2022-08-23 10:05:59'),(125,169,4,3,'2L',1,694,'2022-08-23 10:05:48'),(126,169,4,3,'1U',1,694,'2022-08-23 10:05:37'),(127,169,4,3,'1L',1,694,'2022-08-23 10:05:26'),(128,170,4,3,'2U',1,694,'2022-08-23 10:07:01'),(129,170,4,3,'2L',1,694,'2022-08-23 10:06:51'),(130,170,4,3,'1U',1,694,'2022-08-23 10:06:42'),(131,170,4,3,'1L',1,694,'2022-08-23 10:06:31'),(132,171,4,3,'2U',1,694,'2022-08-23 10:07:43'),(133,171,4,3,'2L',1,694,'2022-08-23 10:07:35'),(134,171,4,3,'1U',1,694,'2022-08-23 10:07:25'),(135,171,4,3,'1L',1,694,'2022-08-10 06:24:03'),(136,172,4,3,'2U',1,694,'2022-08-23 10:08:55'),(137,172,4,3,'2L',1,694,'2022-08-23 10:08:44'),(138,172,4,3,'1U',1,694,'2022-08-23 10:08:35'),(139,172,4,3,'1L',1,694,'2022-08-23 10:08:27'),(140,173,4,3,'2U',1,694,'2022-08-23 10:09:46'),(141,173,4,3,'2L',1,694,'2022-08-23 10:09:37'),(142,173,4,3,'1U',1,694,'2022-08-23 10:09:27'),(143,173,4,3,'1L',1,694,'2022-08-23 10:09:17'),(144,174,4,3,'2U',1,694,'2022-08-23 10:11:13'),(145,174,4,3,'2L',1,694,'2022-08-23 10:11:02'),(146,174,4,3,'1U',1,694,'2022-08-23 10:10:52'),(147,174,4,3,'1L',1,694,'2022-08-10 06:20:18'),(148,175,4,3,'2U',1,694,'2022-08-23 10:12:19'),(149,175,4,3,'2L',1,694,'2022-08-23 10:12:09'),(150,175,4,3,'1U',1,694,'2022-08-23 10:11:58'),(151,175,4,3,'1L',1,694,'2022-08-23 10:11:50'),(152,176,2,3,'1U',1,694,'2022-08-23 10:13:17'),(153,176,2,3,'1L',1,694,'2022-08-10 06:11:45'),(154,177,4,3,'2U',1,694,'2022-08-23 10:14:04'),(155,177,4,3,'2L',1,694,'2022-08-23 10:13:56'),(156,177,4,3,'1U',1,694,'2022-08-23 10:13:47'),(157,177,4,3,'1L',1,694,'2022-08-23 10:13:39'),(158,178,4,3,'2U',1,694,'2022-08-23 10:14:46'),(159,178,4,3,'2L',1,694,'2022-08-23 10:14:36'),(160,178,4,3,'1U',1,694,'2022-08-23 10:14:27'),(161,178,4,3,'1L',1,694,'2022-08-10 06:09:04'),(162,179,4,3,'2U',1,694,'2022-08-23 10:15:46'),(163,179,4,3,'2L',1,694,'2022-08-23 10:15:35'),(164,179,4,3,'1U',1,694,'2022-08-23 10:15:22'),(165,179,4,3,'1L',1,694,'2022-08-23 10:15:12'),(166,180,4,3,'2U',1,694,'2022-08-23 10:17:03'),(167,180,4,3,'2L',1,694,'2022-08-23 10:16:45'),(168,180,4,3,'1U',1,694,'2022-08-23 10:16:35'),(169,180,4,3,'1L',1,694,'2022-08-10 06:06:56'),(170,181,4,3,'2U',1,694,'2022-08-23 10:18:02'),(171,181,4,3,'2L',1,694,'2022-08-23 10:17:53'),(172,181,4,3,'1U',1,694,'2022-08-23 10:17:45'),(173,181,4,3,'1L',1,694,'2022-08-10 06:05:42'),(174,182,4,3,'2U',1,694,'2022-08-23 10:19:06'),(175,182,4,3,'2L',1,694,'2022-08-23 10:18:42'),(176,182,4,3,'1U',1,694,'2022-08-23 10:18:31'),(177,182,4,3,'1L',1,694,'2022-08-23 10:18:20'),(178,183,4,3,'2U',1,694,'2022-08-23 10:20:06'),(179,183,4,3,'2L',1,694,'2022-08-23 10:19:59'),(180,183,4,3,'1U',1,694,'2022-08-23 10:19:51'),(181,183,4,3,'1L',1,694,'2022-08-10 06:03:16'),(182,184,4,3,'2U',1,694,'2022-08-23 10:20:57'),(183,184,4,3,'2L',1,694,'2022-08-23 10:20:44'),(184,184,4,3,'1U',1,694,'2022-08-23 10:20:32'),(185,184,4,3,'1L',1,694,'2022-08-10 06:02:12'),(186,185,4,3,'2U',1,694,'2022-08-23 10:21:47'),(187,185,4,3,'2L',1,694,'2022-08-23 10:21:39'),(188,185,4,3,'1U',1,694,'2022-08-23 10:21:31'),(189,185,4,3,'1L',1,694,'2022-08-10 06:01:10'),(190,186,4,3,'2U',1,694,'2022-08-23 10:22:50'),(191,186,4,3,'2L',1,694,'2022-08-23 10:22:38'),(192,186,4,3,'1U',1,694,'2022-08-23 10:22:29'),(193,186,4,3,'1L',1,694,'2022-08-10 06:00:02'),(194,187,4,3,'2U',1,694,'2022-08-23 10:24:03'),(195,187,4,3,'2L',1,694,'2022-08-23 10:23:54'),(196,187,4,3,'1U',1,694,'2022-08-23 10:23:36'),(197,187,4,3,'1L',1,694,'2022-08-23 10:23:27'),(198,188,4,3,'2U',1,694,'2022-08-23 10:26:09'),(199,188,4,3,'2L',1,694,'2022-08-23 10:26:02'),(200,188,4,3,'1U',1,694,'2022-08-23 10:25:54'),(201,188,4,3,'1L',1,694,'2022-08-10 05:56:39'),(202,189,4,3,'2U',1,694,'2022-08-23 10:27:16'),(203,189,4,3,'2L',1,694,'2022-08-23 10:27:07'),(204,189,4,3,'1U',1,694,'2022-08-23 10:26:59'),(205,189,4,3,'1L',1,694,'2022-08-23 10:26:52'),(206,190,4,3,'2U',1,694,'2022-08-23 10:28:23'),(207,190,4,3,'2L',1,694,'2022-08-23 10:28:09'),(208,190,4,3,'1U',1,694,'2022-08-23 10:27:59'),(209,190,4,3,'1L',1,694,'2022-08-23 10:27:50'),(210,191,4,3,'2U',1,694,'2022-08-23 10:29:09'),(211,191,4,3,'2L',1,694,'2022-08-23 10:29:01'),(212,191,4,3,'1U',1,694,'2022-08-23 10:28:52'),(213,191,4,3,'1L',1,694,'2022-08-10 05:53:11'),(214,192,4,3,'2U',1,694,'2022-08-23 10:30:03'),(215,192,4,3,'2L',1,694,'2022-08-23 10:29:54'),(216,192,4,3,'1U',1,694,'2022-08-23 10:29:46'),(217,192,4,3,'1L',1,694,'2022-08-10 05:52:05'),(218,193,4,3,'2U',1,694,'2022-08-23 10:30:45'),(219,193,4,3,'2L',1,694,'2022-08-23 10:30:36'),(220,193,4,3,'1U',1,694,'2022-08-23 10:30:27'),(221,193,4,3,'1L',1,694,'2022-08-10 05:50:55'),(222,194,4,3,'2U',1,694,'2022-08-23 10:31:24'),(223,194,4,3,'2L',1,694,'2022-08-23 10:31:14'),(224,194,4,3,'1U',1,694,'2022-08-23 10:31:05'),(225,194,4,3,'1L',1,694,'2022-08-10 05:49:14'),(226,195,4,3,'2U',1,694,'2022-08-23 10:32:06'),(227,195,4,3,'2L',1,694,'2022-08-23 10:31:54'),(228,195,4,3,'1U',1,694,'2022-08-23 10:31:45'),(229,195,4,3,'1L',1,694,'2022-08-10 05:47:55'),(230,196,4,2,'4L',1,694,'2022-08-10 05:46:48'),(231,196,4,2,'3L',1,694,'2022-08-10 05:46:37'),(232,196,4,2,'2L',1,694,'2022-08-10 05:46:25'),(233,196,4,2,'1L',1,694,'2022-08-10 05:46:11'),(234,197,4,3,'2U',1,694,'2022-08-24 09:59:15'),(235,197,4,3,'2L',1,694,'2022-08-24 09:59:04'),(236,197,4,3,'1U',1,694,'2022-08-24 09:58:50'),(237,197,4,3,'1L',1,694,'2022-08-10 05:43:59'),(238,198,4,3,'2U',1,694,'2022-08-23 10:41:18'),(239,198,4,3,'2L',1,694,'2022-08-23 10:41:08'),(240,198,4,3,'1U',1,694,'2022-08-23 10:40:56'),(241,198,4,3,'1L',1,694,'2022-08-10 05:42:13'),(242,199,4,3,'2U',1,694,'2022-08-23 10:40:37'),(243,199,4,3,'2L',1,694,'2022-08-23 10:40:29'),(244,199,4,3,'1U',1,694,'2022-08-23 10:40:21'),(245,199,4,3,'1L',1,694,'2022-08-10 05:41:08'),(246,200,4,3,'2U',1,694,'2022-08-23 10:39:55'),(247,200,4,3,'2L',1,694,'2022-08-23 10:39:46'),(248,200,4,3,'1U',1,694,'2022-08-23 10:39:37'),(249,200,4,3,'1L',1,694,'2022-08-10 05:39:34'),(250,201,4,3,'2U',1,694,'2022-08-23 10:39:02'),(251,201,4,3,'2L',1,694,'2022-08-23 10:38:46'),(252,201,4,3,'1U',1,694,'2022-08-23 10:38:36'),(253,201,4,3,'1L',1,694,'2022-08-10 05:38:30'),(254,202,4,2,'4L',1,694,'2022-08-10 05:37:57'),(255,202,4,2,'3L',1,694,'2022-08-10 05:37:47'),(256,202,4,2,'2L',1,694,'2022-08-10 05:37:31'),(257,202,4,2,'1L',1,694,'2022-08-10 05:37:18'),(258,203,4,3,'2U',1,694,'2022-08-23 10:37:43'),(259,203,4,3,'2L',1,694,'2022-08-23 10:37:32'),(260,203,4,3,'1U',1,694,'2022-08-23 10:37:21'),(261,203,4,3,'1L',1,694,'2022-08-10 05:36:04'),(262,204,4,3,'2U',1,694,'2022-08-23 10:36:54'),(263,204,4,3,'2L',1,694,'2022-08-23 10:36:41'),(264,204,4,3,'1U',1,694,'2022-08-23 10:36:29'),(265,204,4,3,'1L',1,694,'2022-08-10 05:34:35'),(266,205,4,3,'2U',1,694,'2022-08-23 10:36:10'),(267,205,4,3,'2L',1,694,'2022-08-23 10:36:00'),(268,205,4,3,'1U',1,694,'2022-08-23 10:35:48'),(269,205,4,3,'1L',1,694,'2022-08-23 10:35:40'),(270,141,4,3,'2U',1,693,'2022-08-24 12:29:47'),(271,141,4,3,'2L',1,693,'2022-08-24 12:29:39'),(272,141,4,3,'1U',1,693,'2022-08-24 12:29:32'),(273,141,4,3,'1L',1,693,'2022-08-08 12:35:59'),(274,142,4,3,'2U',1,693,'2022-08-24 12:28:59'),(275,142,4,3,'2L',1,693,'2022-08-24 12:28:52'),(276,142,4,3,'1U',1,693,'2022-08-24 12:28:45'),(277,142,4,3,'1L',1,693,'2022-08-08 12:35:07'),(278,143,4,3,'2U',1,693,'2022-08-24 12:28:07'),(279,143,4,3,'2L',1,693,'2022-08-24 12:28:00'),(280,143,4,3,'1U',1,693,'2022-08-24 12:27:53'),(281,143,4,3,'1L',1,693,'2022-08-08 12:34:10'),(282,144,4,3,'2U',1,693,'2022-08-24 12:27:35'),(283,144,4,3,'2L',1,693,'2022-08-24 12:26:45'),(284,144,4,3,'1U',1,693,'2022-08-24 12:26:38'),(285,144,4,3,'1L',1,693,'2022-08-08 12:33:23'),(286,145,4,3,'2U',1,693,'2022-08-24 12:20:25'),(287,145,4,3,'2L',1,693,'2022-08-24 12:20:16'),(288,145,4,3,'1U',1,693,'2022-08-24 12:20:09'),(289,145,4,3,'1L',1,693,'2022-08-08 12:31:54'),(290,146,4,3,'2U',1,693,'2022-08-24 12:22:16'),(291,146,4,3,'2L',1,693,'2022-08-24 12:22:05'),(292,146,4,3,'1U',1,693,'2022-08-24 12:21:51'),(293,146,4,3,'1L',1,693,'2022-08-08 12:30:55'),(294,147,4,3,'2U',1,693,'2022-08-24 12:23:15'),(295,147,4,3,'2L',1,693,'2022-08-24 12:23:07'),(296,147,4,3,'1U',1,693,'2022-08-24 12:22:59'),(297,147,4,3,'1L',1,693,'2022-08-08 12:30:10'),(298,148,4,3,'2U',1,693,'2022-08-24 12:25:17'),(299,148,4,3,'2L',1,693,'2022-08-24 12:25:08'),(300,148,4,3,'1U',1,693,'2022-08-24 12:25:00'),(301,148,4,3,'1L',1,693,'2022-08-08 12:29:21'),(302,149,4,3,'2U',1,693,'2022-08-24 12:13:59'),(303,149,4,3,'2L',1,693,'2022-08-24 12:13:44'),(304,149,4,3,'1U',1,693,'2022-08-24 12:13:29'),(305,149,4,3,'1L',1,693,'2022-08-08 12:28:29'),(306,150,4,3,'2U',1,693,'2022-08-24 12:14:55'),(307,150,4,3,'2L',1,693,'2022-08-24 12:14:47'),(308,150,4,3,'1U',1,693,'2022-08-24 12:14:38'),(309,150,4,3,'1L',1,693,'2022-08-08 12:27:35'),(310,151,4,3,'2U',1,693,'2022-08-24 12:16:34'),(311,151,4,3,'2L',1,693,'2022-08-24 12:16:21'),(312,151,4,3,'1U',1,693,'2022-08-24 12:16:12'),(313,151,4,3,'1L',1,693,'2022-08-08 12:26:40'),(314,152,4,3,'2U',1,693,'2022-08-24 12:18:39'),(315,152,4,3,'2L',1,693,'2022-08-24 12:18:33'),(316,152,4,3,'1U',1,693,'2022-08-24 12:18:20'),(317,152,4,3,'1L',1,693,'2022-08-08 12:25:32'),(318,107,4,3,'2U',1,693,'2022-08-24 12:58:39'),(319,107,4,3,'2L',1,693,'2022-08-24 12:58:31'),(320,107,4,3,'1U',1,693,'2022-08-24 12:58:25'),(321,107,4,3,'1L',1,693,'2022-08-08 12:22:19'),(322,108,4,3,'2U',1,693,'2022-08-24 12:59:06'),(323,108,4,3,'2L',1,693,'2022-08-24 12:58:59'),(324,108,4,3,'1U',1,693,'2022-08-24 12:58:53'),(325,108,4,3,'1L',1,693,'2022-08-08 12:21:33'),(326,109,4,3,'2U',1,693,'2022-08-24 12:59:48'),(327,109,4,3,'2L',1,693,'2022-08-24 12:59:39'),(328,109,4,3,'1U',1,693,'2022-08-24 12:59:33'),(329,109,4,3,'1L',1,693,'2022-08-08 12:20:44'),(330,110,4,3,'2U',1,693,'2022-08-24 13:01:12'),(331,110,4,3,'2L',1,693,'2022-08-24 13:01:04'),(332,110,4,3,'1U',1,693,'2022-08-24 13:00:58'),(333,110,4,3,'1L',1,693,'2022-08-08 12:19:30'),(334,111,4,3,'2U',1,693,'2022-08-24 13:02:27'),(335,111,4,3,'2L',1,693,'2022-08-24 13:02:20'),(336,111,4,3,'1U',1,693,'2022-08-24 13:02:10'),(337,111,4,3,'1L',1,693,'2022-08-08 12:18:27'),(338,112,4,3,'2U',1,693,'2022-08-24 13:03:20'),(339,112,4,3,'2L',1,693,'2022-08-24 13:03:13'),(340,112,4,3,'1U',1,693,'2022-08-24 13:03:05'),(341,112,4,3,'1L',1,693,'2022-08-08 12:17:35'),(342,113,4,3,'2U',1,693,'2022-08-24 13:04:01'),(343,113,4,3,'2L',1,693,'2022-08-24 13:03:54'),(344,113,4,3,'1U',1,693,'2022-08-24 13:03:48'),(345,113,4,3,'1L',1,693,'2022-08-08 12:16:31'),(346,114,4,3,'2U',1,693,'2022-08-24 13:04:47'),(347,114,4,3,'2L',1,693,'2022-08-24 13:04:40'),(348,114,4,3,'1U',1,693,'2022-08-24 13:04:34'),(349,114,4,3,'1L',1,693,'2022-08-08 12:15:32'),(350,115,4,3,'2U',1,693,'2022-08-24 13:05:24'),(351,115,4,3,'2L',1,693,'2022-08-24 13:05:18'),(352,115,4,3,'1U',1,693,'2022-08-24 13:05:08'),(353,115,4,3,'1L',1,693,'2022-08-08 12:14:26'),(354,116,4,3,'2U',1,693,'2022-08-24 13:06:07'),(355,116,4,3,'2L',1,693,'2022-08-24 13:05:55'),(356,116,4,3,'1U',1,693,'2022-08-24 13:05:46'),(357,116,4,3,'1L',1,693,'2022-08-08 12:13:11'),(358,117,4,3,'2U',1,693,'2022-08-24 13:06:47'),(359,117,4,3,'2L',1,693,'2022-08-24 13:06:38'),(360,117,4,3,'1U',1,693,'2022-08-24 13:06:32'),(361,117,4,3,'1L',1,693,'2022-08-08 12:11:40'),(362,118,4,3,'2U',1,693,'2022-08-24 13:08:32'),(363,118,4,3,'2L',1,693,'2022-08-24 13:08:26'),(364,118,4,3,'1U',1,693,'2022-08-24 13:08:20'),(365,118,4,3,'1L',1,693,'2022-08-08 12:10:21'),(366,119,4,3,'2U',1,693,'2022-08-24 13:09:17'),(367,119,4,3,'2L',1,693,'2022-08-24 13:09:10'),(368,119,4,3,'1U',1,693,'2022-08-24 13:09:04'),(369,119,4,3,'1L',1,693,'2022-08-08 12:08:56'),(370,120,4,3,'2U',1,693,'2022-08-24 13:10:38'),(371,120,4,3,'2L',1,693,'2022-08-24 13:10:29'),(372,120,4,3,'1U',1,693,'2022-08-24 13:10:23'),(373,120,4,3,'1L',1,693,'2022-08-08 12:07:45'),(374,121,4,3,'2U',1,693,'2022-08-24 13:11:32'),(375,121,4,3,'2L',1,693,'2022-08-24 13:11:25'),(376,121,4,3,'1U',1,693,'2022-08-24 13:11:17'),(377,121,4,3,'1L',1,693,'2022-08-08 12:06:10'),(378,122,4,3,'2U',1,693,'2022-08-24 13:12:10'),(379,122,4,3,'2L',1,693,'2022-08-24 13:12:02'),(380,122,4,3,'1U',1,693,'2022-08-24 13:11:56'),(381,122,4,3,'1L',1,693,'2022-08-08 12:05:03'),(382,123,4,3,'2U',1,693,'2022-08-24 12:56:28'),(383,123,4,3,'2L',1,693,'2022-08-24 12:56:22'),(384,123,4,3,'1U',1,693,'2022-08-24 12:56:15'),(385,123,4,3,'1L',1,693,'2022-08-08 12:03:34'),(386,124,4,3,'2U',1,693,'2022-08-24 12:56:55'),(387,124,4,3,'2L',1,693,'2022-08-24 12:56:49'),(388,124,4,3,'1U',1,693,'2022-08-24 12:56:43'),(389,124,4,3,'1L',1,693,'2022-08-08 12:02:21'),(390,125,4,3,'2U',1,693,'2022-08-24 12:57:28'),(391,125,4,3,'2L',1,693,'2022-08-24 12:57:21'),(392,125,4,3,'1U',1,693,'2022-08-24 12:57:14'),(393,125,4,3,'1L',1,693,'2022-08-08 12:01:14'),(394,126,4,3,'2U',1,693,'2022-08-24 12:55:46'),(395,126,4,3,'2L',1,693,'2022-08-24 12:55:37'),(396,126,4,3,'1U',1,693,'2022-08-24 12:55:29'),(397,126,4,3,'1L',1,693,'2022-08-08 11:59:13'),(398,127,4,3,'2U',1,693,'2022-08-24 12:54:12'),(399,127,4,3,'2L',1,693,'2022-08-24 12:54:06'),(400,127,4,3,'1U',1,693,'2022-08-24 12:53:58'),(401,127,4,3,'1L',1,693,'2022-08-08 11:58:02'),(402,128,4,3,'2U',1,693,'2022-08-24 12:53:30'),(403,128,4,3,'2L',1,693,'2022-08-24 12:53:23'),(404,128,4,3,'1U',1,693,'2022-08-24 12:53:15'),(405,128,4,3,'1L',1,693,'2022-08-08 11:56:59'),(406,129,4,3,'2U',1,693,'2022-08-24 12:52:55'),(407,129,4,3,'2L',1,693,'2022-08-24 12:52:46'),(408,129,4,3,'1U',1,693,'2022-08-24 12:52:40'),(409,129,4,3,'1L',1,693,'2022-08-08 11:55:52'),(410,130,4,3,'2U',1,693,'2022-08-24 12:52:18'),(411,130,4,3,'2L',1,693,'2022-08-24 12:52:12'),(412,130,4,3,'1U',1,693,'2022-08-24 12:52:05'),(413,130,4,3,'1L',1,693,'2022-08-08 11:54:25'),(414,131,4,3,'2U',1,693,'2022-08-24 12:51:38'),(415,131,4,3,'2L',1,693,'2022-08-24 12:51:32'),(416,131,4,3,'1U',1,693,'2022-08-24 12:51:25'),(417,131,4,3,'1L',1,693,'2022-08-08 11:53:20'),(418,132,4,3,'2U',1,693,'2022-08-24 12:51:04'),(419,132,4,3,'2L',1,693,'2022-08-24 12:50:57'),(420,132,4,3,'1U',1,693,'2022-08-24 12:50:50'),(421,132,4,3,'1L',1,693,'2022-08-08 11:52:20'),(422,206,1,2,'1L',1,694,'2022-08-10 14:00:02'),(423,207,1,2,'1L',1,694,'2022-08-10 13:59:41'),(424,208,1,2,'1L',1,694,'2022-08-10 13:59:13'),(425,209,1,2,'1L',1,694,'2022-08-10 13:58:50'),(426,210,1,2,'1L',1,694,'2022-08-10 13:58:29'),(427,211,1,2,'1L',1,694,'2022-08-10 13:58:07'),(428,212,1,2,'1L',1,694,'2022-08-10 13:57:43'),(429,213,1,2,'1L',1,694,'2022-08-10 13:57:06'),(430,214,1,2,'1L',1,694,'2022-08-10 13:56:07'),(431,215,1,2,'1L',1,694,'2022-08-10 13:55:43'),(432,216,1,2,'1L',1,694,'2022-08-10 13:55:24'),(433,217,1,2,'1L',1,694,'2022-08-10 13:55:03'),(434,218,1,2,'1L',1,694,'2022-08-10 13:54:35'),(435,219,1,2,'1L',1,694,'2022-08-10 13:54:12'),(436,220,1,2,'1L',1,694,'2022-08-10 13:53:51'),(437,221,1,2,'1L',1,694,'2022-08-10 13:52:43'),(438,222,1,2,'1L',1,694,'2022-08-10 13:52:24'),(439,223,1,2,'1L',1,694,'2022-08-10 13:52:02'),(440,224,1,2,'1L',1,694,'2022-08-10 13:51:39'),(441,225,1,2,'1L',1,694,'2022-08-10 13:51:17'),(442,226,6,3,'3U',1,694,'2022-08-23 10:51:06'),(443,226,6,3,'3L',1,694,'2022-08-23 10:50:57'),(444,226,6,3,'2U',1,694,'2022-08-23 10:50:44'),(445,226,6,3,'2L',1,694,'2022-08-23 10:50:32'),(446,226,6,3,'1U',1,694,'2022-08-23 10:50:20'),(447,226,6,3,'1L',1,694,'2022-08-10 13:48:49'),(448,227,4,3,'2U',1,694,'2022-08-23 10:49:49'),(449,227,4,3,'2L',1,694,'2022-08-23 10:49:40'),(450,227,4,3,'1U',1,694,'2022-08-23 10:49:29'),(451,227,4,3,'1L',1,694,'2022-08-10 13:47:44'),(452,228,4,3,'2U',1,694,'2022-08-23 10:48:56'),(453,228,4,3,'2L',1,694,'2022-08-23 10:48:46'),(454,228,4,3,'1U',1,694,'2022-08-23 10:48:37'),(455,228,4,3,'1L',1,694,'2022-08-10 13:46:09'),(456,229,4,3,'2U',1,694,'2022-08-23 10:48:10'),(457,229,4,3,'2L',1,694,'2022-08-23 10:47:55'),(458,229,4,3,'1U',1,694,'2022-08-23 10:43:42'),(459,229,4,3,'1L',1,694,'2022-08-10 13:45:04'),(460,230,4,3,'2U',1,694,'2022-08-23 10:43:17'),(461,230,4,3,'2L',1,694,'2022-08-23 10:43:00'),(462,230,4,3,'1U',1,694,'2022-08-23 10:42:47'),(463,230,4,3,'1L',1,694,'2022-08-10 13:43:54'),(464,231,1,2,'1L',1,694,'2022-08-10 13:43:16'),(465,232,1,2,'1L',1,694,'2022-08-10 13:42:51'),(466,233,1,2,'1L',1,694,'2022-08-10 13:42:25'),(467,234,1,2,'1L',1,694,'2022-08-10 13:42:00'),(468,235,1,2,'1L',1,694,'2022-08-10 13:41:13'),(469,236,1,2,'1L',1,694,'2022-08-10 13:40:51'),(470,237,1,NULL,NULL,1,363,'2022-08-04 12:44:52'),(471,238,1,2,'1L',1,694,'2022-08-10 13:35:15'),(472,239,1,2,'1L',1,694,'2022-08-10 13:34:37'),(473,240,1,2,'1L',1,694,'2022-08-10 13:34:14'),(474,241,1,2,'1L',1,694,'2022-08-10 13:33:51'),(475,242,1,2,'1L',1,694,'2022-08-10 13:33:12'),(476,243,1,2,'1L',1,694,'2022-08-10 13:32:46'),(477,244,1,2,'1L',1,694,'2022-08-10 13:32:19'),(478,245,1,2,'1L',1,694,'2022-08-10 13:31:58'),(479,246,1,2,'1L',1,694,'2022-08-10 13:31:37'),(480,247,1,2,'1L',1,694,'2022-08-10 13:31:15'),(481,248,1,2,'1L',1,694,'2022-08-10 13:30:54'),(482,249,1,2,'1L',1,694,'2022-08-10 13:30:33'),(483,250,1,2,'1L',1,694,'2022-08-10 13:30:12'),(484,251,1,2,'1L',1,694,'2022-08-10 13:29:50'),(485,252,1,2,'1L',1,694,'2022-08-10 13:29:27'),(486,253,1,2,'1L',1,694,'2022-08-10 13:26:27'),(487,254,1,2,'1L',1,694,'2022-08-10 13:26:11'),(488,255,1,2,'1L',1,694,'2022-08-10 13:25:54'),(489,256,1,2,'1L',1,694,'2022-08-10 13:25:36'),(490,257,1,2,'1L',1,694,'2022-08-10 13:25:16'),(491,258,1,2,'1L',1,694,'2022-08-10 13:24:55'),(492,259,1,2,'1L',1,694,'2022-08-10 13:24:07'),(493,260,1,2,'1L',1,694,'2022-08-10 13:23:45'),(494,261,1,2,'1L',1,694,'2022-08-10 13:23:25'),(495,262,1,2,'1L',1,694,'2022-08-10 13:22:53'),(496,164,4,3,'2U',1,693,'2022-08-24 12:32:44'),(497,164,4,3,'2L',1,693,'2022-08-24 12:32:34'),(498,164,4,3,'1U',1,693,'2022-08-24 12:32:26'),(499,164,4,3,'1L',1,693,'2022-08-08 11:33:17'),(500,133,4,3,'2U',1,693,'2022-08-24 12:44:35'),(501,133,4,3,'2L',1,693,'2022-08-24 12:44:28'),(502,133,4,3,'1U',1,693,'2022-08-24 12:44:21'),(503,133,4,3,'1L',1,693,'2022-08-19 12:30:44'),(504,263,8,2,'8',1,700,'2022-08-25 10:57:33'),(505,263,8,2,'7',1,700,'2022-08-25 10:57:26'),(506,263,8,2,'6',1,700,'2022-08-25 10:57:18'),(507,263,8,2,'5',1,700,'2022-08-25 10:57:07'),(508,263,8,2,'4',1,700,'2022-08-25 10:57:00'),(509,263,8,2,'3',1,700,'2022-08-25 10:56:52'),(510,263,8,2,'2',1,700,'2022-08-25 10:56:42'),(511,263,8,2,'1',1,363,'2022-08-25 10:54:04'),(512,264,8,2,'8',1,363,'2022-08-25 10:59:55'),(513,264,8,2,'7',1,363,'2022-08-25 10:59:48'),(514,264,8,2,'6',1,363,'2022-08-25 10:59:41'),(515,264,8,2,'5',1,363,'2022-08-25 10:59:34'),(516,264,8,2,'4',1,363,'2022-08-25 10:59:27'),(517,264,8,2,'3',1,363,'2022-08-25 10:59:18'),(518,264,8,2,'2',1,363,'2022-08-25 10:59:05'),(519,264,8,2,'1',1,363,'2022-08-25 10:58:58'),(520,265,8,2,'8',1,363,'2022-08-25 11:01:22'),(521,265,8,2,'7',1,363,'2022-08-25 11:01:15'),(522,265,8,2,'6',1,363,'2022-08-25 11:01:09'),(523,265,8,2,'5',1,363,'2022-08-25 11:01:02'),(524,265,8,2,'4',1,363,'2022-08-25 11:00:54'),(525,265,8,2,'3',1,363,'2022-08-25 11:00:45'),(526,265,8,2,'2',1,363,'2022-08-25 11:00:38'),(527,265,8,2,'1',1,363,'2022-08-25 11:00:31'),(534,288,2,2,'2',1,363,'2022-08-25 11:16:10'),(535,288,2,2,'1',1,363,'2022-08-25 11:16:03'),(540,286,4,2,'4',1,363,'2022-08-25 11:18:16'),(541,286,4,2,'3',1,363,'2022-08-25 11:18:08'),(542,286,4,2,'2',1,363,'2022-08-25 11:18:02'),(543,286,4,2,'1',1,363,'2022-08-25 11:17:56'),(544,285,4,2,'4',1,363,'2022-08-25 11:18:55'),(545,285,4,2,'3',1,363,'2022-08-25 11:18:48'),(546,285,4,2,'2',1,363,'2022-08-25 11:18:42'),(547,285,4,2,'1',1,363,'2022-08-25 11:18:36'),(558,284,4,2,'4',1,363,'2022-08-25 11:20:13'),(559,284,4,2,'3',1,363,'2022-08-25 11:20:07'),(560,284,4,2,'2',1,363,'2022-08-25 11:20:00'),(561,284,4,2,'1',1,363,'2022-08-25 11:19:53'),(562,283,4,2,'4',1,363,'2022-08-25 11:21:01'),(563,283,4,2,'3',1,363,'2022-08-25 11:20:54'),(564,283,4,2,'2',1,363,'2022-08-25 11:20:44'),(565,283,4,2,'1',1,363,'2022-08-25 11:20:37'),(566,282,3,2,'3',1,363,'2022-08-25 11:22:03'),(567,282,3,2,'2',1,363,'2022-08-25 11:21:49'),(568,282,3,2,'1',1,363,'2022-08-25 11:21:42'),(569,281,4,2,'4',1,363,'2022-08-25 11:23:13'),(570,281,4,2,'3',1,363,'2022-08-25 11:23:07'),(571,281,4,2,'2',1,363,'2022-08-25 11:22:41'),(572,281,4,2,'1',1,363,'2022-08-25 11:22:35'),(573,280,4,2,'4',1,363,'2022-08-25 11:24:02'),(574,280,4,2,'3',1,363,'2022-08-25 11:23:55'),(575,280,4,2,'2',1,363,'2022-08-25 11:23:48'),(576,280,4,2,'1',1,363,'2022-08-25 11:23:42'),(577,279,4,2,'4',1,363,'2022-08-25 11:24:45'),(578,279,4,2,'3',1,363,'2022-08-25 11:24:38'),(579,279,4,2,'2',1,363,'2022-08-25 11:24:32'),(580,279,4,2,'1',1,363,'2022-08-25 11:24:26'),(587,287,4,2,'4',1,363,'2022-08-25 11:16:53'),(588,287,4,2,'3',1,363,'2022-08-25 11:16:47'),(589,287,4,2,'2',1,363,'2022-08-25 11:16:39'),(590,287,4,2,'1',1,363,'2022-08-25 11:16:32'),(597,266,6,2,'6',1,363,'2022-08-25 11:02:30'),(598,266,6,2,'5',1,363,'2022-08-25 11:02:24'),(599,266,6,2,'4',1,363,'2022-08-25 11:02:18'),(600,266,6,2,'3',1,363,'2022-08-25 11:02:12'),(601,266,6,2,'2',1,363,'2022-08-25 11:02:06'),(602,266,6,2,'1',1,363,'2022-08-25 11:01:59'),(603,278,4,2,'4',1,363,'2022-08-25 11:25:51'),(604,278,4,2,'3',1,363,'2022-08-25 11:25:44'),(605,278,4,2,'2',1,363,'2022-08-25 11:25:38'),(606,278,4,2,'1',1,363,'2022-08-25 11:25:10'),(607,267,6,2,'6',1,363,'2022-08-25 11:03:59'),(608,267,6,2,'5',1,363,'2022-08-25 11:03:52'),(609,267,6,2,'4',1,363,'2022-08-25 11:03:46'),(610,267,6,2,'3',1,363,'2022-08-25 11:03:40'),(611,267,6,2,'2',1,363,'2022-08-25 11:03:33'),(612,267,6,2,'1',1,363,'2022-08-25 11:03:27'),(613,268,8,2,'8',1,363,'2022-08-25 11:05:24'),(614,268,8,2,'7',1,363,'2022-08-25 11:05:17'),(615,268,8,2,'6',1,363,'2022-08-25 11:05:08'),(616,268,8,2,'5',1,363,'2022-08-25 11:05:00'),(617,268,8,2,'4',1,363,'2022-08-25 11:04:53'),(618,268,8,2,'3',1,363,'2022-08-25 11:04:46'),(619,268,8,2,'2',1,363,'2022-08-25 11:04:39'),(620,268,8,2,'1',1,363,'2022-08-25 11:04:33'),(621,269,8,2,'8',1,363,'2022-08-25 11:06:58'),(622,269,8,2,'7',1,363,'2022-08-25 11:06:51'),(623,269,8,2,'6',1,363,'2022-08-25 11:06:44'),(624,269,8,2,'5',1,363,'2022-08-25 11:06:36'),(625,269,8,2,'4',1,363,'2022-08-25 11:06:28'),(626,269,8,2,'3',1,363,'2022-08-25 11:06:20'),(627,269,8,2,'2',1,363,'2022-08-25 11:06:10'),(628,269,8,2,'1',1,363,'2022-08-25 11:06:04'),(629,270,8,2,'8',1,363,'2022-08-25 11:08:20'),(630,270,8,2,'7',1,363,'2022-08-25 11:08:13'),(631,270,8,2,'6',1,363,'2022-08-25 11:08:05'),(632,270,8,2,'5',1,363,'2022-08-25 11:07:58'),(633,270,8,2,'4',1,363,'2022-08-25 11:07:51'),(634,270,8,2,'3',1,363,'2022-08-25 11:07:42'),(635,270,8,2,'2',1,363,'2022-08-25 11:07:36'),(636,270,8,2,'1',1,363,'2022-08-25 11:07:30'),(637,271,6,2,'6',1,363,'2022-08-25 11:09:29'),(638,271,6,2,'5',1,363,'2022-08-25 11:09:23'),(639,271,6,2,'4',1,363,'2022-08-25 11:09:16'),(640,271,6,2,'3',1,363,'2022-08-25 11:09:08'),(641,271,6,2,'2',1,363,'2022-08-25 11:09:01'),(642,271,6,2,'1',1,363,'2022-08-25 11:08:53'),(643,272,6,2,'6',1,363,'2022-08-25 11:11:41'),(644,272,6,2,'5',1,363,'2022-08-25 11:11:34'),(645,272,6,2,'4',1,363,'2022-08-25 11:11:28'),(646,272,6,2,'3',1,363,'2022-08-25 11:11:20'),(647,272,6,2,'2',1,363,'2022-08-25 11:11:14'),(648,272,6,2,'1',1,363,'2022-08-25 11:11:06'),(649,273,8,2,'8',1,363,'2022-08-25 11:13:00'),(650,273,8,2,'7',1,363,'2022-08-25 11:12:52'),(651,273,8,2,'6',1,363,'2022-08-25 11:12:44'),(652,273,8,2,'5',1,363,'2022-08-25 11:12:36'),(653,273,8,2,'4',1,363,'2022-08-25 11:12:30'),(654,273,8,2,'3',1,363,'2022-08-25 11:12:22'),(655,273,8,2,'2',1,363,'2022-08-25 11:12:16'),(656,273,8,2,'1',1,363,'2022-08-25 11:12:09'),(657,274,8,2,'8',1,363,'2022-08-25 11:14:25'),(658,274,8,2,'7',1,363,'2022-08-25 11:14:18'),(659,274,8,2,'6',1,363,'2022-08-25 11:14:11'),(660,274,8,2,'5',1,363,'2022-08-25 11:14:01'),(661,274,8,2,'4',1,363,'2022-08-25 11:13:53'),(662,274,8,2,'3',1,363,'2022-08-25 11:13:46'),(663,274,8,2,'2',1,363,'2022-08-25 11:13:39'),(664,274,8,2,'1',1,363,'2022-08-25 11:13:33'),(665,275,8,2,'8',1,363,'2022-08-25 12:57:17'),(666,275,8,2,'7',1,363,'2022-08-25 12:57:10'),(667,275,8,2,'6',1,363,'2022-08-25 12:57:03'),(668,275,8,2,'5',1,363,'2022-08-25 12:56:56'),(669,275,8,2,'4',1,363,'2022-08-25 12:56:48'),(670,275,8,2,'3',1,363,'2022-08-25 12:56:41'),(671,275,8,2,'2',1,363,'2022-08-25 12:56:33'),(672,275,8,2,'1',1,363,'2022-08-25 12:56:26'),(673,276,8,2,'8',1,363,'2022-08-25 12:56:00'),(674,276,8,2,'7',1,363,'2022-08-25 12:55:53'),(675,276,8,2,'6',1,363,'2022-08-25 12:55:46'),(676,276,8,2,'5',1,363,'2022-08-25 12:55:39'),(677,276,8,2,'4',1,363,'2022-08-25 12:55:32'),(678,276,8,2,'3',1,363,'2022-08-25 12:55:23'),(679,276,8,2,'2',1,363,'2022-08-25 12:55:16'),(680,276,8,2,'1',1,363,'2022-08-25 12:55:09'),(681,277,8,2,'8',1,363,'2022-08-25 12:54:36'),(682,277,8,2,'7',1,363,'2022-08-25 12:54:31'),(683,277,8,2,'6',1,363,'2022-08-25 12:53:18'),(684,277,8,2,'5',1,363,'2022-08-25 12:53:11'),(685,277,8,2,'4',1,363,'2022-08-25 12:53:01'),(686,277,8,2,'3',1,363,'2022-08-25 12:52:53'),(687,277,8,2,'2',1,363,'2022-08-25 12:52:46'),(688,277,8,2,'1',1,363,'2022-08-25 12:52:38'),(696,291,4,2,'4',1,363,'2022-08-26 04:55:00'),(697,291,4,2,'3',1,363,'2022-08-26 04:54:54'),(698,291,4,2,'2',1,363,'2022-08-26 04:54:46'),(699,291,4,2,'1',1,363,'2022-08-26 04:54:40'),(700,292,2,2,'2',1,363,'2022-08-26 04:55:31'),(701,292,2,2,'1',1,363,'2022-08-26 04:55:23'),(717,297,4,3,'2U',1,363,'2022-08-26 05:40:48'),(718,297,4,3,'2L',1,363,'2022-08-26 05:40:40'),(719,297,4,3,'1U',1,363,'2022-08-26 05:40:21'),(720,297,4,3,'1L',1,363,'2022-08-26 05:40:27'),(721,298,4,3,'2U',1,363,'2022-08-26 05:42:00'),(722,298,4,3,'2L',1,363,'2022-08-26 05:41:45'),(723,298,4,3,'1U',1,363,'2022-08-26 05:41:33'),(724,298,4,3,'1L',1,363,'2022-08-26 05:41:24'),(725,299,4,3,'2U',1,363,'2022-08-26 05:42:49'),(726,299,4,3,'2L',1,363,'2022-08-26 05:42:41'),(727,299,4,3,'1U',1,363,'2022-08-26 05:42:32'),(728,299,4,3,'1L',1,363,'2022-08-26 05:42:25'),(729,300,4,3,'2U',1,363,'2022-08-26 05:43:35'),(730,300,4,3,'2L',1,363,'2022-08-26 05:43:28'),(731,300,4,3,'1U',1,363,'2022-08-26 05:43:20'),(732,300,4,3,'1L',1,363,'2022-08-26 05:43:11'),(733,301,4,3,'2U',1,363,'2022-08-26 05:44:28'),(734,301,4,3,'2L',1,363,'2022-08-26 05:44:20'),(735,301,4,3,'1U',1,363,'2022-08-26 05:44:12'),(736,301,4,3,'1L',1,363,'2022-08-26 05:44:06'),(737,302,4,3,'2U',1,363,'2022-08-26 05:47:01'),(738,302,4,3,'2L',1,363,'2022-08-26 05:46:51'),(739,302,4,3,'1U',1,363,'2022-08-26 05:46:42'),(740,302,4,3,'1L',1,363,'2022-08-26 05:46:35'),(741,303,4,3,'2U',1,363,'2022-08-26 05:48:50'),(742,303,4,3,'2L',1,363,'2022-08-26 05:48:43'),(743,303,4,3,'1U',1,363,'2022-08-26 05:48:35'),(744,303,4,3,'1L',1,363,'2022-08-26 05:48:28'),(745,304,4,3,'2U',1,363,'2022-08-26 05:49:38'),(746,304,4,3,'2L',1,363,'2022-08-26 05:49:30'),(747,304,4,3,'1U',1,363,'2022-08-26 05:49:23'),(748,304,4,3,'1L',1,363,'2022-08-26 05:49:16'),(749,305,4,3,'2U',1,363,'2022-08-26 05:50:47'),(750,305,4,3,'2L',1,363,'2022-08-26 05:50:40'),(751,305,4,3,'1U',1,363,'2022-08-26 05:50:32'),(752,305,4,3,'1L',1,363,'2022-08-26 05:50:25'),(753,306,4,3,'2U',1,363,'2022-08-26 05:52:59'),(754,306,4,3,'2L',1,363,'2022-08-26 05:52:51'),(755,306,4,3,'1U',1,363,'2022-08-26 05:52:44'),(756,306,4,3,'1L',1,363,'2022-08-26 05:52:34'),(757,307,4,3,'2U',1,363,'2022-08-26 05:54:47'),(758,307,4,3,'2L',1,363,'2022-08-26 05:54:37'),(759,307,4,3,'1U',1,363,'2022-08-26 05:54:30'),(760,307,4,3,'1L',1,363,'2022-08-26 05:54:20'),(761,308,4,3,'2U',1,363,'2022-08-26 05:57:50'),(762,308,4,3,'2L',1,363,'2022-08-26 05:57:44'),(763,308,4,3,'1U',1,363,'2022-08-26 05:57:25'),(764,308,4,3,'1L',1,363,'2022-08-26 05:57:15'),(765,309,4,3,'2U',1,363,'2022-08-26 06:04:17'),(766,309,4,3,'2L',1,363,'2022-08-26 06:04:10'),(767,309,4,3,'1U',1,363,'2022-08-26 06:04:03'),(768,309,4,3,'1L',1,363,'2022-08-26 06:03:57'),(769,310,4,3,'2U',1,363,'2022-08-26 06:03:39'),(770,310,4,3,'2L',1,363,'2022-08-26 06:03:32'),(771,310,4,3,'1U',1,363,'2022-08-26 06:03:23'),(772,310,4,3,'1L',1,363,'2022-08-26 06:03:16'),(773,311,4,3,'2U',1,363,'2022-08-26 06:02:30'),(774,311,4,3,'2L',1,363,'2022-08-26 06:02:23'),(775,311,4,3,'1U',1,363,'2022-08-26 06:01:25'),(776,311,4,3,'1L',1,363,'2022-08-26 06:01:15'),(777,312,4,3,'2U',1,363,'2022-08-26 05:58:36'),(778,312,4,3,'2L',1,363,'2022-08-26 05:58:28'),(779,312,4,3,'1U',1,363,'2022-08-26 05:58:21'),(780,312,4,3,'1L',1,363,'2022-08-26 05:58:13'),(781,289,3,2,'3',1,363,'2022-08-26 04:52:51'),(782,289,3,2,'2',1,363,'2022-08-26 04:52:44'),(783,289,3,2,'1',1,363,'2022-08-26 04:52:38'),(784,290,4,2,'4',1,363,'2022-08-26 04:54:19'),(785,290,4,2,'3',1,363,'2022-08-26 04:54:12'),(786,290,4,2,'2',1,363,'2022-08-26 04:54:06'),(787,290,4,2,'1',1,363,'2022-08-26 04:53:55'),(788,293,4,2,'4',1,363,'2022-08-26 05:01:18'),(789,293,4,2,'3',1,363,'2022-08-26 05:01:11'),(790,293,4,2,'2',1,363,'2022-08-26 05:01:04'),(791,293,4,2,'1',1,363,'2022-08-26 05:00:58'),(792,294,2,2,'2',1,363,'2022-08-26 05:22:38'),(793,294,2,2,'1',1,363,'2022-08-26 05:22:31'),(794,295,4,2,'4',1,363,'2022-08-26 05:21:09'),(795,295,4,2,'3',1,363,'2022-08-26 05:21:02'),(796,295,4,2,'2',1,363,'2022-08-26 05:20:55'),(797,295,4,2,'1',1,363,'2022-08-26 05:20:49'),(798,296,5,2,'5',1,363,'2022-08-26 05:20:28'),(799,296,5,2,'4',1,363,'2022-08-26 05:20:22'),(800,296,5,2,'3',1,363,'2022-08-26 05:20:16'),(801,296,5,2,'2',1,363,'2022-08-26 05:20:09'),(802,296,5,2,'1',1,363,'2022-08-26 05:20:04'),(803,313,1,NULL,NULL,1,363,'2022-11-14 05:44:53'),(804,314,2,2,'B1',1,363,'2022-11-14 05:45:58'),(805,314,2,2,'B2',1,363,'2022-11-14 05:46:06'),(806,327,4,NULL,NULL,1,363,'2023-03-25 06:47:00'),(807,327,4,NULL,NULL,1,363,'2023-03-25 06:47:00'),(808,327,4,NULL,NULL,1,363,'2023-03-25 06:47:00'),(809,327,4,NULL,NULL,1,363,'2023-03-25 06:47:00');

--
-- Table structure for table `sb_hostel_setup`
--

CREATE TABLE `sb_hostel_setup` (
  `hostel_pk_id` int(11) NOT NULL AUTO_INCREMENT,
  `hostel_name` varchar(45) DEFAULT NULL,
  `hostel_type` int(11) DEFAULT NULL,
  `hostel_total_floor` int(11) DEFAULT NULL,
  `hostel_total_room` int(11) DEFAULT NULL,
  `hostel_status` int(2) DEFAULT '1',
  `hostel_added_by` int(11) DEFAULT NULL,
  `hostel_added_date` timestamp NULL DEFAULT CURRENT_TIMESTAMP,
  PRIMARY KEY (`hostel_pk_id`)
) ENGINE=InnoDB AUTO_INCREMENT=39 DEFAULT CHARSET=latin1;

--
-- Dumping data for table `sb_hostel_setup`
--

INSERT INTO `sb_hostel_setup` VALUES (26,'TEST WING (A)',2,2,5,1,604,'2022-07-14 04:52:10'),(28,'Raman House',1,4,41,1,363,'2022-07-29 06:55:08'),(29,'Ambedkar House',1,4,57,1,363,'2022-08-04 10:30:57'),(30,'Kalam House',1,4,26,1,363,'2022-07-29 06:52:27'),(31,'Tagore House',1,3,8,1,363,'2022-07-29 06:53:12'),(32,'Amartya House (A)',1,3,12,1,363,'2022-07-29 06:53:59'),(33,'Amartya House (B)',1,3,12,1,363,'2022-07-29 06:54:25'),(34,'Teresa House',2,4,26,1,700,'2022-08-25 05:06:34'),(35,'Sarojini House',2,1,8,1,700,'2022-08-25 05:07:12'),(36,'New Hostel',2,2,16,1,700,'2022-08-25 05:07:48'),(37,'Block-A',3,5,14,1,363,'2022-11-14 05:43:27'),(38,'Moscow',1,3,28,1,363,'2023-03-25 06:44:07');

--
-- Table structure for table `sb_hostel_student_attendance_master`
--

CREATE TABLE `sb_hostel_student_attendance_master` (
  `hsam_pk_id` int(11) NOT NULL AUTO_INCREMENT,
  `hsam_attendance_type` int(11) DEFAULT NULL,
  `hsam_date` date DEFAULT NULL,
  `hsam_stud_pk_id` int(11) DEFAULT NULL,
  `hsam_attendance_status` int(1) DEFAULT '0' COMMENT '1 for present , 3 for absent , 0 for pending',
  `hsam_hostel_id` int(11) DEFAULT NULL,
  `hsam_floor_id` int(11) DEFAULT NULL,
  `hsam_room_no` varchar(45) DEFAULT NULL,
  `hsam_stud_image` varchar(45) DEFAULT NULL,
  `hsam_added_by` int(11) DEFAULT NULL,
  `hsam_added_date` timestamp NULL DEFAULT CURRENT_TIMESTAMP,
  PRIMARY KEY (`hsam_pk_id`)
) ENGINE=InnoDB DEFAULT CHARSET=latin1;

--
-- Dumping data for table `sb_hostel_student_attendance_master`
--


--
-- Table structure for table `sb_hostel_student_leave`
--

CREATE TABLE `sb_hostel_student_leave` (
  `hsl_pk_id` int(11) NOT NULL AUTO_INCREMENT,
  `hsl_student_id` int(11) DEFAULT NULL,
  `hsl_hostel_id` int(11) DEFAULT NULL,
  `hsl_floor_id` int(11) DEFAULT NULL,
  `hsl_room_number` varchar(45) DEFAULT NULL,
  `hsl_mentor_emp_id` int(11) DEFAULT NULL,
  `hsl_boarding_manager_emp_id` int(11) DEFAULT NULL,
  `hsl_hostel_head_emp_id` int(11) DEFAULT NULL,
  `hsl_boarding_head_emp_id` int(11) DEFAULT NULL,
  `hsl_mentor_status` int(1) DEFAULT '0' COMMENT 'hsl_mentor_status\n',
  `hsl_hostel_head_status` int(1) DEFAULT '0' COMMENT 'hsl_hostel_head_status',
  `hsl_boarding_head_status` int(1) DEFAULT '0',
  `hsl_boarding_manager_status` int(1) DEFAULT '0',
  `hsl_admin_coordinator_status` int(1) DEFAULT '0',
  `hsl_over_due_status` blob,
  `hsl_from_date` datetime DEFAULT NULL,
  `hsl_to_date` datetime DEFAULT NULL,
  `hsl_leave_purpose` text,
  `hsl_person_accompined` varchar(45) DEFAULT NULL,
  `hsl_req_process_ids` varchar(45) DEFAULT NULL,
  `hsl_auth_person_name` varchar(45) DEFAULT NULL,
  `hsl_auth_person_relation` varchar(45) DEFAULT NULL,
  `hsl_added_by` int(11) DEFAULT NULL,
  `hsl_request_date` datetime DEFAULT NULL,
  `hsl_approved_by_mentor` int(1) DEFAULT NULL,
  `hsl_approved_by_hostel_head` int(1) DEFAULT NULL,
  `hsl_approved_by_boarding_head` int(1) DEFAULT NULL,
  `hsl_approved_by_boarding_manager` int(1) DEFAULT NULL,
  `hsl_approved_by_admin_coordinator` int(1) DEFAULT NULL,
  `hsl_added_date` timestamp NULL DEFAULT CURRENT_TIMESTAMP,
  `hsl_added_date_by_mentor` datetime DEFAULT NULL,
  `hsl_added_date_by_hostel_head` datetime DEFAULT NULL,
  `hsl_added_date_by_boarding_head` datetime DEFAULT NULL,
  `hsl_added_date_by_boarding_manager` datetime DEFAULT NULL,
  `hsl_added_date_by_admin_coordinator` datetime DEFAULT NULL,
  `hsl_leave_type` int(1) DEFAULT NULL,
  `hsl_last_added_date` datetime DEFAULT NULL,
  `hsl_status` int(1) DEFAULT '1' COMMENT '1 for active, 5 for delete',
  `hsl_leave_type_student` int(1) DEFAULT '0' COMMENT '1 for regular leave 2 for short leave',
  `hsl_entry_exit_status` int(1) DEFAULT '0' COMMENT '1 for In , 2 for Out',
  `hsl_entry_date` datetime DEFAULT NULL,
  `hsl_exit_date` datetime DEFAULT NULL,
  `in_allowed_by` int(11) DEFAULT NULL,
  `out_allowed_by` int(11) DEFAULT NULL,
  `entry_accomp_by` varchar(45) DEFAULT NULL,
  `exit_accomp_by` varchar(45) DEFAULT NULL,
  `enrty_attachment` varchar(250) DEFAULT NULL,
  `exit_attachment` varchar(250) DEFAULT NULL,
  PRIMARY KEY (`hsl_pk_id`)
) ENGINE=InnoDB DEFAULT CHARSET=latin1 COMMENT='hsl_added_date_';

--
-- Dumping data for table `sb_hostel_student_leave`
--


--
-- Table structure for table `sb_hostel_type`
--

CREATE TABLE `sb_hostel_type` (
  `ht_type_pk_id` int(11) NOT NULL AUTO_INCREMENT,
  `ht_name` varchar(45) DEFAULT NULL,
  `ht_status` int(2) DEFAULT '1',
  `ht_added_by` int(11) DEFAULT NULL,
  `ht_added_date` timestamp NULL DEFAULT CURRENT_TIMESTAMP,
  PRIMARY KEY (`ht_type_pk_id`)
) ENGINE=InnoDB AUTO_INCREMENT=4 DEFAULT CHARSET=latin1;

--
-- Dumping data for table `sb_hostel_type`
--

INSERT INTO `sb_hostel_type` VALUES (1,'Boys Hostel',1,694,'2022-08-07 04:42:19'),(2,'Girls Hostel',1,604,'2022-06-27 14:02:59'),(3,'Mixed Hostel',1,363,'2022-06-29 08:42:56');

--
-- Table structure for table `sb_hr_emp_leave_reduce`
--

CREATE TABLE `sb_hr_emp_leave_reduce` (
  `lr_id` bigint(20) NOT NULL AUTO_INCREMENT,
  `lr_user_id` bigint(20) DEFAULT NULL,
  `lr_lgc_lc_id` decimal(3,1) DEFAULT NULL,
  `lr_reduce_count` decimal(3,1) DEFAULT NULL,
  PRIMARY KEY (`lr_id`)
) ENGINE=MyISAM DEFAULT CHARSET=utf8;

--
-- Dumping data for table `sb_hr_emp_leave_reduce`
--


--
-- Table structure for table `sb_hr_leave_application`
--

CREATE TABLE `sb_hr_leave_application` (
  `leave_id` int(11) NOT NULL AUTO_INCREMENT,
  `leave_user_id` int(2) DEFAULT NULL,
  `leave_category` int(5) DEFAULT NULL,
  `leave_from_date` timestamp NULL DEFAULT NULL,
  `leave_to_date` timestamp NULL DEFAULT NULL,
  `leave_approved_from_date` timestamp NULL DEFAULT NULL,
  `leave_approved_to_date` timestamp NULL DEFAULT NULL,
  `leave_remarks` varchar(255) DEFAULT NULL,
  `leave_reason` varchar(255) DEFAULT NULL,
  `leave_status` int(2) DEFAULT '0' COMMENT 'Pending 0/Accepted 1/Rejected 2',
  `leave_action_by` int(2) DEFAULT NULL,
  `leave_action_time` timestamp NULL DEFAULT NULL,
  `leave_applied_date` timestamp NOT NULL DEFAULT CURRENT_TIMESTAMP,
  `is_half_day` int(1) DEFAULT NULL,
  PRIMARY KEY (`leave_id`)
) ENGINE=MyISAM DEFAULT CHARSET=utf8;

--
-- Dumping data for table `sb_hr_leave_application`
--


--
-- Table structure for table `sb_hr_leave_categories`
--

CREATE TABLE `sb_hr_leave_categories` (
  `lc_id` int(11) NOT NULL AUTO_INCREMENT,
  `lc_name` varchar(255) DEFAULT NULL,
  `lc_status` int(2) DEFAULT NULL,
  `lc_added_by` int(2) DEFAULT NULL,
  `lc_added_on` timestamp NULL DEFAULT NULL,
  PRIMARY KEY (`lc_id`)
) ENGINE=MyISAM DEFAULT CHARSET=latin1;

--
-- Dumping data for table `sb_hr_leave_categories`
--


--
-- Table structure for table `sb_hr_leave_group`
--

CREATE TABLE `sb_hr_leave_group` (
  `lg_id` int(11) NOT NULL AUTO_INCREMENT,
  `lg_name` varchar(255) DEFAULT NULL,
  `lg_status` int(2) DEFAULT NULL,
  `lg_added_on` timestamp NULL DEFAULT NULL,
  `lg_total` decimal(3,1) DEFAULT NULL,
  `lg_from_date` date DEFAULT NULL,
  `lg_to_date` date DEFAULT NULL,
  PRIMARY KEY (`lg_id`)
) ENGINE=MyISAM DEFAULT CHARSET=utf8;

--
-- Dumping data for table `sb_hr_leave_group`
--


--
-- Table structure for table `sb_hr_leave_group_categories`
--

CREATE TABLE `sb_hr_leave_group_categories` (
  `lgc_id` int(11) NOT NULL AUTO_INCREMENT,
  `lgc_lg_id` int(11) DEFAULT NULL,
  `lgc_lc_id` int(11) DEFAULT NULL,
  `lgc_number_leave` float DEFAULT NULL,
  PRIMARY KEY (`lgc_id`)
) ENGINE=MyISAM DEFAULT CHARSET=utf8;

--
-- Dumping data for table `sb_hr_leave_group_categories`
--


--
-- Table structure for table `sb_hr_notification`
--

CREATE TABLE `sb_hr_notification` (
  `hr_notification_id` int(11) NOT NULL AUTO_INCREMENT,
  `hr_notification_type` varchar(512) DEFAULT NULL,
  `hr_notification_message` varchar(1024) DEFAULT NULL,
  `hr_notification_sent` int(2) DEFAULT NULL COMMENT '0 => Processing\n1 => Sucess\n2 => Failed',
  `hr_notification_sender` int(2) DEFAULT NULL,
  `hr_notification_added_on` timestamp NULL DEFAULT NULL,
  PRIMARY KEY (`hr_notification_id`)
) ENGINE=MyISAM DEFAULT CHARSET=utf8;

--
-- Dumping data for table `sb_hr_notification`
--


--
-- Table structure for table `sb_hr_notification_list`
--

CREATE TABLE `sb_hr_notification_list` (
  `hr_notification_list_id` int(11) NOT NULL AUTO_INCREMENT,
  `hr_fk_notification_id` int(11) DEFAULT NULL,
  `hr_notification_list_fk_user_id` int(11) DEFAULT NULL,
  `hr_notification_list_read_status` int(3) NOT NULL DEFAULT '15',
  `hr_notification_list_sms_status` int(2) DEFAULT NULL COMMENT '1 => Sucess\n2 => Failed',
  `hr_notification_list_sms_count` int(3) DEFAULT NULL,
  `hr_notification_list_email_status` int(2) DEFAULT NULL COMMENT '1 => Sucess\n2 => Failed',
  `hr_notification_list_email_count` int(3) DEFAULT NULL,
  `hr_notification_list_notification_status` int(2) DEFAULT NULL,
  `hr_notification_list_notification_count` int(3) DEFAULT NULL,
  PRIMARY KEY (`hr_notification_list_id`)
) ENGINE=MyISAM DEFAULT CHARSET=utf8;

--
-- Dumping data for table `sb_hr_notification_list`
--


--
-- Table structure for table `sb_hr_shifts`
--

CREATE TABLE `sb_hr_shifts` (
  `shift_id` int(11) NOT NULL AUTO_INCREMENT,
  `shift_name` varchar(255) DEFAULT NULL,
  `shift_start_time` time DEFAULT NULL,
  `shift_end_time` time DEFAULT NULL,
  `shift_status` int(2) DEFAULT NULL,
  `shift_added_by` int(11) DEFAULT NULL,
  `shift_added_on` timestamp NULL DEFAULT NULL,
  PRIMARY KEY (`shift_id`)
) ENGINE=MyISAM DEFAULT CHARSET=utf8;

--
-- Dumping data for table `sb_hr_shifts`
--


--
-- Table structure for table `sb_hr_work_day_management`
--

CREATE TABLE `sb_hr_work_day_management` (
  `wdm_id` int(11) NOT NULL AUTO_INCREMENT,
  `wdm_name` varchar(255) DEFAULT NULL,
  `wdm_days_count` int(11) DEFAULT NULL,
  `wdm_days` varchar(255) DEFAULT NULL,
  `wdm_status` int(2) DEFAULT NULL,
  `wdm_added_on` timestamp NULL DEFAULT NULL,
  `working_saturday` varchar(255) DEFAULT NULL,
  PRIMARY KEY (`wdm_id`)
) ENGINE=MyISAM DEFAULT CHARSET=utf8;

--
-- Dumping data for table `sb_hr_work_day_management`
--


--
-- Table structure for table `sb_incident_category`
--

CREATE TABLE `sb_incident_category` (
  `inc_cat_id` int(11) NOT NULL AUTO_INCREMENT,
  `inc_cat_name` varchar(255) DEFAULT NULL,
  `inc_cat_status` int(1) DEFAULT NULL,
  `inc_type_id` int(11) DEFAULT NULL,
  PRIMARY KEY (`inc_cat_id`)
) ENGINE=MyISAM AUTO_INCREMENT=6 DEFAULT CHARSET=utf8;

--
-- Dumping data for table `sb_incident_category`
--

INSERT INTO `sb_incident_category` VALUES (1,'Indiscipline',1,2),(2,'Cheating',1,2),(3,'Injury',1,2),(4,'Medical investigation',1,1),(5,'Discipline issue',1,1);

--
-- Table structure for table `sb_incident_email`
--

CREATE TABLE `sb_incident_email` (
  `inc_email_pk_id` int(11) NOT NULL AUTO_INCREMENT,
  `inc_email_address` varchar(255) DEFAULT NULL,
  `inc_email_subject` varchar(512) DEFAULT NULL,
  `inc_email_message` varchar(1024) DEFAULT NULL,
  `inc_email_sent_user` int(11) DEFAULT NULL,
  `inc_email_sent_time` timestamp NULL DEFAULT NULL,
  PRIMARY KEY (`inc_email_pk_id`)
) ENGINE=MyISAM DEFAULT CHARSET=utf8;

--
-- Dumping data for table `sb_incident_email`
--


--
-- Table structure for table `sb_incident_sub_category`
--

CREATE TABLE `sb_incident_sub_category` (
  `inc_sub_cat_id` int(11) NOT NULL AUTO_INCREMENT,
  `inc_fk_cat_id` int(11) DEFAULT NULL,
  `inc_sub_cat_name` varchar(255) DEFAULT NULL,
  `inc_sub_cat_status` int(1) DEFAULT NULL,
  PRIMARY KEY (`inc_sub_cat_id`)
) ENGINE=MyISAM AUTO_INCREMENT=2 DEFAULT CHARSET=utf8;

--
-- Dumping data for table `sb_incident_sub_category`
--

INSERT INTO `sb_incident_sub_category` VALUES (1,5,'Discipline',1);

--
-- Table structure for table `sb_incidents`
--

CREATE TABLE `sb_incidents` (
  `inc_id` int(11) NOT NULL AUTO_INCREMENT,
  `inc_date` timestamp NULL DEFAULT NULL,
  `inc_fk_cat_id` int(11) DEFAULT NULL,
  `inc_fk_sub_cat_id` int(11) DEFAULT NULL,
  `inc_loc` varchar(255) DEFAULT NULL,
  `inc_name` mediumtext,
  `inc_action` mediumtext,
  `inc_remarks` mediumtext,
  `inc_reported_by` varchar(255) DEFAULT NULL,
  `added_on` timestamp NOT NULL DEFAULT CURRENT_TIMESTAMP,
  `inc_updated_time` timestamp NULL DEFAULT NULL,
  `inc_updated_by` int(11) DEFAULT NULL,
  `inc_status` int(2) NOT NULL DEFAULT '1',
  `inc_fk_class_id` int(11) DEFAULT NULL,
  `inc_fk_section_id` int(11) DEFAULT NULL,
  `inc_students` varchar(255) DEFAULT NULL,
  PRIMARY KEY (`inc_id`)
) ENGINE=MyISAM AUTO_INCREMENT=2 DEFAULT CHARSET=utf8;

--
-- Dumping data for table `sb_incidents`
--

INSERT INTO `sb_incidents` VALUES (1,'2022-07-31 18:30:00',0,0,'bblock','fageWADF','FDAGES','DFgwsr','aman','2022-08-15 18:30:00','2022-08-16 10:28:23',363,1,1,1,'5150');

--
-- Table structure for table `sb_internet_charges_slabs`
--

CREATE TABLE `sb_internet_charges_slabs` (
  `ihc_slab_id` int(3) NOT NULL AUTO_INCREMENT,
  `ihc_slab_lower_limit` int(11) DEFAULT NULL,
  `ihc_slab_upper_limit` int(11) DEFAULT NULL,
  `ihc_slab_charges` float DEFAULT NULL,
  `ihc_slab_status` int(1) NOT NULL DEFAULT '0',
  `ihc_pay_mode` int(1) NOT NULL DEFAULT '1',
  PRIMARY KEY (`ihc_slab_id`)
) ENGINE=MyISAM AUTO_INCREMENT=16 DEFAULT CHARSET=latin1;

--
-- Dumping data for table `sb_internet_charges_slabs`
--

INSERT INTO `sb_internet_charges_slabs` VALUES (1,0,15000,1.5,1,1),(2,15001,50000,1.5,1,1),(3,50001,200000,1.5,1,1),(4,0,15000,1.25,1,2),(5,15001,200000,1.25,1,2),(6,0,10000,49,0,3),(7,10001,25000,49,0,3),(8,25001,200000,49,0,3),(10,0,2000,49,0,4),(11,2001,2000000,49,0,4);

--
-- Table structure for table `sb_internet_charges_slabs_old`
--

CREATE TABLE `sb_internet_charges_slabs_old` (
  `ihc_slab_id` int(3) NOT NULL AUTO_INCREMENT,
  `ihc_slab_lower_limit` int(11) DEFAULT NULL,
  `ihc_slab_upper_limit` int(11) DEFAULT NULL,
  `ihc_slab_charges` float DEFAULT NULL,
  `ihc_slab_status` int(1) NOT NULL DEFAULT '0',
  `ihc_pay_mode` int(1) NOT NULL DEFAULT '1',
  PRIMARY KEY (`ihc_slab_id`)
) ENGINE=MyISAM DEFAULT CHARSET=utf8;

--
-- Dumping data for table `sb_internet_charges_slabs_old`
--


--
-- Table structure for table `sb_inventory_purchase`
--

CREATE TABLE `sb_inventory_purchase` (
  `ip_pk_id` int(11) NOT NULL AUTO_INCREMENT,
  `ip_po_no` int(11) DEFAULT '0',
  `ip_vendor_id` int(11) DEFAULT NULL,
  `ip_po_name` varchar(255) DEFAULT NULL,
  `ip_po_date` date DEFAULT NULL,
  `ip_requisition_no` varchar(45) DEFAULT NULL,
  `ip_requisition_date` date DEFAULT NULL,
  `ip_status` int(11) DEFAULT NULL,
  `ip_item_total` varchar(45) DEFAULT NULL,
  `ip_other_exp_total` varchar(45) DEFAULT NULL,
  `ip_grand_total` varchar(255) DEFAULT NULL,
  `ip_remark` text,
  `ip_is_delete` int(11) DEFAULT '1',
  `ip_added_by` int(11) DEFAULT NULL,
  `ip_added_date` datetime DEFAULT CURRENT_TIMESTAMP,
  `ip_dept` int(11) DEFAULT NULL,
  `ip_distribution_qty` int(11) DEFAULT NULL,
  PRIMARY KEY (`ip_pk_id`)
) ENGINE=MyISAM AUTO_INCREMENT=209 DEFAULT CHARSET=latin1;

--
-- Dumping data for table `sb_inventory_purchase`
--


--
-- Table structure for table `sb_inventory_purchase_grn`
--

CREATE TABLE `sb_inventory_purchase_grn` (
  `ipg_pk_id` int(11) NOT NULL AUTO_INCREMENT,
  `ipg_po_id` int(11) DEFAULT NULL,
  `ipg_requisition_id` int(11) DEFAULT NULL,
  `ipg_grn_no` int(11) DEFAULT NULL,
  `ipg_grn_date` date DEFAULT NULL,
  `ipg_vendor_id` int(11) DEFAULT NULL,
  `ipd_item_type_id` int(11) DEFAULT NULL,
  `ipg_arrival_date` date DEFAULT NULL,
  `ipg_added_date` datetime DEFAULT CURRENT_TIMESTAMP,
  `ipg_total_amount` int(11) DEFAULT NULL,
  `ipg_total_recieved_qty` double DEFAULT NULL,
  `ipg_pending_qty` int(11) DEFAULT NULL,
  `ipg_bill_no` varchar(255) DEFAULT NULL,
  `ipg_bill_date` date DEFAULT NULL,
  PRIMARY KEY (`ipg_pk_id`)
) ENGINE=InnoDB DEFAULT CHARSET=utf8;

--
-- Dumping data for table `sb_inventory_purchase_grn`
--


--
-- Table structure for table `sb_inventory_purchase_grn_item`
--

CREATE TABLE `sb_inventory_purchase_grn_item` (
  `ipgi_pk_id` int(11) NOT NULL AUTO_INCREMENT,
  `ipgi_po_id` int(11) DEFAULT NULL,
  `ipgi_requisition_id` int(11) DEFAULT NULL,
  `ipgi_po_grn_id` int(11) DEFAULT NULL,
  `ipgi_item_id` int(11) DEFAULT NULL,
  `ipgi_order_qty` double DEFAULT NULL,
  `ipgi_recieved_qty` varchar(45) DEFAULT NULL,
  `ipgi_price` int(11) DEFAULT NULL,
  `ipgi_remark` varchar(255) DEFAULT NULL,
  `ipgi_rate` int(11) DEFAULT NULL,
  `ipgi_avl_qty` int(11) DEFAULT NULL,
  `return_quantity` varchar(45) DEFAULT NULL,
  PRIMARY KEY (`ipgi_pk_id`)
) ENGINE=InnoDB DEFAULT CHARSET=utf8;

--
-- Dumping data for table `sb_inventory_purchase_grn_item`
--


--
-- Table structure for table `sb_inventory_purchase_item`
--

CREATE TABLE `sb_inventory_purchase_item` (
  `ipi_pk_id` int(11) NOT NULL AUTO_INCREMENT,
  `ipi_inv_purchase_id` int(11) DEFAULT NULL,
  `ipi_item_id` int(11) DEFAULT NULL,
  `ipi_quantity` varchar(45) DEFAULT NULL,
  `ipi_rate` varchar(45) DEFAULT NULL,
  `ipi_discount` varchar(45) DEFAULT NULL,
  `ipi_gst` varchar(45) DEFAULT NULL,
  `ipi_amount` varchar(45) DEFAULT NULL,
  `ipi_total` varchar(45) DEFAULT NULL,
  `ipi_added_date` datetime DEFAULT CURRENT_TIMESTAMP,
  `ipi_recieved_qty` double DEFAULT NULL,
  `ipi_distribution_qty` int(11) DEFAULT NULL,
  PRIMARY KEY (`ipi_pk_id`)
) ENGINE=MyISAM AUTO_INCREMENT=476 DEFAULT CHARSET=latin1;

--
-- Dumping data for table `sb_inventory_purchase_item`
--


--
-- Table structure for table `sb_inventory_purchase_other_exp`
--

CREATE TABLE `sb_inventory_purchase_other_exp` (
  `ioe_pk_id` int(11) NOT NULL AUTO_INCREMENT,
  `ioe_inv_purchase_id` int(11) DEFAULT NULL,
  `ioe_account_name` text,
  `ioe_narration` text,
  `ioe_doc_no` varchar(45) DEFAULT NULL,
  `ioe_amount` varchar(45) DEFAULT NULL,
  `ioe_added_date` datetime DEFAULT CURRENT_TIMESTAMP,
  PRIMARY KEY (`ioe_pk_id`)
) ENGINE=MyISAM AUTO_INCREMENT=86 DEFAULT CHARSET=latin1;

--
-- Dumping data for table `sb_inventory_purchase_other_exp`
--


--
-- Table structure for table `sb_inventory_requisition`
--

CREATE TABLE `sb_inventory_requisition` (
  `ir_pk_id` int(11) NOT NULL AUTO_INCREMENT,
  `ir_name` text,
  `ir_date` date DEFAULT NULL,
  `ir_designation` varchar(255) DEFAULT NULL,
  `ir_requsition_no` int(11) DEFAULT '0',
  `ir_status` int(11) DEFAULT NULL,
  `ir_created_by` int(11) DEFAULT NULL,
  `ir_added_date` datetime DEFAULT CURRENT_TIMESTAMP,
  `ir_dept` int(11) DEFAULT NULL,
  `ir_user_id` int(11) DEFAULT NULL,
  `ir_issued` int(11) DEFAULT '0',
  PRIMARY KEY (`ir_pk_id`)
) ENGINE=MyISAM AUTO_INCREMENT=535 DEFAULT CHARSET=latin1;

--
-- Dumping data for table `sb_inventory_requisition`
--


--
-- Table structure for table `sb_inventory_requisition_item`
--

CREATE TABLE `sb_inventory_requisition_item` (
  `iri_pk_id` int(11) NOT NULL AUTO_INCREMENT,
  `iri_requisition_id` int(11) DEFAULT NULL,
  `iri_item_id` int(11) DEFAULT NULL,
  `iri_item_name` text,
  `iri_qty_required` varchar(45) DEFAULT NULL,
  `iri_qty_available` varchar(45) DEFAULT NULL,
  `iri_qty_approx` varchar(45) DEFAULT NULL,
  `iri_pur_remark` text,
  `iri_added_date` datetime DEFAULT CURRENT_TIMESTAMP,
  `iri_requsition_qty` int(11) DEFAULT NULL,
  `iri_alredy_exist_qty` int(11) DEFAULT NULL,
  `iri_exist_qty_remark` varchar(45) DEFAULT NULL,
  PRIMARY KEY (`iri_pk_id`)
) ENGINE=MyISAM AUTO_INCREMENT=1503 DEFAULT CHARSET=latin1;

--
-- Dumping data for table `sb_inventory_requisition_item`
--


--
-- Table structure for table `sb_inventory_status`
--

CREATE TABLE `sb_inventory_status` (
  `is_pk_id` int(11) NOT NULL AUTO_INCREMENT,
  `is_status` varchar(255) DEFAULT NULL,
  `is_active` int(11) DEFAULT '1',
  `is_added_date` datetime DEFAULT CURRENT_TIMESTAMP,
  PRIMARY KEY (`is_pk_id`)
) ENGINE=MyISAM AUTO_INCREMENT=7 DEFAULT CHARSET=latin1;

--
-- Dumping data for table `sb_inventory_status`
--

INSERT INTO `sb_inventory_status` VALUES (1,'Raised',1,'2020-07-30 09:44:33'),(2,'Requested',1,'2020-07-30 09:44:33'),(3,'Approved',1,'2020-07-30 09:44:33'),(4,'Reject',1,'2020-07-30 09:44:33'),(6,'PO Genarated',1,'2020-07-30 09:44:34'),(5,'PO Requested',1,'2020-07-31 11:47:28');

--
-- Table structure for table `sb_inventory_vendor`
--

CREATE TABLE `sb_inventory_vendor` (
  `iv_pk_id` int(11) NOT NULL AUTO_INCREMENT,
  `iv_name` varchar(255) DEFAULT NULL,
  `iv_owner_name` varchar(255) DEFAULT NULL,
  `iv_address` text,
  `iv_gstin` varchar(255) DEFAULT NULL,
  `iv_contact_no` varchar(45) DEFAULT NULL,
  `iv_email_id` varchar(255) DEFAULT NULL,
  `iv_iteam_category` int(11) DEFAULT NULL,
  `iv_added_date` datetime DEFAULT CURRENT_TIMESTAMP,
  PRIMARY KEY (`iv_pk_id`)
) ENGINE=MyISAM AUTO_INCREMENT=49 DEFAULT CHARSET=latin1;

--
-- Dumping data for table `sb_inventory_vendor`
--


--
-- Table structure for table `sb_inventory_vendor_category`
--

CREATE TABLE `sb_inventory_vendor_category` (
  `ivc_pk_id` int(11) NOT NULL AUTO_INCREMENT,
  `ivc_category` text,
  `ivc_status` int(11) DEFAULT '1',
  `ivc_added_date` datetime DEFAULT CURRENT_TIMESTAMP,
  PRIMARY KEY (`ivc_pk_id`)
) ENGINE=MyISAM AUTO_INCREMENT=24 DEFAULT CHARSET=latin1;

--
-- Dumping data for table `sb_inventory_vendor_category`
--


--
-- Table structure for table `sb_inventry_stock`
--

CREATE TABLE `sb_inventry_stock` (
  `is_pk_id` int(11) NOT NULL AUTO_INCREMENT,
  `entity_id` int(11) NOT NULL,
  `b_entity_id` int(11) NOT NULL,
  `department_id` int(11) NOT NULL,
  `sub_dept_id` int(11) NOT NULL,
  `category_id` int(11) NOT NULL,
  `sub_category_id` int(11) NOT NULL,
  `product_id` int(11) NOT NULL,
  `item_id` int(11) NOT NULL,
  `stock_type` int(11) DEFAULT NULL,
  `per_unit_price` varchar(15) DEFAULT NULL,
  `stock_quantity` int(11) DEFAULT NULL,
  `total_price` varchar(45) DEFAULT NULL,
  `discount_amount` varchar(45) DEFAULT NULL,
  `amount` varchar(45) DEFAULT NULL,
  `igst_amount` varchar(45) DEFAULT NULL,
  `cgst_amount` varchar(45) DEFAULT NULL,
  `sgst_amount` varchar(45) DEFAULT NULL,
  `net_amount` varchar(45) DEFAULT NULL,
  `selling_per_unit_price` varchar(45) DEFAULT NULL,
  `vendor_id` int(11) DEFAULT NULL,
  `added_date_time` timestamp NULL DEFAULT CURRENT_TIMESTAMP,
  `purchase_date` datetime DEFAULT NULL,
  PRIMARY KEY (`entity_id`,`b_entity_id`,`department_id`,`sub_dept_id`,`category_id`,`sub_category_id`,`product_id`,`item_id`),
  UNIQUE KEY `is_pk_id_UNIQUE` (`is_pk_id`)
) ENGINE=InnoDB AUTO_INCREMENT=314 DEFAULT CHARSET=latin1;

--
-- Dumping data for table `sb_inventry_stock`
--

INSERT INTO `sb_inventry_stock` VALUES (2,1,1,1,1,1,1,1,2,1,'265',1000,'265000','0','265000','0','0','0','265000','265',9,'2023-02-27 07:49:16','2023-02-28 00:00:00'),(7,1,1,1,1,1,1,1,7,1,'390',1000,'390000','0','390000','0','0','0','390000','390',9,'2023-02-27 07:49:16','2023-02-28 00:00:00'),(13,1,1,1,1,1,1,1,13,1,'390',1000,'390000','0','390000','0','0','0','390000','390',9,'2023-02-27 07:49:17','2023-02-28 00:00:00'),(19,1,1,1,1,1,1,1,19,1,'330',1000,'330000','0','330000','0','0','0','330000','330',9,'2023-02-27 07:49:17','2023-02-28 00:00:00'),(30,1,1,1,1,1,1,1,30,1,'315',1000,'315000','0','315000','0','0','0','315000','315',9,'2023-02-27 07:49:18','2023-02-28 00:00:00'),(40,1,1,1,1,1,1,1,40,1,'345',1000,'345000','0','345000','0','0','0','345000','345',9,'2023-02-27 07:49:19','2023-02-28 00:00:00'),(51,1,1,1,1,1,1,1,51,1,'315',1000,'315000','0','315000','0','0','0','315000','315',9,'2023-02-27 07:49:20','2023-02-28 00:00:00'),(68,1,1,1,1,1,1,1,68,1,'370',1000,'370000','0','370000','0','0','0','370000','370',9,'2023-02-27 07:49:21','2023-02-28 00:00:00'),(87,1,1,1,1,1,1,1,87,1,'155',1000,'155000','0','155000','0','0','0','155000','155',9,'2023-02-27 07:49:22','2023-02-28 00:00:00'),(88,1,1,1,1,1,1,1,88,1,'385',1000,'385000','0','385000','0','0','0','385000','385',9,'2023-02-27 07:49:22','2023-02-28 00:00:00'),(110,1,1,1,1,1,1,1,111,1,'160',1000,'160000','0','160000','0','0','0','160000','160',9,'2023-02-27 07:49:24','2023-02-28 00:00:00'),(111,1,1,1,1,1,1,1,112,1,'385',1000,'385000','0','385000','0','0','0','385000','385',9,'2023-02-27 07:49:24','2023-02-28 00:00:00'),(131,1,1,1,1,1,1,1,133,1,'445',1000,'445000','0','445000','0','0','0','445000','445',9,'2023-02-27 07:49:26','2023-02-28 00:00:00'),(153,1,1,1,1,1,1,1,155,1,'420',1000,'420000','0','420000','0','0','0','420000','420',9,'2023-02-27 07:49:28','2023-02-28 00:00:00'),(175,1,1,1,1,1,1,1,177,1,'405',1000,'405000','0','405000','0','0','0','405000','405',9,'2023-02-27 07:49:30','2023-02-28 00:00:00'),(196,1,1,1,1,1,1,1,198,1,'65',1000,'65000','0','65000','0','0','0','65000','65',9,'2023-02-27 07:49:32','2023-02-28 00:00:00'),(201,1,1,1,1,1,1,1,203,1,'65',1000,'65000','0','65000','0','0','0','65000','65',9,'2023-02-27 07:49:32','2023-02-28 00:00:00'),(206,1,1,1,1,1,1,1,208,1,'65',1000,'65000','0','65000','0','0','0','65000','65',9,'2023-02-27 07:49:32','2023-02-28 00:00:00'),(3,1,1,1,1,1,1,2,3,1,'135',1000,'135000','0','135000','0','0','0','135000','135',9,'2023-02-27 07:49:16','2023-02-28 00:00:00'),(8,1,1,1,1,1,1,2,8,1,'126',1000,'126000','0','126000','0','0','0','126000','126',9,'2023-02-27 07:49:16','2023-02-28 00:00:00'),(14,1,1,1,1,1,1,2,14,1,'135',1000,'135000','0','135000','0','0','0','135000','135',9,'2023-02-27 07:49:17','2023-02-28 00:00:00'),(23,1,1,1,1,1,1,2,23,1,'198',1000,'198000','0','198000','0','0','0','198000','198',9,'2023-02-27 07:49:17','2023-02-28 00:00:00'),(33,1,1,1,1,1,1,2,33,1,'198',1000,'198000','0','198000','0','0','0','198000','198',9,'2023-02-27 07:49:18','2023-02-28 00:00:00'),(44,1,1,1,1,1,1,2,44,1,'207',1000,'207000','0','207000','0','0','0','207000','207',9,'2023-02-27 07:49:19','2023-02-28 00:00:00'),(55,1,1,1,1,1,1,2,55,1,'216',1000,'216000','0','216000','0','0','0','216000','216',9,'2023-02-27 07:49:20','2023-02-28 00:00:00'),(72,1,1,1,1,1,1,2,72,1,'216',1000,'216000','0','216000','0','0','0','216000','216',9,'2023-02-27 07:49:21','2023-02-28 00:00:00'),(4,1,1,1,1,1,1,3,4,1,'290',1000,'290000','0','290000','0','0','0','290000','290',9,'2023-02-27 07:49:16','2023-02-28 00:00:00'),(9,1,1,1,1,1,1,3,9,1,'250',1000,'250000','0','250000','0','0','0','250000','250',9,'2023-02-27 07:49:16','2023-02-28 00:00:00'),(15,1,1,1,1,1,1,3,15,1,'250',1000,'250000','0','250000','0','0','0','250000','250',9,'2023-02-27 07:49:17','2023-02-28 00:00:00'),(10,1,1,1,1,1,1,4,10,1,'290',1000,'290000','0','290000','0','0','0','290000','290',9,'2023-02-27 07:49:16','2023-02-28 00:00:00'),(16,1,1,1,1,1,1,4,16,1,'290',1000,'290000','0','290000','0','0','0','290000','290',9,'2023-02-27 07:49:17','2023-02-28 00:00:00'),(20,1,1,1,1,1,1,5,20,1,'413',1000,'413000','0','413000','0','0','0','413000','413',9,'2023-02-27 07:49:17','2023-02-28 00:00:00'),(31,1,1,1,1,1,1,5,31,1,'434',1000,'434000','0','434000','0','0','0','434000','434',9,'2023-02-27 07:49:18','2023-02-28 00:00:00'),(21,1,1,1,1,1,1,6,21,1,'240',1000,'240000','0','240000','0','0','0','240000','240',9,'2023-02-27 07:49:17','2023-02-28 00:00:00'),(32,1,1,1,1,1,1,6,32,1,'295',1000,'295000','0','295000','0','0','0','295000','295',9,'2023-02-27 07:49:18','2023-02-28 00:00:00'),(43,1,1,1,1,1,1,6,43,1,'385',1000,'385000','0','385000','0','0','0','385000','385',9,'2023-02-27 07:49:19','2023-02-28 00:00:00'),(54,1,1,1,1,1,1,6,54,1,'390',1000,'390000','0','390000','0','0','0','390000','390',9,'2023-02-27 07:49:20','2023-02-28 00:00:00'),(71,1,1,1,1,1,1,6,71,1,'425',1000,'425000','0','425000','0','0','0','425000','425',9,'2023-02-27 07:49:21','2023-02-28 00:00:00'),(136,1,1,1,1,1,1,6,138,1,'430',1000,'430000','0','430000','0','0','0','430000','430',9,'2023-02-27 07:49:26','2023-02-28 00:00:00'),(158,1,1,1,1,1,1,6,160,1,'440',1000,'440000','0','440000','0','0','0','440000','440',9,'2023-02-27 07:49:28','2023-02-28 00:00:00'),(180,1,1,1,1,1,1,6,182,1,'450',1000,'450000','0','450000','0','0','0','450000','450',9,'2023-02-27 07:49:30','2023-02-28 00:00:00'),(22,1,1,1,1,1,1,7,22,1,'600',1000,'600000','0','600000','0','0','0','600000','600',9,'2023-02-27 07:49:17','2023-02-28 00:00:00'),(34,1,1,1,1,1,1,7,34,1,'600',1000,'600000','0','600000','0','0','0','600000','600',9,'2023-02-27 07:49:18','2023-02-28 00:00:00'),(46,1,1,1,1,1,1,7,46,1,'600',1000,'600000','0','600000','0','0','0','600000','600',9,'2023-02-27 07:49:19','2023-02-28 00:00:00'),(57,1,1,1,1,1,1,7,57,1,'600',1000,'600000','0','600000','0','0','0','600000','600',9,'2023-02-27 07:49:20','2023-02-28 00:00:00'),(74,1,1,1,1,1,1,7,74,1,'600',1000,'600000','0','600000','0','0','0','600000','600',9,'2023-02-27 07:49:21','2023-02-28 00:00:00'),(95,1,1,1,1,1,1,7,95,1,'600',1000,'600000','0','600000','0','0','0','600000','600',9,'2023-02-27 07:49:23','2023-02-28 00:00:00'),(138,1,1,1,1,1,1,7,140,1,'600',1000,'600000','0','600000','0','0','0','600000','600',9,'2023-02-27 07:49:27','2023-02-28 00:00:00'),(160,1,1,1,1,1,1,7,162,1,'600',1000,'600000','0','600000','0','0','0','600000','600',9,'2023-02-27 07:49:29','2023-02-28 00:00:00'),(182,1,1,1,1,1,1,7,184,1,'600',1000,'600000','0','600000','0','0','0','600000','600',9,'2023-02-27 07:49:30','2023-02-28 00:00:00'),(24,1,1,1,1,1,1,8,24,1,'260',1000,'260000','0','260000','0','0','0','260000','260',9,'2023-02-27 07:49:17','2023-02-28 00:00:00'),(25,1,1,1,1,1,1,8,25,1,'148',1000,'148000','0','148000','0','0','0','148000','148',9,'2023-02-27 07:49:18','2023-02-28 00:00:00'),(35,1,1,1,1,1,1,8,35,1,'265',1000,'265000','0','265000','0','0','0','265000','265',9,'2023-02-27 07:49:18','2023-02-28 00:00:00'),(36,1,1,1,1,1,1,8,36,1,'118',1000,'118000','0','118000','0','0','0','118000','118',9,'2023-02-27 07:49:18','2023-02-28 00:00:00'),(47,1,1,1,1,1,1,8,47,1,'305',1000,'305000','0','305000','0','0','0','305000','305',9,'2023-02-27 07:49:19','2023-02-28 00:00:00'),(58,1,1,1,1,1,1,8,58,1,'305',1000,'305000','0','305000','0','0','0','305000','305',9,'2023-02-27 07:49:20','2023-02-28 00:00:00'),(59,1,1,1,1,1,1,8,59,1,'385',1000,'385000','0','385000','0','0','0','385000','385',9,'2023-02-27 07:49:20','2023-02-28 00:00:00'),(63,1,1,1,1,1,1,8,63,1,'305',1000,'305000','0','305000','0','0','0','305000','260',9,'2023-02-27 07:49:21','2023-02-28 00:00:00'),(64,1,1,1,1,1,1,8,64,1,'148',1000,'148000','0','148000','0','0','0','148000','148',9,'2023-02-27 07:49:21','2023-02-28 00:00:00'),(75,1,1,1,1,1,1,8,75,1,'305',1000,'305000','0','305000','0','0','0','305000','305',9,'2023-02-27 07:49:21','2023-02-28 00:00:00'),(76,1,1,1,1,1,1,8,76,1,'430',1000,'430000','0','430000','0','0','0','430000','430',9,'2023-02-27 07:49:22','2023-02-28 00:00:00'),(80,1,1,1,1,1,1,8,80,1,'150',1000,'150000','0','150000','0','0','0','150000','265',9,'2023-02-27 07:49:22','2023-02-28 00:00:00'),(81,1,1,1,1,1,1,8,81,1,'50',1000,'50000','0','50000','0','0','0','50000','118',9,'2023-02-27 07:49:22','2023-02-28 00:00:00'),(97,1,1,1,1,1,1,8,97,1,'50',1000,'50000','0','50000','0','0','0','50000','50',9,'2023-02-27 07:49:23','2023-02-28 00:00:00'),(98,1,1,1,1,1,1,8,98,1,'30',1000,'30000','0','30000','0','0','0','30000','30',9,'2023-02-27 07:49:23','2023-02-28 00:00:00'),(99,1,1,1,1,1,1,8,99,1,'550',1000,'550000','0','550000','0','0','0','550000','550',9,'2023-02-27 07:49:23','2023-02-28 00:00:00'),(100,1,1,1,1,1,1,8,100,1,'495',1000,'495000','0','495000','0','0','0','495000','495',9,'2023-02-27 07:49:24','2023-02-28 00:00:00'),(119,1,1,1,1,1,1,8,120,1,'80',1000,'80000','0','80000','0','0','0','80000','80',9,'2023-02-27 07:49:25','2023-02-28 00:00:00'),(120,1,1,1,1,1,1,8,121,1,'30',1000,'30000','0','30000','0','0','0','30000','30',9,'2023-02-27 07:49:25','2023-02-28 00:00:00'),(121,1,1,1,1,1,1,8,122,1,'550',1000,'550000','0','550000','0','0','0','550000','550',9,'2023-02-27 07:49:25','2023-02-28 00:00:00'),(122,1,1,1,1,1,1,8,123,1,'595',1000,'595000','0','595000','0','0','0','595000','595',9,'2023-02-27 07:49:25','2023-02-28 00:00:00'),(139,1,1,1,1,1,1,8,141,1,'330',1000,'330000','0','330000','0','0','0','330000','330',9,'2023-02-27 07:49:27','2023-02-28 00:00:00'),(140,1,1,1,1,1,1,8,142,1,'530',1000,'530000','0','530000','0','0','0','530000','530',9,'2023-02-27 07:49:27','2023-02-28 00:00:00'),(141,1,1,1,1,1,1,8,143,1,'160',1000,'160000','0','160000','0','0','0','160000','160',9,'2023-02-27 07:49:27','2023-02-28 00:00:00'),(148,1,1,1,1,1,1,8,150,1,'305',1000,'305000','0','305000','0','0','0','305000','305',9,'2023-02-27 07:49:28','2023-02-28 00:00:00'),(149,1,1,1,1,1,1,8,151,1,'140',1000,'140000','0','140000','0','0','0','140000','140',9,'2023-02-27 07:49:28','2023-02-28 00:00:00'),(161,1,1,1,1,1,1,8,163,1,'340',1000,'340000','0','340000','0','0','0','340000','340',9,'2023-02-27 07:49:29','2023-02-28 00:00:00'),(162,1,1,1,1,1,1,8,164,1,'550',1000,'550000','0','550000','0','0','0','550000','550',9,'2023-02-27 07:49:29','2023-02-28 00:00:00'),(163,1,1,1,1,1,1,8,165,1,'160',1000,'160000','0','160000','0','0','0','160000','160',9,'2023-02-27 07:49:29','2023-02-28 00:00:00'),(170,1,1,1,1,1,1,8,172,1,'305',1000,'305000','0','305000','0','0','0','305000','305',9,'2023-02-27 07:49:30','2023-02-28 00:00:00'),(171,1,1,1,1,1,1,8,173,1,'150',1000,'150000','0','150000','0','0','0','150000','150',9,'2023-02-27 07:49:30','2023-02-28 00:00:00'),(183,1,1,1,1,1,1,8,185,1,'360',1000,'360000','0','360000','0','0','0','360000','360',9,'2023-02-27 07:49:31','2023-02-28 00:00:00'),(184,1,1,1,1,1,1,8,186,1,'570',1000,'570000','0','570000','0','0','0','570000','570',9,'2023-02-27 07:49:31','2023-02-28 00:00:00'),(185,1,1,1,1,1,1,8,187,1,'165',1000,'165000','0','165000','0','0','0','165000','165',9,'2023-02-27 07:49:31','2023-02-28 00:00:00'),(192,1,1,1,1,1,1,8,194,1,'360',1000,'360000','0','360000','0','0','0','360000','305',9,'2023-02-27 07:49:31','2023-02-28 00:00:00'),(193,1,1,1,1,1,1,8,195,1,'165',1000,'165000','0','165000','0','0','0','165000','150',9,'2023-02-27 07:49:31','2023-02-28 00:00:00'),(26,1,1,1,1,1,1,9,26,1,'0',1000,'0','0','0','0','0','0','0','0',9,'2023-02-27 07:49:18','2023-02-28 00:00:00'),(27,1,1,1,1,1,1,9,27,1,'50',1000,'50000','0','50000','0','0','0','50000','50',9,'2023-02-27 07:49:18','2023-02-28 00:00:00'),(37,1,1,1,1,1,1,9,37,1,'0',1000,'0','0','0','0','0','0','0','0',9,'2023-02-27 07:49:18','2023-02-28 00:00:00'),(48,1,1,1,1,1,1,9,48,1,'0',1000,'0','0','0','0','0','0','0','0',9,'2023-02-27 07:49:19','2023-02-28 00:00:00'),(60,1,1,1,1,1,1,9,60,1,'100',1000,'100000','0','100000','0','0','0','100000','100',9,'2023-02-27 07:49:20','2023-02-28 00:00:00'),(61,1,1,1,1,1,1,9,61,1,'50',1000,'50000','0','50000','0','0','0','50000','50',9,'2023-02-27 07:49:20','2023-02-28 00:00:00'),(62,1,1,1,1,1,1,9,62,1,'0',1000,'0','0','0','0','0','0','0','0',9,'2023-02-27 07:49:20','2023-02-28 00:00:00'),(77,1,1,1,1,1,1,9,77,1,'150',1000,'150000','0','150000','0','0','0','150000','150',9,'2023-02-27 07:49:22','2023-02-28 00:00:00'),(78,1,1,1,1,1,1,9,78,1,'50',1000,'50000','0','50000','0','0','0','50000','50',9,'2023-02-27 07:49:22','2023-02-28 00:00:00'),(79,1,1,1,1,1,1,9,79,1,'0',1000,'0','0','0','0','0','0','0','0',9,'2023-02-27 07:49:22','2023-02-28 00:00:00'),(101,1,1,1,1,1,1,9,101,1,'0',1000,'0','0','0','0','0','0','0','0',9,'2023-02-27 07:49:24','2023-02-28 00:00:00'),(102,1,1,1,1,1,1,9,102,1,'0',1000,'0','0','0','0','0','0','0','0',9,'2023-02-27 07:49:24','2023-02-28 00:00:00'),(123,1,1,1,1,1,1,9,124,1,'0',1000,'0','0','0','0','0','0','0','0',9,'2023-02-27 07:49:25','2023-02-28 00:00:00'),(124,1,1,1,1,1,1,9,125,1,'0',1000,'0','0','0','0','0','0','0','0',9,'2023-02-27 07:49:25','2023-02-28 00:00:00'),(142,1,1,1,1,1,1,9,144,1,'150',1000,'150000','0','150000','0','0','0','150000','150',9,'2023-02-27 07:49:27','2023-02-28 00:00:00'),(143,1,1,1,1,1,1,9,145,1,'50',1000,'50000','0','50000','0','0','0','50000','50',9,'2023-02-27 07:49:27','2023-02-28 00:00:00'),(147,1,1,1,1,1,1,9,149,1,'0',1000,'0','0','0','0','0','0','0','0',9,'2023-02-27 07:49:27','2023-02-28 00:00:00'),(164,1,1,1,1,1,1,9,166,1,'140',1000,'140000','0','140000','0','0','0','140000','140',9,'2023-02-27 07:49:29','2023-02-28 00:00:00'),(165,1,1,1,1,1,1,9,167,1,'50',1000,'50000','0','50000','0','0','0','50000','50',9,'2023-02-27 07:49:29','2023-02-28 00:00:00'),(169,1,1,1,1,1,1,9,171,1,'0',1000,'0','0','0','0','0','0','0','0',9,'2023-02-27 07:49:29','2023-02-28 00:00:00'),(186,1,1,1,1,1,1,9,188,1,'140',1000,'140000','0','140000','0','0','0','140000','140',9,'2023-02-27 07:49:31','2023-02-28 00:00:00'),(187,1,1,1,1,1,1,9,189,1,'50',1000,'50000','0','50000','0','0','0','50000','50',9,'2023-02-27 07:49:31','2023-02-28 00:00:00'),(191,1,1,1,1,1,1,9,193,1,'0',1000,'0','0','0','0','0','0','0','0',9,'2023-02-27 07:49:31','2023-02-28 00:00:00'),(311,1,1,1,1,1,1,9,311,1,'0',1000,'0','','','','','','10000','0',3,'2023-03-15 07:47:54','1970-01-01 00:00:00'),(41,1,1,1,1,1,1,10,41,1,'479',1000,'479000','0','479000','0','0','0','479000','479',9,'2023-02-27 07:49:19','2023-02-28 00:00:00'),(52,1,1,1,1,1,1,10,52,1,'489',1000,'489000','0','489000','0','0','0','489000','489',9,'2023-02-27 07:49:20','2023-02-28 00:00:00'),(69,1,1,1,1,1,1,10,69,1,'499',1000,'499000','0','499000','0','0','0','499000','499',9,'2023-02-27 07:49:21','2023-02-28 00:00:00'),(89,1,1,1,1,1,1,10,89,1,'150',1000,'150000','0','150000','0','0','0','150000','150',9,'2023-02-27 07:49:23','2023-02-28 00:00:00'),(90,1,1,1,1,1,1,10,90,1,'315',1000,'315000','0','315000','0','0','0','315000','315',9,'2023-02-27 07:49:23','2023-02-28 00:00:00'),(112,1,1,1,1,1,1,10,113,1,'195',1000,'195000','0','195000','0','0','0','195000','195',9,'2023-02-27 07:49:25','2023-02-28 00:00:00'),(113,1,1,1,1,1,1,10,114,1,'315',1000,'315000','0','315000','0','0','0','315000','315',9,'2023-02-27 07:49:25','2023-02-28 00:00:00'),(132,1,1,1,1,1,1,10,134,1,'255',1000,'255000','0','255000','0','0','0','255000','255',9,'2023-02-27 07:49:26','2023-02-28 00:00:00'),(133,1,1,1,1,1,1,10,135,1,'255',1000,'255000','0','255000','0','0','0','255000','255',9,'2023-02-27 07:49:26','2023-02-28 00:00:00'),(134,1,1,1,1,1,1,10,136,1,'255',1000,'255000','0','255000','0','0','0','255000','255',9,'2023-02-27 07:49:26','2023-02-28 00:00:00'),(154,1,1,1,1,1,1,10,156,1,'335',1000,'335000','0','335000','0','0','0','335000','335',9,'2023-02-27 07:49:28','2023-02-28 00:00:00'),(155,1,1,1,1,1,1,10,157,1,'275',1000,'275000','0','275000','0','0','0','275000','275',9,'2023-02-27 07:49:28','2023-02-28 00:00:00'),(156,1,1,1,1,1,1,10,158,1,'215',1000,'215000','0','215000','0','0','0','215000','215',9,'2023-02-27 07:49:28','2023-02-28 00:00:00'),(176,1,1,1,1,1,1,10,178,1,'395',1000,'395000','0','395000','0','0','0','395000','395',9,'2023-02-27 07:49:30','2023-02-28 00:00:00'),(177,1,1,1,1,1,1,10,179,1,'365',1000,'365000','0','365000','0','0','0','365000','365',9,'2023-02-27 07:49:30','2023-02-28 00:00:00'),(178,1,1,1,1,1,1,10,180,1,'250',1000,'250000','0','250000','0','0','0','250000','250',9,'2023-02-27 07:49:30','2023-02-28 00:00:00'),(200,1,1,1,1,1,1,10,202,1,'65',1000,'65000','0','65000','0','0','0','65000','65',9,'2023-02-27 07:49:32','2023-02-28 00:00:00'),(205,1,1,1,1,1,1,10,207,1,'65',1000,'65000','0','65000','0','0','0','65000','65',9,'2023-02-27 07:49:32','2023-02-28 00:00:00'),(210,1,1,1,1,1,1,10,212,1,'65',1000,'65000','0','65000','0','0','0','65000','65',9,'2023-02-27 07:49:33','2023-02-28 00:00:00'),(42,1,1,1,1,1,1,11,42,1,'474',1000,'474000','0','474000','0','0','0','474000','474',9,'2023-02-27 07:49:19','2023-02-28 00:00:00'),(53,1,1,1,1,1,1,11,53,1,'492',1000,'492000','0','492000','0','0','0','492000','492',9,'2023-02-27 07:49:20','2023-02-28 00:00:00'),(70,1,1,1,1,1,1,11,70,1,'498',1000,'498000','0','498000','0','0','0','498000','498',9,'2023-02-27 07:49:21','2023-02-28 00:00:00'),(91,1,1,1,1,1,1,11,91,1,'115',1000,'115000','0','115000','0','0','0','115000','115',9,'2023-02-27 07:49:23','2023-02-28 00:00:00'),(92,1,1,1,1,1,1,11,92,1,'55',1000,'55000','0','55000','0','0','0','55000','55',9,'2023-02-27 07:49:23','2023-02-28 00:00:00'),(93,1,1,1,1,1,1,11,93,1,'80',1000,'80000','0','80000','0','0','0','80000','80',9,'2023-02-27 07:49:23','2023-02-28 00:00:00'),(94,1,1,1,1,1,1,11,94,1,'60',1000,'60000','0','60000','0','0','0','60000','60',9,'2023-02-27 07:49:23','2023-02-28 00:00:00'),(114,1,1,1,1,1,1,11,115,1,'125',1000,'125000','0','125000','0','0','0','125000','125',9,'2023-02-27 07:49:25','2023-02-28 00:00:00'),(115,1,1,1,1,1,1,11,116,1,'75',1000,'75000','0','75000','0','0','0','75000','75',9,'2023-02-27 07:49:25','2023-02-28 00:00:00'),(116,1,1,1,1,1,1,11,117,1,'90',1000,'90000','0','90000','0','0','0','90000','90',9,'2023-02-27 07:49:25','2023-02-28 00:00:00'),(117,1,1,1,1,1,1,11,118,1,'75',1000,'75000','0','75000','0','0','0','75000','75',9,'2023-02-27 07:49:25','2023-02-28 00:00:00'),(135,1,1,1,1,1,1,11,137,1,'587',1000,'587000','0','587000','0','0','0','587000','587',9,'2023-02-27 07:49:26','2023-02-28 00:00:00'),(157,1,1,1,1,1,1,11,159,1,'621',1000,'621000','0','621000','0','0','0','621000','621',9,'2023-02-27 07:49:28','2023-02-28 00:00:00'),(179,1,1,1,1,1,1,11,181,1,'633',1000,'633000','0','633000','0','0','0','633000','633',9,'2023-02-27 07:49:30','2023-02-28 00:00:00'),(197,1,1,1,1,1,1,11,199,1,'55',1000,'55000','0','55000','0','0','0','55000','55',9,'2023-02-27 07:49:32','2023-02-28 00:00:00'),(198,1,1,1,1,1,1,11,200,1,'65',1000,'65000','0','65000','0','0','0','65000','65',9,'2023-02-27 07:49:32','2023-02-28 00:00:00'),(199,1,1,1,1,1,1,11,201,1,'65',1000,'65000','0','65000','0','0','0','65000','65',9,'2023-02-27 07:49:32','2023-02-28 00:00:00'),(202,1,1,1,1,1,1,11,204,1,'65',1000,'65000','0','65000','0','0','0','65000','65',9,'2023-02-27 07:49:32','2023-02-28 00:00:00'),(203,1,1,1,1,1,1,11,205,1,'65',1000,'65000','0','65000','0','0','0','65000','65',9,'2023-02-27 07:49:32','2023-02-28 00:00:00'),(204,1,1,1,1,1,1,11,206,1,'65',1000,'65000','0','65000','0','0','0','65000','65',9,'2023-02-27 07:49:32','2023-02-28 00:00:00'),(207,1,1,1,1,1,1,11,209,1,'60',1000,'60000','0','60000','0','0','0','60000','65',9,'2023-02-27 07:49:33','2023-02-28 00:00:00'),(208,1,1,1,1,1,1,11,210,1,'65',1000,'65000','0','65000','0','0','0','65000','65',9,'2023-02-27 07:49:33','2023-02-28 00:00:00'),(209,1,1,1,1,1,1,11,211,1,'65',1000,'65000','0','65000','0','0','0','65000','65',9,'2023-02-27 07:49:33','2023-02-28 00:00:00'),(45,1,1,1,1,1,1,12,45,1,'65',1000,'65000','0','65000','0','0','0','65000','65',9,'2023-02-27 07:49:19','2023-02-28 00:00:00'),(56,1,1,1,1,1,1,12,56,1,'65',1000,'65000','0','65000','0','0','0','65000','65',9,'2023-02-27 07:49:20','2023-02-28 00:00:00'),(73,1,1,1,1,1,1,12,73,1,'65',1000,'65000','0','65000','0','0','0','65000','65',9,'2023-02-27 07:49:21','2023-02-28 00:00:00'),(96,1,1,1,1,1,1,12,96,1,'350',1000,'350000','0','350000','0','0','0','350000','350',9,'2023-02-27 07:49:23','2023-02-28 00:00:00'),(118,1,1,1,1,1,1,12,119,1,'350',1000,'350000','0','350000','0','0','0','350000','350',9,'2023-02-27 07:49:25','2023-02-28 00:00:00'),(137,1,1,1,1,1,1,12,139,1,'65',1000,'65000','0','65000','0','0','0','65000','65',9,'2023-02-27 07:49:27','2023-02-28 00:00:00'),(159,1,1,1,1,1,1,12,161,1,'65',1000,'65000','0','65000','0','0','0','65000','65',9,'2023-02-27 07:49:29','2023-02-28 00:00:00'),(181,1,1,1,1,1,1,12,183,1,'315',1000,'315000','0','315000','0','0','0','315000','315',9,'2023-02-27 07:49:30','2023-02-28 00:00:00'),(65,1,1,1,1,1,1,13,65,1,'465',1000,'465000','0','465000','0','0','0','465000','465',9,'2023-02-27 07:49:21','2023-02-28 00:00:00'),(82,1,1,1,1,1,1,13,82,1,'525',1000,'525000','0','525000','0','0','0','525000','525',9,'2023-02-27 07:49:22','2023-02-28 00:00:00'),(211,1,1,1,1,1,1,13,106,1,'455',1000,'455000','0','455000','0','0','0','4550000','455',9,'2023-02-27 07:57:56','2023-02-28 00:00:00'),(212,1,1,1,1,1,1,13,129,1,'455',1000,'455000','0','455000','0','0','0','4550000','455',9,'2023-02-27 07:59:20','2023-02-28 00:00:00'),(144,1,1,1,1,1,1,13,146,1,'545',1000,'545000','0','545000','0','0','0','545000','545',9,'2023-02-27 07:49:27','2023-02-28 00:00:00'),(166,1,1,1,1,1,1,13,168,1,'555',1000,'555000','0','555000','0','0','0','555000','555',9,'2023-02-27 07:49:29','2023-02-28 00:00:00'),(188,1,1,1,1,1,1,13,190,1,'555',1000,'555000','0','555000','0','0','0','555000','555',9,'2023-02-27 07:49:31','2023-02-28 00:00:00'),(312,1,1,1,1,1,1,13,312,1,'455',1000,'455000','','','','','','455000','455',3,'2023-03-15 11:14:50','2023-03-01 00:00:00'),(313,1,1,1,1,1,1,13,313,1,'455',1000,'455000','','','','','','455000','455',3,'2023-03-15 11:15:35','2023-03-01 00:00:00'),(103,1,1,1,1,1,1,14,103,1,'100',1000,'100000','0','100000','0','0','0','100000','50',9,'2023-02-27 07:49:24','2023-02-28 00:00:00'),(104,1,1,1,1,1,1,14,104,1,'100',1000,'100000','0','100000','0','0','0','100000','0',9,'2023-02-27 07:49:24','2023-02-28 00:00:00'),(105,1,1,1,1,1,1,14,105,1,'100',1000,'100000','0','100000','0','0','0','100000','0',9,'2023-02-27 07:49:24','2023-02-28 00:00:00'),(125,1,1,1,1,1,1,14,126,1,'60',1000,'60000','0','60000','0','0','0','60000','60',9,'2023-02-27 07:49:26','2023-02-28 00:00:00'),(126,1,1,1,1,1,1,14,127,1,'100',1000,'100000','0','100000','0','0','0','100000','0',9,'2023-02-27 07:49:26','2023-02-28 00:00:00'),(127,1,1,1,1,1,1,14,128,1,'100',1000,'100000','0','100000','0','0','0','100000','0',9,'2023-02-27 07:49:26','2023-02-28 00:00:00'),(145,1,1,1,1,1,1,14,147,1,'55',1000,'55000','0','55000','0','0','0','55000','55',9,'2023-02-27 07:49:27','2023-02-28 00:00:00'),(146,1,1,1,1,1,1,14,148,1,'305',1000,'305000','0','305000','0','0','0','305000','305',9,'2023-02-27 07:49:27','2023-02-28 00:00:00'),(167,1,1,1,1,1,1,14,169,1,'65',1000,'65000','0','65000','0','0','0','65000','65',9,'2023-02-27 07:49:29','2023-02-28 00:00:00'),(168,1,1,1,1,1,1,14,170,1,'340',1000,'340000','0','340000','0','0','0','340000','340',9,'2023-02-27 07:49:29','2023-02-28 00:00:00'),(189,1,1,1,1,1,1,14,191,1,'65',1000,'65000','0','65000','0','0','0','65000','60',9,'2023-02-27 07:49:31','2023-02-28 00:00:00'),(190,1,1,1,1,1,1,14,192,1,'425',1000,'425000','0','425000','0','0','0','425000','425',9,'2023-02-27 07:49:31','2023-02-28 00:00:00'),(194,1,1,1,1,1,1,15,196,1,'1000',1000,'1000000','0','1000000','0','0','0','1000000','1000',9,'2023-02-27 07:49:31','2023-02-28 00:00:00'),(195,1,1,1,1,1,1,15,197,1,'1000',1000,'1000000','0','1000000','0','0','0','1000000','1000',9,'2023-02-27 07:49:32','2023-02-28 00:00:00'),(1,1,1,1,1,1,1,16,1,1,'155',1000,'155000','0','155000','0','0','0','155000','155',9,'2023-02-27 07:49:16','2023-02-28 00:00:00'),(5,1,1,1,1,1,1,16,5,1,'296',1000,'296000','0','296000','0','0','0','296000','296',9,'2023-02-27 07:49:16','2023-02-28 00:00:00'),(6,1,1,1,1,1,1,16,6,1,'175',1000,'175000','0','175000','0','0','0','175000','175',9,'2023-02-27 07:49:16','2023-02-28 00:00:00'),(11,1,1,1,1,1,1,16,11,1,'296',1000,'296000','0','296000','0','0','0','296000','296',9,'2023-02-27 07:49:16','2023-02-28 00:00:00'),(12,1,1,1,1,1,1,16,12,1,'145',1000,'145000','0','145000','0','0','0','145000','145',9,'2023-02-27 07:49:16','2023-02-28 00:00:00'),(17,1,1,1,1,1,1,16,17,1,'349',1000,'349000','0','349000','0','0','0','349000','349',9,'2023-02-27 07:49:17','2023-02-28 00:00:00'),(18,1,1,1,1,1,1,16,18,1,'219',1000,'219000','0','219000','0','0','0','219000','219',9,'2023-02-27 07:49:17','2023-02-28 00:00:00'),(28,1,1,1,1,1,1,16,28,1,'349',1000,'349000','0','349000','0','0','0','349000','349',9,'2023-02-27 07:49:18','2023-02-28 00:00:00'),(29,1,1,1,1,1,1,16,29,1,'219',1000,'219000','0','219000','0','0','0','219000','219',9,'2023-02-27 07:49:18','2023-02-28 00:00:00'),(38,1,1,1,1,1,1,16,38,1,'399',1000,'399000','0','399000','0','0','0','399000','399',9,'2023-02-27 07:49:19','2023-02-28 00:00:00'),(39,1,1,1,1,1,1,16,39,1,'249',1000,'249000','0','249000','0','0','0','249000','249',9,'2023-02-27 07:49:19','2023-02-28 00:00:00'),(49,1,1,1,1,1,1,16,49,1,'399',1000,'399000','0','399000','0','0','0','399000','399',9,'2023-02-27 07:49:19','2023-02-28 00:00:00'),(50,1,1,1,1,1,1,16,50,1,'249',1000,'249000','0','249000','0','0','0','249000','249',9,'2023-02-27 07:49:20','2023-02-28 00:00:00'),(66,1,1,1,1,1,1,16,66,1,'399',1000,'399000','0','399000','0','0','0','399000','399',9,'2023-02-27 07:49:21','2023-02-28 00:00:00'),(67,1,1,1,1,1,1,16,67,1,'299',1000,'299000','0','299000','0','0','0','299000','299',9,'2023-02-27 07:49:21','2023-02-28 00:00:00'),(83,1,1,1,1,1,1,16,83,1,'75',1000,'75000','0','75000','0','0','0','75000','75',9,'2023-02-27 07:49:22','2023-02-28 00:00:00'),(84,1,1,1,1,1,1,16,84,1,'40',1000,'40000','0','40000','0','0','0','40000','40',9,'2023-02-27 07:49:22','2023-02-28 00:00:00'),(85,1,1,1,1,1,1,16,85,1,'120',1000,'120000','0','120000','0','0','0','120000','120',9,'2023-02-27 07:49:22','2023-02-28 00:00:00'),(86,1,1,1,1,1,1,16,86,1,'690',1000,'690000','0','690000','0','0','0','690000','690',9,'2023-02-27 07:49:22','2023-02-28 00:00:00'),(106,1,1,1,1,1,1,16,107,1,'90',1000,'90000','0','90000','0','0','0','90000','90',9,'2023-02-27 07:49:24','2023-02-28 00:00:00'),(107,1,1,1,1,1,1,16,108,1,'135',1000,'135000','0','135000','0','0','0','135000','135',9,'2023-02-27 07:49:24','2023-02-28 00:00:00'),(108,1,1,1,1,1,1,16,109,1,'50',1000,'50000','0','50000','0','0','0','50000','50',9,'2023-02-27 07:49:24','2023-02-28 00:00:00'),(109,1,1,1,1,1,1,16,110,1,'690',1000,'690000','0','690000','0','0','0','690000','690',9,'2023-02-27 07:49:24','2023-02-28 00:00:00'),(128,1,1,1,1,1,1,16,130,1,'419',1000,'419000','0','419000','0','0','0','419000','419',9,'2023-02-27 07:49:26','2023-02-28 00:00:00'),(129,1,1,1,1,1,1,16,131,1,'349',1000,'349000','0','349000','0','0','0','349000','349',9,'2023-02-27 07:49:26','2023-02-28 00:00:00'),(130,1,1,1,1,1,1,16,132,1,'530',1000,'530000','0','530000','0','0','0','530000','530',9,'2023-02-27 07:49:26','2023-02-28 00:00:00'),(150,1,1,1,1,1,1,16,152,1,'419',1000,'419000','0','419000','0','0','0','419000','419',9,'2023-02-27 07:49:28','2023-02-28 00:00:00'),(151,1,1,1,1,1,1,16,153,1,'379',1000,'379000','0','379000','0','0','0','379000','379',9,'2023-02-27 07:49:28','2023-02-28 00:00:00'),(152,1,1,1,1,1,1,16,154,1,'530',1000,'530000','0','530000','0','0','0','530000','530',9,'2023-02-27 07:49:28','2023-02-28 00:00:00'),(172,1,1,1,1,1,1,16,174,1,'419',1000,'419000','0','419000','0','0','0','419000','419',9,'2023-02-27 07:49:30','2023-02-28 00:00:00'),(173,1,1,1,1,1,1,16,175,1,'379',1000,'379000','0','379000','0','0','0','379000','379',9,'2023-02-27 07:49:30','2023-02-28 00:00:00'),(174,1,1,1,1,1,1,16,176,1,'530',1000,'530000','0','530000','0','0','0','530000','530',9,'2023-02-27 07:49:30','2023-02-28 00:00:00'),(267,1,1,1,1,1,1,16,267,1,'2',5000,'10000','0','10000','0','0','0','10000','1',9,'2023-03-06 06:24:21','2023-02-28 00:00:00'),(268,1,1,1,1,1,1,16,268,1,'2',5000,'10000','0','10000','0','0','0','10000','1',9,'2023-03-06 06:24:21','2023-02-28 00:00:00'),(269,1,1,1,1,1,1,16,269,1,'2',5000,'10000','0','10000','0','0','0','10000','1',9,'2023-03-06 06:24:21','2023-02-28 00:00:00'),(270,1,1,1,1,1,1,16,270,1,'2',5000,'10000','0','10000','0','0','0','10000','1',9,'2023-03-06 06:24:21','2023-02-28 00:00:00'),(295,1,1,1,1,1,1,16,295,1,'2',100,'200','0','200','0','0','0','200','1',8,'2023-03-09 08:27:25','2023-02-28 00:00:00'),(296,1,1,1,1,1,1,16,296,1,'2',100,'200','0','200','0','0','0','200','1',8,'2023-03-09 08:27:25','2023-02-28 00:00:00'),(297,1,1,1,1,1,1,16,297,1,'2',100,'200','0','200','0','0','0','200','1',8,'2023-03-09 08:27:25','2023-02-28 00:00:00'),(298,1,1,1,1,1,1,16,298,1,'2',100,'200','0','200','0','0','0','200','1',8,'2023-03-09 08:27:26','2023-02-28 00:00:00'),(299,1,1,1,1,1,1,16,299,1,'2',100,'200','0','200','0','0','0','200','1',8,'2023-03-09 08:27:26','2023-02-28 00:00:00'),(213,1,1,1,1,1,2,17,213,1,'36',10000,'360000','0','360000','0','0','0','360000','36',9,'2023-02-27 11:50:27','2023-02-28 00:00:00'),(214,1,1,1,1,1,2,17,214,1,'36',10000,'360000','0','360000','0','0','0','360000','36',9,'2023-02-27 11:50:27','2023-02-28 00:00:00'),(215,1,1,1,1,1,2,17,215,1,'36',10000,'360000','0','360000','0','0','0','360000','36',9,'2023-02-27 11:50:27','2023-02-28 00:00:00'),(216,1,1,1,1,1,2,17,216,1,'36',10000,'360000','0','360000','0','0','0','360000','36',9,'2023-02-27 11:50:27','2023-02-28 00:00:00'),(217,1,1,1,1,1,2,17,217,1,'36',10000,'360000','0','360000','0','0','0','360000','36',9,'2023-02-27 11:50:27','2023-02-28 00:00:00'),(218,1,1,1,1,1,2,17,218,1,'45',10000,'450000','0','450000','0','0','0','450000','45',9,'2023-02-27 11:50:27','2023-02-28 00:00:00'),(219,1,1,1,1,1,2,17,219,1,'58',10000,'580000','0','580000','0','0','0','580000','58',9,'2023-02-27 11:50:27','2023-02-28 00:00:00'),(220,1,1,1,1,1,2,17,220,1,'51',10000,'510000','0','510000','0','0','0','510000','51',9,'2023-02-27 11:50:27','2023-02-28 00:00:00'),(221,1,1,1,1,1,2,17,221,1,'46',10000,'460000','0','460000','0','0','0','460000','46',9,'2023-02-27 11:50:27','2023-02-28 00:00:00'),(222,1,1,1,1,1,2,17,222,1,'56',10000,'560000','0','560000','0','0','0','560000','56',9,'2023-02-27 11:50:27','2023-02-28 00:00:00'),(223,1,1,1,1,1,2,17,223,1,'455',10000,'4550000','0','4550000','0','0','0','4550000','455',9,'2023-02-27 11:50:27','2023-02-28 00:00:00'),(224,1,1,1,1,1,2,17,224,1,'465',10000,'4650000','0','4650000','0','0','0','4650000','465',9,'2023-02-27 11:50:27','2023-02-28 00:00:00'),(225,1,1,1,1,1,2,17,225,1,'26',10000,'260000','0','260000','0','0','0','260000','26',9,'2023-02-27 11:50:27','2023-02-28 00:00:00'),(271,1,1,1,1,1,2,17,271,1,'2',5000,'10000','0','10000','0','0','0','10000','1',9,'2023-03-06 06:24:21','2023-02-28 00:00:00'),(272,1,1,1,1,1,2,17,272,1,'2',5000,'10000','0','10000','0','0','0','10000','1',9,'2023-03-06 06:24:21','2023-02-28 00:00:00'),(273,1,1,1,1,1,2,17,273,1,'2',5000,'10000','0','10000','0','0','0','10000','1',9,'2023-03-06 06:24:21','2023-02-28 00:00:00'),(274,1,1,1,1,1,2,17,274,1,'2',5000,'10000','0','10000','0','0','0','10000','1',9,'2023-03-06 06:24:21','2023-02-28 00:00:00'),(290,1,1,1,1,1,2,17,290,1,'2',100,'200','0','200','0','0','0','200','1',8,'2023-03-09 08:27:25','2023-02-28 00:00:00'),(291,1,1,1,1,1,2,17,291,1,'2',100,'200','0','200','0','0','0','200','1',8,'2023-03-09 08:27:25','2023-02-28 00:00:00'),(292,1,1,1,1,1,2,17,292,1,'2',100,'200','0','200','0','0','0','200','1',8,'2023-03-09 08:27:25','2023-02-28 00:00:00'),(293,1,1,1,1,1,2,17,293,1,'2',100,'200','0','200','0','0','0','200','1',8,'2023-03-09 08:27:25','2023-02-28 00:00:00'),(294,1,1,1,1,1,2,17,294,1,'2',100,'200','0','200','0','0','0','200','1',8,'2023-03-09 08:27:25','2023-02-28 00:00:00'),(226,1,1,1,1,2,3,18,226,1,'100',10000,'1000000','0','1000000','0','0','0','1000000','4350',9,'2023-03-01 09:33:00','2023-02-28 00:00:00'),(227,1,1,1,1,2,3,18,227,1,'100',10000,'1000000','0','1000000','0','0','0','1000000','400',9,'2023-03-01 09:33:00','2023-02-28 00:00:00'),(228,1,1,1,1,2,3,18,228,1,'100',10000,'1000000','0','1000000','0','0','0','1000000','110',9,'2023-03-01 09:33:00','2023-02-28 00:00:00'),(229,1,1,1,1,2,3,18,229,1,'100',10000,'1000000','0','1000000','0','0','0','1000000','200',9,'2023-03-01 09:33:00','2023-02-28 00:00:00'),(230,1,1,1,1,2,3,18,230,1,'100',10000,'1000000','0','1000000','0','0','0','1000000','1900',9,'2023-03-01 09:33:00','2023-02-28 00:00:00'),(231,1,1,1,1,2,3,18,231,1,'100',10000,'1000000','0','1000000','0','0','0','1000000','300',9,'2023-03-01 09:33:00','2023-02-28 00:00:00'),(232,1,1,1,1,2,3,18,232,1,'100',10000,'1000000','0','1000000','0','0','0','1000000','100',9,'2023-03-01 09:33:00','2023-02-28 00:00:00'),(233,1,1,1,1,2,3,18,233,1,'100',10000,'1000000','0','1000000','0','0','0','1000000','300',9,'2023-03-01 09:33:00','2023-02-28 00:00:00'),(234,1,1,1,1,2,3,18,234,1,'100',10000,'1000000','0','1000000','0','0','0','1000000','110',9,'2023-03-01 09:33:00','2023-02-28 00:00:00'),(235,1,1,1,1,2,3,18,235,1,'100',10000,'1000000','0','1000000','0','0','0','1000000','20',9,'2023-03-01 09:33:00','2023-02-28 00:00:00'),(236,1,1,1,1,2,3,18,236,1,'100',10000,'1000000','0','1000000','0','0','0','1000000','120',9,'2023-03-01 09:33:01','2023-02-28 00:00:00'),(237,1,1,1,1,2,3,18,237,1,'100',10000,'1000000','0','1000000','0','0','0','1000000','110',9,'2023-03-01 09:33:01','2023-02-28 00:00:00'),(238,1,1,1,1,2,3,18,238,1,'100',10000,'1000000','0','1000000','0','0','0','1000000','200',9,'2023-03-01 09:33:01','2023-02-28 00:00:00'),(239,1,1,1,1,2,3,18,239,1,'100',10000,'1000000','0','1000000','0','0','0','1000000','250',9,'2023-03-01 09:33:01','2023-02-28 00:00:00'),(261,1,1,1,1,2,3,18,261,1,'2',5000,'10000','0','10000','0','0','0','10000','1',9,'2023-03-06 06:24:20','2023-02-28 00:00:00'),(262,1,1,1,1,2,3,18,262,1,'2',5000,'10000','0','10000','0','0','0','10000','1',9,'2023-03-06 06:24:20','2023-02-28 00:00:00'),(263,1,1,1,1,2,3,18,263,1,'2',5000,'10000','0','10000','0','0','0','10000','1',9,'2023-03-06 06:24:20','2023-02-28 00:00:00'),(264,1,1,1,1,2,3,18,264,1,'2',5000,'10000','0','10000','0','0','0','10000','1',9,'2023-03-06 06:24:20','2023-02-28 00:00:00'),(285,1,1,1,1,2,3,18,285,1,'2',100,'200','0','200','0','0','0','200','1',8,'2023-03-09 08:27:24','2023-02-28 00:00:00'),(286,1,1,1,1,2,3,18,286,1,'2',100,'200','0','200','0','0','0','200','1',8,'2023-03-09 08:27:24','2023-02-28 00:00:00'),(287,1,1,1,1,2,3,18,287,1,'2',100,'200','0','200','0','0','0','200','1',8,'2023-03-09 08:27:24','2023-02-28 00:00:00'),(288,1,1,1,1,2,3,18,288,1,'2',100,'200','0','200','0','0','0','200','1',8,'2023-03-09 08:27:24','2023-02-28 00:00:00'),(289,1,1,1,1,2,3,18,289,1,'2',100,'200','0','200','0','0','0','200','1',8,'2023-03-09 08:27:25','2023-02-28 00:00:00'),(308,1,1,1,1,2,3,18,308,1,'200',10000,'2000000','0','2000000','0','0','0','2000000','200',8,'2023-03-14 11:45:00','2023-02-28 00:00:00'),(309,1,1,1,1,2,3,18,309,1,'700',10000,'7000000','0','7000000','0','0','0','7000000','700',8,'2023-03-14 11:45:01','2023-02-28 00:00:00'),(310,1,1,1,1,2,3,18,310,1,'8500',10000,'85000000','0','85000000','0','0','0','85000000','8500',8,'2023-03-14 11:45:01','2023-02-28 00:00:00'),(240,1,1,1,1,3,4,19,240,1,'100',10000,'1000000','0','1000000','0','0','0','1000000','110',9,'2023-03-01 09:33:01','2023-02-28 00:00:00'),(241,1,1,1,1,3,4,19,241,1,'100',10000,'1000000','0','1000000','0','0','0','1000000','110',9,'2023-03-01 09:33:01','2023-02-28 00:00:00'),(242,1,1,1,1,3,4,19,242,1,'100',10000,'1000000','0','1000000','0','0','0','1000000','800',9,'2023-03-01 09:33:01','2023-02-28 00:00:00'),(243,1,1,1,1,3,4,19,243,1,'100',10000,'1000000','0','1000000','0','0','0','1000000','110',9,'2023-03-01 09:33:01','2023-02-28 00:00:00'),(244,1,1,1,1,3,4,19,244,1,'100',10000,'1000000','0','1000000','0','0','0','1000000','1600',9,'2023-03-01 09:33:01','2023-02-28 00:00:00'),(245,1,1,1,1,3,4,19,245,1,'100',10000,'1000000','0','1000000','0','0','0','1000000','110',9,'2023-03-01 09:33:01','2023-02-28 00:00:00'),(246,1,1,1,1,3,4,19,246,1,'100',10000,'1000000','0','1000000','0','0','0','1000000','110',9,'2023-03-01 09:33:01','2023-02-28 00:00:00'),(247,1,1,1,1,3,4,19,247,1,'100',10000,'1000000','0','1000000','0','0','0','1000000','110',9,'2023-03-01 09:33:01','2023-02-28 00:00:00'),(248,1,1,1,1,3,4,19,248,1,'100',10000,'1000000','0','1000000','0','0','0','1000000','110',9,'2023-03-01 09:33:01','2023-02-28 00:00:00'),(249,1,1,1,1,3,4,19,249,1,'100',10000,'1000000','0','1000000','0','0','0','1000000','110',9,'2023-03-01 09:33:02','2023-02-28 00:00:00'),(250,1,1,1,1,3,4,19,250,1,'100',10000,'1000000','0','1000000','0','0','0','1000000','110',9,'2023-03-01 09:33:02','2023-02-28 00:00:00'),(257,1,1,1,1,3,4,19,257,1,'2',5000,'10000','0','10000','0','0','0','10000','1',9,'2023-03-06 06:24:20','2023-02-28 00:00:00'),(258,1,1,1,1,3,4,19,258,1,'2',5000,'10000','0','10000','0','0','0','10000','1',9,'2023-03-06 06:24:20','2023-02-28 00:00:00'),(259,1,1,1,1,3,4,19,259,1,'2',5000,'10000','0','10000','0','0','0','10000','1',9,'2023-03-06 06:24:20','2023-02-28 00:00:00'),(260,1,1,1,1,3,4,19,260,1,'2',5000,'10000','0','10000','0','0','0','10000','1',9,'2023-03-06 06:24:20','2023-02-28 00:00:00'),(280,1,1,1,1,3,4,19,280,1,'2',100,'200','0','200','0','0','0','200','1',8,'2023-03-09 08:27:24','2023-02-28 00:00:00'),(281,1,1,1,1,3,4,19,281,1,'2',100,'200','0','200','0','0','0','200','1',8,'2023-03-09 08:27:24','2023-02-28 00:00:00'),(282,1,1,1,1,3,4,19,282,1,'2',100,'200','0','200','0','0','0','200','1',8,'2023-03-09 08:27:24','2023-02-28 00:00:00'),(283,1,1,1,1,3,4,19,283,1,'2',100,'200','0','200','0','0','0','200','1',8,'2023-03-09 08:27:24','2023-02-28 00:00:00'),(284,1,1,1,1,3,4,19,284,1,'2',100,'200','0','200','0','0','0','200','1',8,'2023-03-09 08:27:24','2023-02-28 00:00:00'),(300,1,1,1,1,3,4,19,300,1,'2100',10000,'21000000','0','21000000','0','0','0','21000000','2100',8,'2023-03-14 11:45:00','2023-02-28 00:00:00'),(301,1,1,1,1,3,4,19,301,1,'1900',10000,'19000000','0','19000000','0','0','0','19000000','1900',8,'2023-03-14 11:45:00','2023-02-28 00:00:00'),(302,1,1,1,1,3,4,19,302,1,'800',10000,'8000000','0','8000000','0','0','0','8000000','800',8,'2023-03-14 11:45:00','2023-02-28 00:00:00'),(303,1,1,1,1,3,4,19,303,1,'1600',10000,'16000000','0','16000000','0','0','0','16000000','1600',8,'2023-03-14 11:45:00','2023-02-28 00:00:00'),(304,1,1,1,1,3,4,19,304,1,'300',10000,'3000000','0','3000000','0','0','0','3000000','300',8,'2023-03-14 11:45:00','2023-02-28 00:00:00'),(305,1,1,1,1,3,4,19,305,1,'200',10000,'2000000','0','2000000','0','0','0','2000000','200',8,'2023-03-14 11:45:00','2023-02-28 00:00:00'),(306,1,1,1,1,3,4,19,306,1,'400',10000,'4000000','0','4000000','0','0','0','4000000','400',8,'2023-03-14 11:45:00','2023-02-28 00:00:00'),(307,1,1,1,1,3,4,19,307,1,'2500',10000,'25000000','0','25000000','0','0','0','25000000','2500',8,'2023-03-14 11:45:00','2023-02-28 00:00:00'),(251,1,1,1,1,4,5,20,251,1,'100',10000,'1000000','0','1000000','0','0','0','1000000','110',9,'2023-03-01 09:33:02','2023-02-28 00:00:00'),(252,1,1,1,1,4,5,20,252,1,'100',10000,'1000000','0','1000000','0','0','0','1000000','110',9,'2023-03-01 09:33:02','2023-02-28 00:00:00'),(255,1,1,1,1,4,5,20,255,1,'2',5000,'10000','0','10000','0','0','0','10000','1',9,'2023-03-06 06:24:20','2023-02-28 00:00:00'),(256,1,1,1,1,4,5,20,256,1,'2',5000,'10000','0','10000','0','0','0','10000','1',9,'2023-03-06 06:24:20','2023-02-28 00:00:00'),(277,1,1,1,1,4,5,20,277,1,'2',100,'200','0','200','0','0','0','200','1',8,'2023-03-09 08:27:24','2023-02-28 00:00:00'),(278,1,1,1,1,4,5,20,278,1,'2',100,'200','0','200','0','0','0','200','1',8,'2023-03-09 08:27:24','2023-02-28 00:00:00'),(279,1,1,1,1,4,5,20,279,1,'2',100,'200','0','200','0','0','0','200','1',8,'2023-03-09 08:27:24','2023-02-28 00:00:00'),(253,1,1,1,1,5,6,21,253,1,'100',10000,'1000000','0','1000000','0','0','0','1000000','110',9,'2023-03-01 09:33:02','2023-02-28 00:00:00'),(254,1,1,1,1,5,6,21,254,1,'100',10000,'1000000','0','1000000','0','0','0','1000000','110',9,'2023-03-01 09:33:02','2023-02-28 00:00:00'),(265,1,1,1,1,5,6,21,265,1,'2',5000,'10000','0','10000','0','0','0','10000','1',9,'2023-03-06 06:24:20','2023-02-28 00:00:00'),(266,1,1,1,1,5,6,21,266,1,'2',5000,'10000','0','10000','0','0','0','10000','1',9,'2023-03-06 06:24:21','2023-02-28 00:00:00'),(275,1,1,1,1,5,6,21,275,1,'2',100,'200','0','200','0','0','0','200','1',8,'2023-03-09 08:27:23','2023-02-28 00:00:00'),(276,1,1,1,1,5,6,21,276,1,'2',100,'200','0','200','0','0','0','200','1',8,'2023-03-09 08:27:23','2023-02-28 00:00:00');

--
-- Table structure for table `sb_inventry_stock_history`
--

CREATE TABLE `sb_inventry_stock_history` (
  `ish_pk_id` int(11) NOT NULL AUTO_INCREMENT,
  `is_fk_id` int(11) DEFAULT NULL,
  `entity_id` int(11) DEFAULT NULL,
  `b_entity_id` int(11) DEFAULT NULL,
  `department_id` int(11) DEFAULT NULL,
  `sub_dept_id` int(11) DEFAULT NULL,
  `category_id` int(11) DEFAULT NULL,
  `sub_category_id` int(11) DEFAULT NULL,
  `product_id` int(11) DEFAULT NULL,
  `item_id` int(11) DEFAULT NULL,
  `stock_type` int(11) DEFAULT NULL,
  `per_unit_price` varchar(15) DEFAULT NULL,
  `stock_quantity` int(11) DEFAULT NULL,
  `total_price` varchar(45) DEFAULT NULL,
  `discount_amount` varchar(45) DEFAULT NULL,
  `amount` varchar(45) DEFAULT NULL,
  `igst_amount` varchar(45) DEFAULT NULL,
  `cgst_amount` varchar(45) DEFAULT NULL,
  `sgst_amount` varchar(45) DEFAULT NULL,
  `net_amount` varchar(45) DEFAULT NULL,
  `selling_per_unit_price` varchar(45) DEFAULT NULL,
  `vendor_id` int(11) DEFAULT NULL,
  `added_date_time` timestamp NULL DEFAULT CURRENT_TIMESTAMP,
  `purchase_date` datetime DEFAULT NULL,
  `added_by` int(11) DEFAULT NULL,
  PRIMARY KEY (`ish_pk_id`)
) ENGINE=InnoDB AUTO_INCREMENT=317 DEFAULT CHARSET=latin1;

--
-- Dumping data for table `sb_inventry_stock_history`
--

INSERT INTO `sb_inventry_stock_history` VALUES (1,1,1,1,1,1,1,1,16,1,1,'155',1000,'155000','0','155000','0','0','0','155000','155',9,'2023-02-27 07:49:16','2023-02-28 00:00:00',363),(2,2,1,1,1,1,1,1,1,2,1,'265',1000,'265000','0','265000','0','0','0','265000','265',9,'2023-02-27 07:49:16','2023-02-28 00:00:00',363),(3,3,1,1,1,1,1,1,2,3,1,'135',1000,'135000','0','135000','0','0','0','135000','135',9,'2023-02-27 07:49:16','2023-02-28 00:00:00',363),(4,4,1,1,1,1,1,1,3,4,1,'290',1000,'290000','0','290000','0','0','0','290000','290',9,'2023-02-27 07:49:16','2023-02-28 00:00:00',363),(5,5,1,1,1,1,1,1,16,5,1,'296',1000,'296000','0','296000','0','0','0','296000','296',9,'2023-02-27 07:49:16','2023-02-28 00:00:00',363),(6,6,1,1,1,1,1,1,16,6,1,'175',1000,'175000','0','175000','0','0','0','175000','175',9,'2023-02-27 07:49:16','2023-02-28 00:00:00',363),(7,7,1,1,1,1,1,1,1,7,1,'390',1000,'390000','0','390000','0','0','0','390000','390',9,'2023-02-27 07:49:16','2023-02-28 00:00:00',363),(8,8,1,1,1,1,1,1,2,8,1,'126',1000,'126000','0','126000','0','0','0','126000','126',9,'2023-02-27 07:49:16','2023-02-28 00:00:00',363),(9,9,1,1,1,1,1,1,3,9,1,'250',1000,'250000','0','250000','0','0','0','250000','250',9,'2023-02-27 07:49:16','2023-02-28 00:00:00',363),(10,10,1,1,1,1,1,1,4,10,1,'290',1000,'290000','0','290000','0','0','0','290000','290',9,'2023-02-27 07:49:16','2023-02-28 00:00:00',363),(11,11,1,1,1,1,1,1,16,11,1,'296',1000,'296000','0','296000','0','0','0','296000','296',9,'2023-02-27 07:49:16','2023-02-28 00:00:00',363),(12,12,1,1,1,1,1,1,16,12,1,'145',1000,'145000','0','145000','0','0','0','145000','145',9,'2023-02-27 07:49:17','2023-02-28 00:00:00',363),(13,13,1,1,1,1,1,1,1,13,1,'390',1000,'390000','0','390000','0','0','0','390000','390',9,'2023-02-27 07:49:17','2023-02-28 00:00:00',363),(14,14,1,1,1,1,1,1,2,14,1,'135',1000,'135000','0','135000','0','0','0','135000','135',9,'2023-02-27 07:49:17','2023-02-28 00:00:00',363),(15,15,1,1,1,1,1,1,3,15,1,'250',1000,'250000','0','250000','0','0','0','250000','250',9,'2023-02-27 07:49:17','2023-02-28 00:00:00',363),(16,16,1,1,1,1,1,1,4,16,1,'290',1000,'290000','0','290000','0','0','0','290000','290',9,'2023-02-27 07:49:17','2023-02-28 00:00:00',363),(17,17,1,1,1,1,1,1,16,17,1,'349',1000,'349000','0','349000','0','0','0','349000','349',9,'2023-02-27 07:49:17','2023-02-28 00:00:00',363),(18,18,1,1,1,1,1,1,16,18,1,'219',1000,'219000','0','219000','0','0','0','219000','219',9,'2023-02-27 07:49:17','2023-02-28 00:00:00',363),(19,19,1,1,1,1,1,1,1,19,1,'330',1000,'330000','0','330000','0','0','0','330000','330',9,'2023-02-27 07:49:17','2023-02-28 00:00:00',363),(20,20,1,1,1,1,1,1,5,20,1,'413',1000,'413000','0','413000','0','0','0','413000','413',9,'2023-02-27 07:49:17','2023-02-28 00:00:00',363),(21,21,1,1,1,1,1,1,6,21,1,'240',1000,'240000','0','240000','0','0','0','240000','240',9,'2023-02-27 07:49:17','2023-02-28 00:00:00',363),(22,22,1,1,1,1,1,1,7,22,1,'600',1000,'600000','0','600000','0','0','0','600000','600',9,'2023-02-27 07:49:17','2023-02-28 00:00:00',363),(23,23,1,1,1,1,1,1,2,23,1,'198',1000,'198000','0','198000','0','0','0','198000','198',9,'2023-02-27 07:49:17','2023-02-28 00:00:00',363),(24,24,1,1,1,1,1,1,8,24,1,'260',1000,'260000','0','260000','0','0','0','260000','260',9,'2023-02-27 07:49:17','2023-02-28 00:00:00',363),(25,25,1,1,1,1,1,1,8,25,1,'148',1000,'148000','0','148000','0','0','0','148000','148',9,'2023-02-27 07:49:18','2023-02-28 00:00:00',363),(26,26,1,1,1,1,1,1,9,26,1,'0',1000,'0','0','0','0','0','0','0','0',9,'2023-02-27 07:49:18','2023-02-28 00:00:00',363),(27,27,1,1,1,1,1,1,9,27,1,'50',1000,'50000','0','50000','0','0','0','50000','50',9,'2023-02-27 07:49:18','2023-02-28 00:00:00',363),(28,28,1,1,1,1,1,1,16,28,1,'349',1000,'349000','0','349000','0','0','0','349000','349',9,'2023-02-27 07:49:18','2023-02-28 00:00:00',363),(29,29,1,1,1,1,1,1,16,29,1,'219',1000,'219000','0','219000','0','0','0','219000','219',9,'2023-02-27 07:49:18','2023-02-28 00:00:00',363),(30,30,1,1,1,1,1,1,1,30,1,'315',1000,'315000','0','315000','0','0','0','315000','315',9,'2023-02-27 07:49:18','2023-02-28 00:00:00',363),(31,31,1,1,1,1,1,1,5,31,1,'434',1000,'434000','0','434000','0','0','0','434000','434',9,'2023-02-27 07:49:18','2023-02-28 00:00:00',363),(32,32,1,1,1,1,1,1,6,32,1,'295',1000,'295000','0','295000','0','0','0','295000','295',9,'2023-02-27 07:49:18','2023-02-28 00:00:00',363),(33,33,1,1,1,1,1,1,2,33,1,'198',1000,'198000','0','198000','0','0','0','198000','198',9,'2023-02-27 07:49:18','2023-02-28 00:00:00',363),(34,34,1,1,1,1,1,1,7,34,1,'600',1000,'600000','0','600000','0','0','0','600000','600',9,'2023-02-27 07:49:18','2023-02-28 00:00:00',363),(35,35,1,1,1,1,1,1,8,35,1,'265',1000,'265000','0','265000','0','0','0','265000','265',9,'2023-02-27 07:49:18','2023-02-28 00:00:00',363),(36,36,1,1,1,1,1,1,8,36,1,'118',1000,'118000','0','118000','0','0','0','118000','118',9,'2023-02-27 07:49:18','2023-02-28 00:00:00',363),(37,37,1,1,1,1,1,1,9,37,1,'0',1000,'0','0','0','0','0','0','0','0',9,'2023-02-27 07:49:18','2023-02-28 00:00:00',363),(38,38,1,1,1,1,1,1,16,38,1,'399',1000,'399000','0','399000','0','0','0','399000','399',9,'2023-02-27 07:49:19','2023-02-28 00:00:00',363),(39,39,1,1,1,1,1,1,16,39,1,'249',1000,'249000','0','249000','0','0','0','249000','249',9,'2023-02-27 07:49:19','2023-02-28 00:00:00',363),(40,40,1,1,1,1,1,1,1,40,1,'345',1000,'345000','0','345000','0','0','0','345000','345',9,'2023-02-27 07:49:19','2023-02-28 00:00:00',363),(41,41,1,1,1,1,1,1,10,41,1,'479',1000,'479000','0','479000','0','0','0','479000','479',9,'2023-02-27 07:49:19','2023-02-28 00:00:00',363),(42,42,1,1,1,1,1,1,11,42,1,'474',1000,'474000','0','474000','0','0','0','474000','474',9,'2023-02-27 07:49:19','2023-02-28 00:00:00',363),(43,43,1,1,1,1,1,1,6,43,1,'385',1000,'385000','0','385000','0','0','0','385000','385',9,'2023-02-27 07:49:19','2023-02-28 00:00:00',363),(44,44,1,1,1,1,1,1,2,44,1,'207',1000,'207000','0','207000','0','0','0','207000','207',9,'2023-02-27 07:49:19','2023-02-28 00:00:00',363),(45,45,1,1,1,1,1,1,12,45,1,'65',1000,'65000','0','65000','0','0','0','65000','65',9,'2023-02-27 07:49:19','2023-02-28 00:00:00',363),(46,46,1,1,1,1,1,1,7,46,1,'600',1000,'600000','0','600000','0','0','0','600000','600',9,'2023-02-27 07:49:19','2023-02-28 00:00:00',363),(47,47,1,1,1,1,1,1,8,47,1,'305',1000,'305000','0','305000','0','0','0','305000','305',9,'2023-02-27 07:49:19','2023-02-28 00:00:00',363),(48,48,1,1,1,1,1,1,9,48,1,'0',1000,'0','0','0','0','0','0','0','0',9,'2023-02-27 07:49:19','2023-02-28 00:00:00',363),(49,49,1,1,1,1,1,1,16,49,1,'399',1000,'399000','0','399000','0','0','0','399000','399',9,'2023-02-27 07:49:19','2023-02-28 00:00:00',363),(50,50,1,1,1,1,1,1,16,50,1,'249',1000,'249000','0','249000','0','0','0','249000','249',9,'2023-02-27 07:49:20','2023-02-28 00:00:00',363),(51,51,1,1,1,1,1,1,1,51,1,'315',1000,'315000','0','315000','0','0','0','315000','315',9,'2023-02-27 07:49:20','2023-02-28 00:00:00',363),(52,52,1,1,1,1,1,1,10,52,1,'489',1000,'489000','0','489000','0','0','0','489000','489',9,'2023-02-27 07:49:20','2023-02-28 00:00:00',363),(53,53,1,1,1,1,1,1,11,53,1,'492',1000,'492000','0','492000','0','0','0','492000','492',9,'2023-02-27 07:49:20','2023-02-28 00:00:00',363),(54,54,1,1,1,1,1,1,6,54,1,'390',1000,'390000','0','390000','0','0','0','390000','390',9,'2023-02-27 07:49:20','2023-02-28 00:00:00',363),(55,55,1,1,1,1,1,1,2,55,1,'216',1000,'216000','0','216000','0','0','0','216000','216',9,'2023-02-27 07:49:20','2023-02-28 00:00:00',363),(56,56,1,1,1,1,1,1,12,56,1,'65',1000,'65000','0','65000','0','0','0','65000','65',9,'2023-02-27 07:49:20','2023-02-28 00:00:00',363),(57,57,1,1,1,1,1,1,7,57,1,'600',1000,'600000','0','600000','0','0','0','600000','600',9,'2023-02-27 07:49:20','2023-02-28 00:00:00',363),(58,58,1,1,1,1,1,1,8,58,1,'305',1000,'305000','0','305000','0','0','0','305000','305',9,'2023-02-27 07:49:20','2023-02-28 00:00:00',363),(59,59,1,1,1,1,1,1,8,59,1,'385',1000,'385000','0','385000','0','0','0','385000','385',9,'2023-02-27 07:49:20','2023-02-28 00:00:00',363),(60,60,1,1,1,1,1,1,9,60,1,'100',1000,'100000','0','100000','0','0','0','100000','100',9,'2023-02-27 07:49:20','2023-02-28 00:00:00',363),(61,61,1,1,1,1,1,1,9,61,1,'50',1000,'50000','0','50000','0','0','0','50000','50',9,'2023-02-27 07:49:20','2023-02-28 00:00:00',363),(62,62,1,1,1,1,1,1,9,62,1,'0',1000,'0','0','0','0','0','0','0','0',9,'2023-02-27 07:49:21','2023-02-28 00:00:00',363),(63,63,1,1,1,1,1,1,8,63,1,'305',1000,'305000','0','305000','0','0','0','305000','260',9,'2023-02-27 07:49:21','2023-02-28 00:00:00',363),(64,64,1,1,1,1,1,1,8,64,1,'148',1000,'148000','0','148000','0','0','0','148000','148',9,'2023-02-27 07:49:21','2023-02-28 00:00:00',363),(65,65,1,1,1,1,1,1,13,65,1,'465',1000,'465000','0','465000','0','0','0','465000','465',9,'2023-02-27 07:49:21','2023-02-28 00:00:00',363),(66,66,1,1,1,1,1,1,16,66,1,'399',1000,'399000','0','399000','0','0','0','399000','399',9,'2023-02-27 07:49:21','2023-02-28 00:00:00',363),(67,67,1,1,1,1,1,1,16,67,1,'299',1000,'299000','0','299000','0','0','0','299000','299',9,'2023-02-27 07:49:21','2023-02-28 00:00:00',363),(68,68,1,1,1,1,1,1,1,68,1,'370',1000,'370000','0','370000','0','0','0','370000','370',9,'2023-02-27 07:49:21','2023-02-28 00:00:00',363),(69,69,1,1,1,1,1,1,10,69,1,'499',1000,'499000','0','499000','0','0','0','499000','499',9,'2023-02-27 07:49:21','2023-02-28 00:00:00',363),(70,70,1,1,1,1,1,1,11,70,1,'498',1000,'498000','0','498000','0','0','0','498000','498',9,'2023-02-27 07:49:21','2023-02-28 00:00:00',363),(71,71,1,1,1,1,1,1,6,71,1,'425',1000,'425000','0','425000','0','0','0','425000','425',9,'2023-02-27 07:49:21','2023-02-28 00:00:00',363),(72,72,1,1,1,1,1,1,2,72,1,'216',1000,'216000','0','216000','0','0','0','216000','216',9,'2023-02-27 07:49:21','2023-02-28 00:00:00',363),(73,73,1,1,1,1,1,1,12,73,1,'65',1000,'65000','0','65000','0','0','0','65000','65',9,'2023-02-27 07:49:21','2023-02-28 00:00:00',363),(74,74,1,1,1,1,1,1,7,74,1,'600',1000,'600000','0','600000','0','0','0','600000','600',9,'2023-02-27 07:49:21','2023-02-28 00:00:00',363),(75,75,1,1,1,1,1,1,8,75,1,'305',1000,'305000','0','305000','0','0','0','305000','305',9,'2023-02-27 07:49:21','2023-02-28 00:00:00',363),(76,76,1,1,1,1,1,1,8,76,1,'430',1000,'430000','0','430000','0','0','0','430000','430',9,'2023-02-27 07:49:22','2023-02-28 00:00:00',363),(77,77,1,1,1,1,1,1,9,77,1,'150',1000,'150000','0','150000','0','0','0','150000','150',9,'2023-02-27 07:49:22','2023-02-28 00:00:00',363),(78,78,1,1,1,1,1,1,9,78,1,'50',1000,'50000','0','50000','0','0','0','50000','50',9,'2023-02-27 07:49:22','2023-02-28 00:00:00',363),(79,79,1,1,1,1,1,1,9,79,1,'0',1000,'0','0','0','0','0','0','0','0',9,'2023-02-27 07:49:22','2023-02-28 00:00:00',363),(80,80,1,1,1,1,1,1,8,80,1,'150',1000,'150000','0','150000','0','0','0','150000','265',9,'2023-02-27 07:49:22','2023-02-28 00:00:00',363),(81,81,1,1,1,1,1,1,8,81,1,'50',1000,'50000','0','50000','0','0','0','50000','118',9,'2023-02-27 07:49:22','2023-02-28 00:00:00',363),(82,82,1,1,1,1,1,1,13,82,1,'525',1000,'525000','0','525000','0','0','0','525000','525',9,'2023-02-27 07:49:22','2023-02-28 00:00:00',363),(83,83,1,1,1,1,1,1,16,83,1,'75',1000,'75000','0','75000','0','0','0','75000','75',9,'2023-02-27 07:49:22','2023-02-28 00:00:00',363),(84,84,1,1,1,1,1,1,16,84,1,'40',1000,'40000','0','40000','0','0','0','40000','40',9,'2023-02-27 07:49:22','2023-02-28 00:00:00',363),(85,85,1,1,1,1,1,1,16,85,1,'120',1000,'120000','0','120000','0','0','0','120000','120',9,'2023-02-27 07:49:22','2023-02-28 00:00:00',363),(86,86,1,1,1,1,1,1,16,86,1,'690',1000,'690000','0','690000','0','0','0','690000','690',9,'2023-02-27 07:49:22','2023-02-28 00:00:00',363),(87,87,1,1,1,1,1,1,1,87,1,'155',1000,'155000','0','155000','0','0','0','155000','155',9,'2023-02-27 07:49:22','2023-02-28 00:00:00',363),(88,88,1,1,1,1,1,1,1,88,1,'385',1000,'385000','0','385000','0','0','0','385000','385',9,'2023-02-27 07:49:23','2023-02-28 00:00:00',363),(89,89,1,1,1,1,1,1,10,89,1,'150',1000,'150000','0','150000','0','0','0','150000','150',9,'2023-02-27 07:49:23','2023-02-28 00:00:00',363),(90,90,1,1,1,1,1,1,10,90,1,'315',1000,'315000','0','315000','0','0','0','315000','315',9,'2023-02-27 07:49:23','2023-02-28 00:00:00',363),(91,91,1,1,1,1,1,1,11,91,1,'115',1000,'115000','0','115000','0','0','0','115000','115',9,'2023-02-27 07:49:23','2023-02-28 00:00:00',363),(92,92,1,1,1,1,1,1,11,92,1,'55',1000,'55000','0','55000','0','0','0','55000','55',9,'2023-02-27 07:49:23','2023-02-28 00:00:00',363),(93,93,1,1,1,1,1,1,11,93,1,'80',1000,'80000','0','80000','0','0','0','80000','80',9,'2023-02-27 07:49:23','2023-02-28 00:00:00',363),(94,94,1,1,1,1,1,1,11,94,1,'60',1000,'60000','0','60000','0','0','0','60000','60',9,'2023-02-27 07:49:23','2023-02-28 00:00:00',363),(95,95,1,1,1,1,1,1,7,95,1,'600',1000,'600000','0','600000','0','0','0','600000','600',9,'2023-02-27 07:49:23','2023-02-28 00:00:00',363),(96,96,1,1,1,1,1,1,12,96,1,'350',1000,'350000','0','350000','0','0','0','350000','350',9,'2023-02-27 07:49:23','2023-02-28 00:00:00',363),(97,97,1,1,1,1,1,1,8,97,1,'50',1000,'50000','0','50000','0','0','0','50000','50',9,'2023-02-27 07:49:23','2023-02-28 00:00:00',363),(98,98,1,1,1,1,1,1,8,98,1,'30',1000,'30000','0','30000','0','0','0','30000','30',9,'2023-02-27 07:49:23','2023-02-28 00:00:00',363),(99,99,1,1,1,1,1,1,8,99,1,'550',1000,'550000','0','550000','0','0','0','550000','550',9,'2023-02-27 07:49:23','2023-02-28 00:00:00',363),(100,100,1,1,1,1,1,1,8,100,1,'495',1000,'495000','0','495000','0','0','0','495000','495',9,'2023-02-27 07:49:24','2023-02-28 00:00:00',363),(101,101,1,1,1,1,1,1,9,101,1,'0',1000,'0','0','0','0','0','0','0','0',9,'2023-02-27 07:49:24','2023-02-28 00:00:00',363),(102,102,1,1,1,1,1,1,9,102,1,'0',1000,'0','0','0','0','0','0','0','0',9,'2023-02-27 07:49:24','2023-02-28 00:00:00',363),(103,103,1,1,1,1,1,1,14,103,1,'100',1000,'100000','0','100000','0','0','0','100000','50',9,'2023-02-27 07:49:24','2023-02-28 00:00:00',363),(104,104,1,1,1,1,1,1,14,104,1,'100',1000,'100000','0','100000','0','0','0','100000','0',9,'2023-02-27 07:49:24','2023-02-28 00:00:00',363),(105,105,1,1,1,1,1,1,14,105,1,'100',1000,'100000','0','100000','0','0','0','100000','0',9,'2023-02-27 07:49:24','2023-02-28 00:00:00',363),(106,106,1,1,1,1,1,1,16,107,1,'90',1000,'90000','0','90000','0','0','0','90000','90',9,'2023-02-27 07:49:24','2023-02-28 00:00:00',363),(107,107,1,1,1,1,1,1,16,108,1,'135',1000,'135000','0','135000','0','0','0','135000','135',9,'2023-02-27 07:49:24','2023-02-28 00:00:00',363),(108,108,1,1,1,1,1,1,16,109,1,'50',1000,'50000','0','50000','0','0','0','50000','50',9,'2023-02-27 07:49:24','2023-02-28 00:00:00',363),(109,109,1,1,1,1,1,1,16,110,1,'690',1000,'690000','0','690000','0','0','0','690000','690',9,'2023-02-27 07:49:24','2023-02-28 00:00:00',363),(110,110,1,1,1,1,1,1,1,111,1,'160',1000,'160000','0','160000','0','0','0','160000','160',9,'2023-02-27 07:49:24','2023-02-28 00:00:00',363),(111,111,1,1,1,1,1,1,1,112,1,'385',1000,'385000','0','385000','0','0','0','385000','385',9,'2023-02-27 07:49:24','2023-02-28 00:00:00',363),(112,112,1,1,1,1,1,1,10,113,1,'195',1000,'195000','0','195000','0','0','0','195000','195',9,'2023-02-27 07:49:25','2023-02-28 00:00:00',363),(113,113,1,1,1,1,1,1,10,114,1,'315',1000,'315000','0','315000','0','0','0','315000','315',9,'2023-02-27 07:49:25','2023-02-28 00:00:00',363),(114,114,1,1,1,1,1,1,11,115,1,'125',1000,'125000','0','125000','0','0','0','125000','125',9,'2023-02-27 07:49:25','2023-02-28 00:00:00',363),(115,115,1,1,1,1,1,1,11,116,1,'75',1000,'75000','0','75000','0','0','0','75000','75',9,'2023-02-27 07:49:25','2023-02-28 00:00:00',363),(116,116,1,1,1,1,1,1,11,117,1,'90',1000,'90000','0','90000','0','0','0','90000','90',9,'2023-02-27 07:49:25','2023-02-28 00:00:00',363),(117,117,1,1,1,1,1,1,11,118,1,'75',1000,'75000','0','75000','0','0','0','75000','75',9,'2023-02-27 07:49:25','2023-02-28 00:00:00',363),(118,118,1,1,1,1,1,1,12,119,1,'350',1000,'350000','0','350000','0','0','0','350000','350',9,'2023-02-27 07:49:25','2023-02-28 00:00:00',363),(119,119,1,1,1,1,1,1,8,120,1,'80',1000,'80000','0','80000','0','0','0','80000','80',9,'2023-02-27 07:49:25','2023-02-28 00:00:00',363),(120,120,1,1,1,1,1,1,8,121,1,'30',1000,'30000','0','30000','0','0','0','30000','30',9,'2023-02-27 07:49:25','2023-02-28 00:00:00',363),(121,121,1,1,1,1,1,1,8,122,1,'550',1000,'550000','0','550000','0','0','0','550000','550',9,'2023-02-27 07:49:25','2023-02-28 00:00:00',363),(122,122,1,1,1,1,1,1,8,123,1,'595',1000,'595000','0','595000','0','0','0','595000','595',9,'2023-02-27 07:49:25','2023-02-28 00:00:00',363),(123,123,1,1,1,1,1,1,9,124,1,'0',1000,'0','0','0','0','0','0','0','0',9,'2023-02-27 07:49:25','2023-02-28 00:00:00',363),(124,124,1,1,1,1,1,1,9,125,1,'0',1000,'0','0','0','0','0','0','0','0',9,'2023-02-27 07:49:26','2023-02-28 00:00:00',363),(125,125,1,1,1,1,1,1,14,126,1,'60',1000,'60000','0','60000','0','0','0','60000','60',9,'2023-02-27 07:49:26','2023-02-28 00:00:00',363),(126,126,1,1,1,1,1,1,14,127,1,'100',1000,'100000','0','100000','0','0','0','100000','0',9,'2023-02-27 07:49:26','2023-02-28 00:00:00',363),(127,127,1,1,1,1,1,1,14,128,1,'100',1000,'100000','0','100000','0','0','0','100000','0',9,'2023-02-27 07:49:26','2023-02-28 00:00:00',363),(128,128,1,1,1,1,1,1,16,130,1,'419',1000,'419000','0','419000','0','0','0','419000','419',9,'2023-02-27 07:49:26','2023-02-28 00:00:00',363),(129,129,1,1,1,1,1,1,16,131,1,'349',1000,'349000','0','349000','0','0','0','349000','349',9,'2023-02-27 07:49:26','2023-02-28 00:00:00',363),(130,130,1,1,1,1,1,1,16,132,1,'530',1000,'530000','0','530000','0','0','0','530000','530',9,'2023-02-27 07:49:26','2023-02-28 00:00:00',363),(131,131,1,1,1,1,1,1,1,133,1,'445',1000,'445000','0','445000','0','0','0','445000','445',9,'2023-02-27 07:49:26','2023-02-28 00:00:00',363),(132,132,1,1,1,1,1,1,10,134,1,'255',1000,'255000','0','255000','0','0','0','255000','255',9,'2023-02-27 07:49:26','2023-02-28 00:00:00',363),(133,133,1,1,1,1,1,1,10,135,1,'255',1000,'255000','0','255000','0','0','0','255000','255',9,'2023-02-27 07:49:26','2023-02-28 00:00:00',363),(134,134,1,1,1,1,1,1,10,136,1,'255',1000,'255000','0','255000','0','0','0','255000','255',9,'2023-02-27 07:49:26','2023-02-28 00:00:00',363),(135,135,1,1,1,1,1,1,11,137,1,'587',1000,'587000','0','587000','0','0','0','587000','587',9,'2023-02-27 07:49:26','2023-02-28 00:00:00',363),(136,136,1,1,1,1,1,1,6,138,1,'430',1000,'430000','0','430000','0','0','0','430000','430',9,'2023-02-27 07:49:27','2023-02-28 00:00:00',363),(137,137,1,1,1,1,1,1,12,139,1,'65',1000,'65000','0','65000','0','0','0','65000','65',9,'2023-02-27 07:49:27','2023-02-28 00:00:00',363),(138,138,1,1,1,1,1,1,7,140,1,'600',1000,'600000','0','600000','0','0','0','600000','600',9,'2023-02-27 07:49:27','2023-02-28 00:00:00',363),(139,139,1,1,1,1,1,1,8,141,1,'330',1000,'330000','0','330000','0','0','0','330000','330',9,'2023-02-27 07:49:27','2023-02-28 00:00:00',363),(140,140,1,1,1,1,1,1,8,142,1,'530',1000,'530000','0','530000','0','0','0','530000','530',9,'2023-02-27 07:49:27','2023-02-28 00:00:00',363),(141,141,1,1,1,1,1,1,8,143,1,'160',1000,'160000','0','160000','0','0','0','160000','160',9,'2023-02-27 07:49:27','2023-02-28 00:00:00',363),(142,142,1,1,1,1,1,1,9,144,1,'150',1000,'150000','0','150000','0','0','0','150000','150',9,'2023-02-27 07:49:27','2023-02-28 00:00:00',363),(143,143,1,1,1,1,1,1,9,145,1,'50',1000,'50000','0','50000','0','0','0','50000','50',9,'2023-02-27 07:49:27','2023-02-28 00:00:00',363),(144,144,1,1,1,1,1,1,13,146,1,'545',1000,'545000','0','545000','0','0','0','545000','545',9,'2023-02-27 07:49:27','2023-02-28 00:00:00',363),(145,145,1,1,1,1,1,1,14,147,1,'55',1000,'55000','0','55000','0','0','0','55000','55',9,'2023-02-27 07:49:27','2023-02-28 00:00:00',363),(146,146,1,1,1,1,1,1,14,148,1,'305',1000,'305000','0','305000','0','0','0','305000','305',9,'2023-02-27 07:49:27','2023-02-28 00:00:00',363),(147,147,1,1,1,1,1,1,9,149,1,'0',1000,'0','0','0','0','0','0','0','0',9,'2023-02-27 07:49:27','2023-02-28 00:00:00',363),(148,148,1,1,1,1,1,1,8,150,1,'305',1000,'305000','0','305000','0','0','0','305000','305',9,'2023-02-27 07:49:28','2023-02-28 00:00:00',363),(149,149,1,1,1,1,1,1,8,151,1,'140',1000,'140000','0','140000','0','0','0','140000','140',9,'2023-02-27 07:49:28','2023-02-28 00:00:00',363),(150,150,1,1,1,1,1,1,16,152,1,'419',1000,'419000','0','419000','0','0','0','419000','419',9,'2023-02-27 07:49:28','2023-02-28 00:00:00',363),(151,151,1,1,1,1,1,1,16,153,1,'379',1000,'379000','0','379000','0','0','0','379000','379',9,'2023-02-27 07:49:28','2023-02-28 00:00:00',363),(152,152,1,1,1,1,1,1,16,154,1,'530',1000,'530000','0','530000','0','0','0','530000','530',9,'2023-02-27 07:49:28','2023-02-28 00:00:00',363),(153,153,1,1,1,1,1,1,1,155,1,'420',1000,'420000','0','420000','0','0','0','420000','420',9,'2023-02-27 07:49:28','2023-02-28 00:00:00',363),(154,154,1,1,1,1,1,1,10,156,1,'335',1000,'335000','0','335000','0','0','0','335000','335',9,'2023-02-27 07:49:28','2023-02-28 00:00:00',363),(155,155,1,1,1,1,1,1,10,157,1,'275',1000,'275000','0','275000','0','0','0','275000','275',9,'2023-02-27 07:49:28','2023-02-28 00:00:00',363),(156,156,1,1,1,1,1,1,10,158,1,'215',1000,'215000','0','215000','0','0','0','215000','215',9,'2023-02-27 07:49:28','2023-02-28 00:00:00',363),(157,157,1,1,1,1,1,1,11,159,1,'621',1000,'621000','0','621000','0','0','0','621000','621',9,'2023-02-27 07:49:28','2023-02-28 00:00:00',363),(158,158,1,1,1,1,1,1,6,160,1,'440',1000,'440000','0','440000','0','0','0','440000','440',9,'2023-02-27 07:49:28','2023-02-28 00:00:00',363),(159,159,1,1,1,1,1,1,12,161,1,'65',1000,'65000','0','65000','0','0','0','65000','65',9,'2023-02-27 07:49:29','2023-02-28 00:00:00',363),(160,160,1,1,1,1,1,1,7,162,1,'600',1000,'600000','0','600000','0','0','0','600000','600',9,'2023-02-27 07:49:29','2023-02-28 00:00:00',363),(161,161,1,1,1,1,1,1,8,163,1,'340',1000,'340000','0','340000','0','0','0','340000','340',9,'2023-02-27 07:49:29','2023-02-28 00:00:00',363),(162,162,1,1,1,1,1,1,8,164,1,'550',1000,'550000','0','550000','0','0','0','550000','550',9,'2023-02-27 07:49:29','2023-02-28 00:00:00',363),(163,163,1,1,1,1,1,1,8,165,1,'160',1000,'160000','0','160000','0','0','0','160000','160',9,'2023-02-27 07:49:29','2023-02-28 00:00:00',363),(164,164,1,1,1,1,1,1,9,166,1,'140',1000,'140000','0','140000','0','0','0','140000','140',9,'2023-02-27 07:49:29','2023-02-28 00:00:00',363),(165,165,1,1,1,1,1,1,9,167,1,'50',1000,'50000','0','50000','0','0','0','50000','50',9,'2023-02-27 07:49:29','2023-02-28 00:00:00',363),(166,166,1,1,1,1,1,1,13,168,1,'555',1000,'555000','0','555000','0','0','0','555000','555',9,'2023-02-27 07:49:29','2023-02-28 00:00:00',363),(167,167,1,1,1,1,1,1,14,169,1,'65',1000,'65000','0','65000','0','0','0','65000','65',9,'2023-02-27 07:49:29','2023-02-28 00:00:00',363),(168,168,1,1,1,1,1,1,14,170,1,'340',1000,'340000','0','340000','0','0','0','340000','340',9,'2023-02-27 07:49:29','2023-02-28 00:00:00',363),(169,169,1,1,1,1,1,1,9,171,1,'0',1000,'0','0','0','0','0','0','0','0',9,'2023-02-27 07:49:29','2023-02-28 00:00:00',363),(170,170,1,1,1,1,1,1,8,172,1,'305',1000,'305000','0','305000','0','0','0','305000','305',9,'2023-02-27 07:49:30','2023-02-28 00:00:00',363),(171,171,1,1,1,1,1,1,8,173,1,'150',1000,'150000','0','150000','0','0','0','150000','150',9,'2023-02-27 07:49:30','2023-02-28 00:00:00',363),(172,172,1,1,1,1,1,1,16,174,1,'419',1000,'419000','0','419000','0','0','0','419000','419',9,'2023-02-27 07:49:30','2023-02-28 00:00:00',363),(173,173,1,1,1,1,1,1,16,175,1,'379',1000,'379000','0','379000','0','0','0','379000','379',9,'2023-02-27 07:49:30','2023-02-28 00:00:00',363),(174,174,1,1,1,1,1,1,16,176,1,'530',1000,'530000','0','530000','0','0','0','530000','530',9,'2023-02-27 07:49:30','2023-02-28 00:00:00',363),(175,175,1,1,1,1,1,1,1,177,1,'405',1000,'405000','0','405000','0','0','0','405000','405',9,'2023-02-27 07:49:30','2023-02-28 00:00:00',363),(176,176,1,1,1,1,1,1,10,178,1,'395',1000,'395000','0','395000','0','0','0','395000','395',9,'2023-02-27 07:49:30','2023-02-28 00:00:00',363),(177,177,1,1,1,1,1,1,10,179,1,'365',1000,'365000','0','365000','0','0','0','365000','365',9,'2023-02-27 07:49:30','2023-02-28 00:00:00',363),(178,178,1,1,1,1,1,1,10,180,1,'250',1000,'250000','0','250000','0','0','0','250000','250',9,'2023-02-27 07:49:30','2023-02-28 00:00:00',363),(179,179,1,1,1,1,1,1,11,181,1,'633',1000,'633000','0','633000','0','0','0','633000','633',9,'2023-02-27 07:49:30','2023-02-28 00:00:00',363),(180,180,1,1,1,1,1,1,6,182,1,'450',1000,'450000','0','450000','0','0','0','450000','450',9,'2023-02-27 07:49:30','2023-02-28 00:00:00',363),(181,181,1,1,1,1,1,1,12,183,1,'315',1000,'315000','0','315000','0','0','0','315000','315',9,'2023-02-27 07:49:30','2023-02-28 00:00:00',363),(182,182,1,1,1,1,1,1,7,184,1,'600',1000,'600000','0','600000','0','0','0','600000','600',9,'2023-02-27 07:49:30','2023-02-28 00:00:00',363),(183,183,1,1,1,1,1,1,8,185,1,'360',1000,'360000','0','360000','0','0','0','360000','360',9,'2023-02-27 07:49:31','2023-02-28 00:00:00',363),(184,184,1,1,1,1,1,1,8,186,1,'570',1000,'570000','0','570000','0','0','0','570000','570',9,'2023-02-27 07:49:31','2023-02-28 00:00:00',363),(185,185,1,1,1,1,1,1,8,187,1,'165',1000,'165000','0','165000','0','0','0','165000','165',9,'2023-02-27 07:49:31','2023-02-28 00:00:00',363),(186,186,1,1,1,1,1,1,9,188,1,'140',1000,'140000','0','140000','0','0','0','140000','140',9,'2023-02-27 07:49:31','2023-02-28 00:00:00',363),(187,187,1,1,1,1,1,1,9,189,1,'50',1000,'50000','0','50000','0','0','0','50000','50',9,'2023-02-27 07:49:31','2023-02-28 00:00:00',363),(188,188,1,1,1,1,1,1,13,190,1,'555',1000,'555000','0','555000','0','0','0','555000','555',9,'2023-02-27 07:49:31','2023-02-28 00:00:00',363),(189,189,1,1,1,1,1,1,14,191,1,'65',1000,'65000','0','65000','0','0','0','65000','60',9,'2023-02-27 07:49:31','2023-02-28 00:00:00',363),(190,190,1,1,1,1,1,1,14,192,1,'425',1000,'425000','0','425000','0','0','0','425000','425',9,'2023-02-27 07:49:31','2023-02-28 00:00:00',363),(191,191,1,1,1,1,1,1,9,193,1,'0',1000,'0','0','0','0','0','0','0','0',9,'2023-02-27 07:49:31','2023-02-28 00:00:00',363),(192,192,1,1,1,1,1,1,8,194,1,'360',1000,'360000','0','360000','0','0','0','360000','305',9,'2023-02-27 07:49:31','2023-02-28 00:00:00',363),(193,193,1,1,1,1,1,1,8,195,1,'165',1000,'165000','0','165000','0','0','0','165000','150',9,'2023-02-27 07:49:31','2023-02-28 00:00:00',363),(194,194,1,1,1,1,1,1,15,196,1,'1000',1000,'1000000','0','1000000','0','0','0','1000000','1000',9,'2023-02-27 07:49:31','2023-02-28 00:00:00',363),(195,195,1,1,1,1,1,1,15,197,1,'1000',1000,'1000000','0','1000000','0','0','0','1000000','1000',9,'2023-02-27 07:49:32','2023-02-28 00:00:00',363),(196,196,1,1,1,1,1,1,1,198,1,'65',1000,'65000','0','65000','0','0','0','65000','65',9,'2023-02-27 07:49:32','2023-02-28 00:00:00',363),(197,197,1,1,1,1,1,1,11,199,1,'55',1000,'55000','0','55000','0','0','0','55000','55',9,'2023-02-27 07:49:32','2023-02-28 00:00:00',363),(198,198,1,1,1,1,1,1,11,200,1,'65',1000,'65000','0','65000','0','0','0','65000','65',9,'2023-02-27 07:49:32','2023-02-28 00:00:00',363),(199,199,1,1,1,1,1,1,11,201,1,'65',1000,'65000','0','65000','0','0','0','65000','65',9,'2023-02-27 07:49:32','2023-02-28 00:00:00',363),(200,200,1,1,1,1,1,1,10,202,1,'65',1000,'65000','0','65000','0','0','0','65000','65',9,'2023-02-27 07:49:32','2023-02-28 00:00:00',363),(201,201,1,1,1,1,1,1,1,203,1,'65',1000,'65000','0','65000','0','0','0','65000','65',9,'2023-02-27 07:49:32','2023-02-28 00:00:00',363),(202,202,1,1,1,1,1,1,11,204,1,'65',1000,'65000','0','65000','0','0','0','65000','65',9,'2023-02-27 07:49:32','2023-02-28 00:00:00',363),(203,203,1,1,1,1,1,1,11,205,1,'65',1000,'65000','0','65000','0','0','0','65000','65',9,'2023-02-27 07:49:32','2023-02-28 00:00:00',363),(204,204,1,1,1,1,1,1,11,206,1,'65',1000,'65000','0','65000','0','0','0','65000','65',9,'2023-02-27 07:49:32','2023-02-28 00:00:00',363),(205,205,1,1,1,1,1,1,10,207,1,'65',1000,'65000','0','65000','0','0','0','65000','65',9,'2023-02-27 07:49:32','2023-02-28 00:00:00',363),(206,206,1,1,1,1,1,1,1,208,1,'65',1000,'65000','0','65000','0','0','0','65000','65',9,'2023-02-27 07:49:33','2023-02-28 00:00:00',363),(207,207,1,1,1,1,1,1,11,209,1,'60',1000,'60000','0','60000','0','0','0','60000','65',9,'2023-02-27 07:49:33','2023-02-28 00:00:00',363),(208,208,1,1,1,1,1,1,11,210,1,'65',1000,'65000','0','65000','0','0','0','65000','65',9,'2023-02-27 07:49:33','2023-02-28 00:00:00',363),(209,209,1,1,1,1,1,1,11,211,1,'65',1000,'65000','0','65000','0','0','0','65000','65',9,'2023-02-27 07:49:33','2023-02-28 00:00:00',363),(210,210,1,1,1,1,1,1,10,212,1,'65',1000,'65000','0','65000','0','0','0','65000','65',9,'2023-02-27 07:49:33','2023-02-28 00:00:00',363),(211,85,1,1,1,1,1,1,16,85,1,'120',1000,'120000','','','','','','','120',9,'2023-02-27 07:55:41','2023-02-28 00:00:00',363),(212,211,1,1,1,1,1,1,13,106,1,'455',1000,'455000','0','455000','0','0','0','4550000','455',9,'2023-02-27 07:57:56','2023-02-28 00:00:00',363),(213,212,1,1,1,1,1,1,13,129,1,'455',1000,'455000','0','455000','0','0','0','4550000','455',9,'2023-02-27 07:59:20','2023-02-28 00:00:00',363),(214,213,1,1,1,1,1,2,17,213,1,'36',10000,'360000','0','360000','0','0','0','360000','36',9,'2023-02-27 11:50:27','2023-02-28 00:00:00',363),(215,214,1,1,1,1,1,2,17,214,1,'36',10000,'360000','0','360000','0','0','0','360000','36',9,'2023-02-27 11:50:27','2023-02-28 00:00:00',363),(216,215,1,1,1,1,1,2,17,215,1,'36',10000,'360000','0','360000','0','0','0','360000','36',9,'2023-02-27 11:50:27','2023-02-28 00:00:00',363),(217,216,1,1,1,1,1,2,17,216,1,'36',10000,'360000','0','360000','0','0','0','360000','36',9,'2023-02-27 11:50:27','2023-02-28 00:00:00',363),(218,217,1,1,1,1,1,2,17,217,1,'36',10000,'360000','0','360000','0','0','0','360000','36',9,'2023-02-27 11:50:27','2023-02-28 00:00:00',363),(219,218,1,1,1,1,1,2,17,218,1,'45',10000,'450000','0','450000','0','0','0','450000','45',9,'2023-02-27 11:50:27','2023-02-28 00:00:00',363),(220,219,1,1,1,1,1,2,17,219,1,'58',10000,'580000','0','580000','0','0','0','580000','58',9,'2023-02-27 11:50:27','2023-02-28 00:00:00',363),(221,220,1,1,1,1,1,2,17,220,1,'51',10000,'510000','0','510000','0','0','0','510000','51',9,'2023-02-27 11:50:27','2023-02-28 00:00:00',363),(222,221,1,1,1,1,1,2,17,221,1,'46',10000,'460000','0','460000','0','0','0','460000','46',9,'2023-02-27 11:50:27','2023-02-28 00:00:00',363),(223,222,1,1,1,1,1,2,17,222,1,'56',10000,'560000','0','560000','0','0','0','560000','56',9,'2023-02-27 11:50:27','2023-02-28 00:00:00',363),(224,223,1,1,1,1,1,2,17,223,1,'455',10000,'4550000','0','4550000','0','0','0','4550000','455',9,'2023-02-27 11:50:27','2023-02-28 00:00:00',363),(225,224,1,1,1,1,1,2,17,224,1,'465',10000,'4650000','0','4650000','0','0','0','4650000','465',9,'2023-02-27 11:50:27','2023-02-28 00:00:00',363),(226,225,1,1,1,1,1,2,17,225,1,'26',10000,'260000','0','260000','0','0','0','260000','26',9,'2023-02-27 11:50:28','2023-02-28 00:00:00',363),(227,226,1,1,1,1,2,3,18,226,1,'100',10000,'1000000','0','1000000','0','0','0','1000000','4350',9,'2023-03-01 09:33:00','2023-02-28 00:00:00',363),(228,227,1,1,1,1,2,3,18,227,1,'100',10000,'1000000','0','1000000','0','0','0','1000000','400',9,'2023-03-01 09:33:00','2023-02-28 00:00:00',363),(229,228,1,1,1,1,2,3,18,228,1,'100',10000,'1000000','0','1000000','0','0','0','1000000','110',9,'2023-03-01 09:33:00','2023-02-28 00:00:00',363),(230,229,1,1,1,1,2,3,18,229,1,'100',10000,'1000000','0','1000000','0','0','0','1000000','200',9,'2023-03-01 09:33:00','2023-02-28 00:00:00',363),(231,230,1,1,1,1,2,3,18,230,1,'100',10000,'1000000','0','1000000','0','0','0','1000000','1900',9,'2023-03-01 09:33:00','2023-02-28 00:00:00',363),(232,231,1,1,1,1,2,3,18,231,1,'100',10000,'1000000','0','1000000','0','0','0','1000000','300',9,'2023-03-01 09:33:00','2023-02-28 00:00:00',363),(233,232,1,1,1,1,2,3,18,232,1,'100',10000,'1000000','0','1000000','0','0','0','1000000','100',9,'2023-03-01 09:33:00','2023-02-28 00:00:00',363),(234,233,1,1,1,1,2,3,18,233,1,'100',10000,'1000000','0','1000000','0','0','0','1000000','300',9,'2023-03-01 09:33:00','2023-02-28 00:00:00',363),(235,234,1,1,1,1,2,3,18,234,1,'100',10000,'1000000','0','1000000','0','0','0','1000000','110',9,'2023-03-01 09:33:00','2023-02-28 00:00:00',363),(236,235,1,1,1,1,2,3,18,235,1,'100',10000,'1000000','0','1000000','0','0','0','1000000','20',9,'2023-03-01 09:33:01','2023-02-28 00:00:00',363),(237,236,1,1,1,1,2,3,18,236,1,'100',10000,'1000000','0','1000000','0','0','0','1000000','120',9,'2023-03-01 09:33:01','2023-02-28 00:00:00',363),(238,237,1,1,1,1,2,3,18,237,1,'100',10000,'1000000','0','1000000','0','0','0','1000000','110',9,'2023-03-01 09:33:01','2023-02-28 00:00:00',363),(239,238,1,1,1,1,2,3,18,238,1,'100',10000,'1000000','0','1000000','0','0','0','1000000','200',9,'2023-03-01 09:33:01','2023-02-28 00:00:00',363),(240,239,1,1,1,1,2,3,18,239,1,'100',10000,'1000000','0','1000000','0','0','0','1000000','250',9,'2023-03-01 09:33:01','2023-02-28 00:00:00',363),(241,240,1,1,1,1,3,4,19,240,1,'100',10000,'1000000','0','1000000','0','0','0','1000000','110',9,'2023-03-01 09:33:01','2023-02-28 00:00:00',363),(242,241,1,1,1,1,3,4,19,241,1,'100',10000,'1000000','0','1000000','0','0','0','1000000','110',9,'2023-03-01 09:33:01','2023-02-28 00:00:00',363),(243,242,1,1,1,1,3,4,19,242,1,'100',10000,'1000000','0','1000000','0','0','0','1000000','800',9,'2023-03-01 09:33:01','2023-02-28 00:00:00',363),(244,243,1,1,1,1,3,4,19,243,1,'100',10000,'1000000','0','1000000','0','0','0','1000000','110',9,'2023-03-01 09:33:01','2023-02-28 00:00:00',363),(245,244,1,1,1,1,3,4,19,244,1,'100',10000,'1000000','0','1000000','0','0','0','1000000','1600',9,'2023-03-01 09:33:01','2023-02-28 00:00:00',363),(246,245,1,1,1,1,3,4,19,245,1,'100',10000,'1000000','0','1000000','0','0','0','1000000','110',9,'2023-03-01 09:33:01','2023-02-28 00:00:00',363),(247,246,1,1,1,1,3,4,19,246,1,'100',10000,'1000000','0','1000000','0','0','0','1000000','110',9,'2023-03-01 09:33:01','2023-02-28 00:00:00',363),(248,247,1,1,1,1,3,4,19,247,1,'100',10000,'1000000','0','1000000','0','0','0','1000000','110',9,'2023-03-01 09:33:01','2023-02-28 00:00:00',363),(249,248,1,1,1,1,3,4,19,248,1,'100',10000,'1000000','0','1000000','0','0','0','1000000','110',9,'2023-03-01 09:33:01','2023-02-28 00:00:00',363),(250,249,1,1,1,1,3,4,19,249,1,'100',10000,'1000000','0','1000000','0','0','0','1000000','110',9,'2023-03-01 09:33:02','2023-02-28 00:00:00',363),(251,250,1,1,1,1,3,4,19,250,1,'100',10000,'1000000','0','1000000','0','0','0','1000000','110',9,'2023-03-01 09:33:02','2023-02-28 00:00:00',363),(252,251,1,1,1,1,4,5,20,251,1,'100',10000,'1000000','0','1000000','0','0','0','1000000','110',9,'2023-03-01 09:33:02','2023-02-28 00:00:00',363),(253,252,1,1,1,1,4,5,20,252,1,'100',10000,'1000000','0','1000000','0','0','0','1000000','110',9,'2023-03-01 09:33:02','2023-02-28 00:00:00',363),(254,253,1,1,1,1,5,6,21,253,1,'100',10000,'1000000','0','1000000','0','0','0','1000000','110',9,'2023-03-01 09:33:02','2023-02-28 00:00:00',363),(255,254,1,1,1,1,5,6,21,254,1,'100',10000,'1000000','0','1000000','0','0','0','1000000','110',9,'2023-03-01 09:33:02','2023-02-28 00:00:00',363),(256,255,1,1,1,1,4,5,20,255,1,'2',5000,'10000','0','10000','0','0','0','10000','1',9,'2023-03-06 06:24:20','2023-02-28 00:00:00',363),(257,256,1,1,1,1,4,5,20,256,1,'2',5000,'10000','0','10000','0','0','0','10000','1',9,'2023-03-06 06:24:20','2023-02-28 00:00:00',363),(258,257,1,1,1,1,3,4,19,257,1,'2',5000,'10000','0','10000','0','0','0','10000','1',9,'2023-03-06 06:24:20','2023-02-28 00:00:00',363),(259,258,1,1,1,1,3,4,19,258,1,'2',5000,'10000','0','10000','0','0','0','10000','1',9,'2023-03-06 06:24:20','2023-02-28 00:00:00',363),(260,259,1,1,1,1,3,4,19,259,1,'2',5000,'10000','0','10000','0','0','0','10000','1',9,'2023-03-06 06:24:20','2023-02-28 00:00:00',363),(261,260,1,1,1,1,3,4,19,260,1,'2',5000,'10000','0','10000','0','0','0','10000','1',9,'2023-03-06 06:24:20','2023-02-28 00:00:00',363),(262,261,1,1,1,1,2,3,18,261,1,'2',5000,'10000','0','10000','0','0','0','10000','1',9,'2023-03-06 06:24:20','2023-02-28 00:00:00',363),(263,262,1,1,1,1,2,3,18,262,1,'2',5000,'10000','0','10000','0','0','0','10000','1',9,'2023-03-06 06:24:20','2023-02-28 00:00:00',363),(264,263,1,1,1,1,2,3,18,263,1,'2',5000,'10000','0','10000','0','0','0','10000','1',9,'2023-03-06 06:24:20','2023-02-28 00:00:00',363),(265,264,1,1,1,1,2,3,18,264,1,'2',5000,'10000','0','10000','0','0','0','10000','1',9,'2023-03-06 06:24:20','2023-02-28 00:00:00',363),(266,265,1,1,1,1,5,6,21,265,1,'2',5000,'10000','0','10000','0','0','0','10000','1',9,'2023-03-06 06:24:21','2023-02-28 00:00:00',363),(267,266,1,1,1,1,5,6,21,266,1,'2',5000,'10000','0','10000','0','0','0','10000','1',9,'2023-03-06 06:24:21','2023-02-28 00:00:00',363),(268,267,1,1,1,1,1,1,16,267,1,'2',5000,'10000','0','10000','0','0','0','10000','1',9,'2023-03-06 06:24:21','2023-02-28 00:00:00',363),(269,268,1,1,1,1,1,1,16,268,1,'2',5000,'10000','0','10000','0','0','0','10000','1',9,'2023-03-06 06:24:21','2023-02-28 00:00:00',363),(270,269,1,1,1,1,1,1,16,269,1,'2',5000,'10000','0','10000','0','0','0','10000','1',9,'2023-03-06 06:24:21','2023-02-28 00:00:00',363),(271,270,1,1,1,1,1,1,16,270,1,'2',5000,'10000','0','10000','0','0','0','10000','1',9,'2023-03-06 06:24:21','2023-02-28 00:00:00',363),(272,271,1,1,1,1,1,2,17,271,1,'2',5000,'10000','0','10000','0','0','0','10000','1',9,'2023-03-06 06:24:21','2023-02-28 00:00:00',363),(273,272,1,1,1,1,1,2,17,272,1,'2',5000,'10000','0','10000','0','0','0','10000','1',9,'2023-03-06 06:24:21','2023-02-28 00:00:00',363),(274,273,1,1,1,1,1,2,17,273,1,'2',5000,'10000','0','10000','0','0','0','10000','1',9,'2023-03-06 06:24:21','2023-02-28 00:00:00',363),(275,274,1,1,1,1,1,2,17,274,1,'2',5000,'10000','0','10000','0','0','0','10000','1',9,'2023-03-06 06:24:21','2023-02-28 00:00:00',363),(276,275,1,1,1,1,5,6,21,275,1,'2',100,'200','0','200','0','0','0','200','1',8,'2023-03-09 08:27:23','2023-02-28 00:00:00',363),(277,276,1,1,1,1,5,6,21,276,1,'2',100,'200','0','200','0','0','0','200','1',8,'2023-03-09 08:27:24','2023-02-28 00:00:00',363),(278,277,1,1,1,1,4,5,20,277,1,'2',100,'200','0','200','0','0','0','200','1',8,'2023-03-09 08:27:24','2023-02-28 00:00:00',363),(279,278,1,1,1,1,4,5,20,278,1,'2',100,'200','0','200','0','0','0','200','1',8,'2023-03-09 08:27:24','2023-02-28 00:00:00',363),(280,279,1,1,1,1,4,5,20,279,1,'2',100,'200','0','200','0','0','0','200','1',8,'2023-03-09 08:27:24','2023-02-28 00:00:00',363),(281,280,1,1,1,1,3,4,19,280,1,'2',100,'200','0','200','0','0','0','200','1',8,'2023-03-09 08:27:24','2023-02-28 00:00:00',363),(282,281,1,1,1,1,3,4,19,281,1,'2',100,'200','0','200','0','0','0','200','1',8,'2023-03-09 08:27:24','2023-02-28 00:00:00',363),(283,282,1,1,1,1,3,4,19,282,1,'2',100,'200','0','200','0','0','0','200','1',8,'2023-03-09 08:27:24','2023-02-28 00:00:00',363),(284,283,1,1,1,1,3,4,19,283,1,'2',100,'200','0','200','0','0','0','200','1',8,'2023-03-09 08:27:24','2023-02-28 00:00:00',363),(285,284,1,1,1,1,3,4,19,284,1,'2',100,'200','0','200','0','0','0','200','1',8,'2023-03-09 08:27:24','2023-02-28 00:00:00',363),(286,285,1,1,1,1,2,3,18,285,1,'2',100,'200','0','200','0','0','0','200','1',8,'2023-03-09 08:27:24','2023-02-28 00:00:00',363),(287,286,1,1,1,1,2,3,18,286,1,'2',100,'200','0','200','0','0','0','200','1',8,'2023-03-09 08:27:24','2023-02-28 00:00:00',363),(288,287,1,1,1,1,2,3,18,287,1,'2',100,'200','0','200','0','0','0','200','1',8,'2023-03-09 08:27:24','2023-02-28 00:00:00',363),(289,288,1,1,1,1,2,3,18,288,1,'2',100,'200','0','200','0','0','0','200','1',8,'2023-03-09 08:27:24','2023-02-28 00:00:00',363),(290,289,1,1,1,1,2,3,18,289,1,'2',100,'200','0','200','0','0','0','200','1',8,'2023-03-09 08:27:25','2023-02-28 00:00:00',363),(291,290,1,1,1,1,1,2,17,290,1,'2',100,'200','0','200','0','0','0','200','1',8,'2023-03-09 08:27:25','2023-02-28 00:00:00',363),(292,291,1,1,1,1,1,2,17,291,1,'2',100,'200','0','200','0','0','0','200','1',8,'2023-03-09 08:27:25','2023-02-28 00:00:00',363),(293,292,1,1,1,1,1,2,17,292,1,'2',100,'200','0','200','0','0','0','200','1',8,'2023-03-09 08:27:25','2023-02-28 00:00:00',363),(294,293,1,1,1,1,1,2,17,293,1,'2',100,'200','0','200','0','0','0','200','1',8,'2023-03-09 08:27:25','2023-02-28 00:00:00',363),(295,294,1,1,1,1,1,2,17,294,1,'2',100,'200','0','200','0','0','0','200','1',8,'2023-03-09 08:27:25','2023-02-28 00:00:00',363),(296,295,1,1,1,1,1,1,16,295,1,'2',100,'200','0','200','0','0','0','200','1',8,'2023-03-09 08:27:25','2023-02-28 00:00:00',363),(297,296,1,1,1,1,1,1,16,296,1,'2',100,'200','0','200','0','0','0','200','1',8,'2023-03-09 08:27:25','2023-02-28 00:00:00',363),(298,297,1,1,1,1,1,1,16,297,1,'2',100,'200','0','200','0','0','0','200','1',8,'2023-03-09 08:27:25','2023-02-28 00:00:00',363),(299,298,1,1,1,1,1,1,16,298,1,'2',100,'200','0','200','0','0','0','200','1',8,'2023-03-09 08:27:26','2023-02-28 00:00:00',363),(300,299,1,1,1,1,1,1,16,299,1,'2',100,'200','0','200','0','0','0','200','1',8,'2023-03-09 08:27:26','2023-02-28 00:00:00',363),(301,300,1,1,1,1,3,4,19,300,1,'2100',10000,'21000000','0','21000000','0','0','0','21000000','2100',8,'2023-03-14 11:45:00','2023-02-28 00:00:00',363),(302,301,1,1,1,1,3,4,19,301,1,'1900',10000,'19000000','0','19000000','0','0','0','19000000','1900',8,'2023-03-14 11:45:00','2023-02-28 00:00:00',363),(303,302,1,1,1,1,3,4,19,302,1,'800',10000,'8000000','0','8000000','0','0','0','8000000','800',8,'2023-03-14 11:45:00','2023-02-28 00:00:00',363),(304,303,1,1,1,1,3,4,19,303,1,'1600',10000,'16000000','0','16000000','0','0','0','16000000','1600',8,'2023-03-14 11:45:00','2023-02-28 00:00:00',363),(305,304,1,1,1,1,3,4,19,304,1,'300',10000,'3000000','0','3000000','0','0','0','3000000','300',8,'2023-03-14 11:45:00','2023-02-28 00:00:00',363),(306,305,1,1,1,1,3,4,19,305,1,'200',10000,'2000000','0','2000000','0','0','0','2000000','200',8,'2023-03-14 11:45:00','2023-02-28 00:00:00',363),(307,306,1,1,1,1,3,4,19,306,1,'400',10000,'4000000','0','4000000','0','0','0','4000000','400',8,'2023-03-14 11:45:00','2023-02-28 00:00:00',363),(308,307,1,1,1,1,3,4,19,307,1,'2500',10000,'25000000','0','25000000','0','0','0','25000000','2500',8,'2023-03-14 11:45:00','2023-02-28 00:00:00',363),(309,228,1,1,1,1,2,3,18,228,1,'600',10000,'6000000','0','6000000','0','0','0','6000000','600',8,'2023-03-14 11:45:00','2023-02-28 00:00:00',363),(310,234,1,1,1,1,2,3,18,234,1,'20',10000,'200000','0','200000','0','0','0','200000','20',8,'2023-03-14 11:45:00','2023-02-28 00:00:00',363),(311,308,1,1,1,1,2,3,18,308,1,'200',10000,'2000000','0','2000000','0','0','0','2000000','200',8,'2023-03-14 11:45:00','2023-02-28 00:00:00',363),(312,309,1,1,1,1,2,3,18,309,1,'700',10000,'7000000','0','7000000','0','0','0','7000000','700',8,'2023-03-14 11:45:01','2023-02-28 00:00:00',363),(313,310,1,1,1,1,2,3,18,310,1,'8500',10000,'85000000','0','85000000','0','0','0','85000000','8500',8,'2023-03-14 11:45:01','2023-02-28 00:00:00',363),(314,311,1,1,1,1,1,1,9,311,1,'0',1000,'0','','','','','','10000','0',3,'2023-03-15 07:47:54','1970-01-01 00:00:00',363),(315,312,1,1,1,1,1,1,13,312,1,'455',1000,'455000','','','','','','455000','455',3,'2023-03-15 11:14:50','2023-03-01 00:00:00',363),(316,313,1,1,1,1,1,1,13,313,1,'455',1000,'455000','','','','','','455000','455',3,'2023-03-15 11:15:35','2023-03-01 00:00:00',363);

--
